{"id":9837,"date":"2025-08-21T09:53:11","date_gmt":"2025-08-21T12:53:11","guid":{"rendered":"https:\/\/www2.uepg.br\/prograd\/?page_id=9837"},"modified":"2026-04-17T15:45:30","modified_gmt":"2026-04-17T18:45:30","slug":"aprovaparanauniversidades","status":"publish","type":"page","link":"https:\/\/www2.uepg.br\/prograd\/aprovaparanauniversidades\/","title":{"rendered":"Aprova Paran\u00e1 Universidades"},"content":{"rendered":"<p>&nbsp;<\/p>\n<p style=\"text-align: center\">\ud83d\udce2 <strong data-start=\"3\" data-end=\"31\">Aten\u00e7\u00e3o, candidatos(as)!<\/strong><\/p>\n<p style=\"text-align: center\" data-start=\"33\" data-end=\"118\">Informamos o encerramento das chamadas para matr\u00edcula de calouros(as) 2026 da UEPG \ud83c\udf93<\/p>\n<p style=\"text-align: center\" data-start=\"120\" data-end=\"210\">\ud83d\udcc4 O documento abaixo oficializa o t\u00e9rmino das convoca\u00e7\u00f5es para ingresso neste ano letivo.<\/p>\n<p style=\"text-align: center\"><strong><a href=\"http:\/\/www2.uepg.br\/prograd\/wp-content\/uploads\/sites\/19\/2026\/04\/Edital-de-Encerramento-Matricula-Calourosas-2026.pdf\" target=\"_blank\" rel=\"noopener\">EDITAL DE ENCERRAMENTO MATR\u00cdCULA CALOUROS(AS) 2026<\/a><\/strong><\/p>\n<p style=\"text-align: center\">&#8212;&#8212;&#8212;&#8212;&#8212;&#8212;&#8212;&#8212;&#8212;&#8212;&#8212;&#8212;&#8212;&#8212;&#8212;&#8212;&#8212;&#8212;&#8212;&#8212;-<\/p>\n<p style=\"text-align: center\">(Prazo encerrado para envio da documenta\u00e7\u00e3o)<\/p>\n<p style=\"text-align: center\">&#8212;&#8212;&#8212;&#8212;&#8212;&#8212;&#8212;&#8212;&#8212;&#8212;&#8212;&#8212;&#8212;&#8212;&#8212;&#8212;&#8212;&#8212;&#8212;&#8212;-<\/p>\n<p style=\"text-align: center\"><strong>\u00a0<a href=\"https:\/\/cadmo.apps.uepg.br\/\" target=\"_blank\" rel=\"noopener\">\u00c0REA P\u00daBLICA CLIQUE AQUI\u00a0<\/a><\/strong><\/p>\n<p style=\"text-align: center\" data-start=\"130\" data-end=\"369\">Para aqueles(as) que possuem o status de <strong data-start=\"160\" data-end=\"178\">Matriculado(a)<\/strong>, independentemente de qual Processo Seletivo (PSS, Vestibular ou Aprova Paran\u00e1 Universidades), devem acessar o sistema acad\u00eamico para consultar as informa\u00e7\u00f5es referentes ao seu ingresso.<\/p>\n<p style=\"text-align: center\" data-start=\"371\" data-end=\"495\">Para verificar <strong data-start=\"386\" data-end=\"461\">local de aula (ensalamento), documentos afetos a sua matr\u00edcula e demais informa\u00e7\u00f5es acad\u00eamicas<\/strong>, acesse o sistema no link abaixo:<\/p>\n<p style=\"text-align: center\" data-start=\"497\" data-end=\"525\"><a class=\"decorated-link\" href=\"https:\/\/kairos.apps.uepg.br\/\" target=\"_new\" rel=\"noopener\" data-start=\"497\" data-end=\"525\">https:\/\/kairos.apps.uepg.br\/<\/a><\/p>\n<p style=\"text-align: center\" data-start=\"527\" data-end=\"640\">No acesso ao sistema, utilize <strong data-start=\"557\" data-end=\"639\">seu login e a senha gerada no momento do envio dos documentos.<\/strong><\/p>\n<p style=\"text-align: center\">&#8212;&#8212;&#8212;&#8212;&#8212;&#8212;&#8212;&#8212;&#8212;&#8212;&#8212;&#8212;&#8212;&#8212;&#8212;&#8212;&#8212;&#8212;&#8212;&#8212;-<\/p>\n<p style=\"text-align: center\"><strong>ATEN\u00c7\u00c3O !!!<\/strong><\/p>\n<p style=\"text-align: center\">Candidatos(as) que, al\u00e9m do Aprova Paran\u00e1 Universidades, tamb\u00e9m possuem classifica\u00e7\u00e3o nos processos seletivos PSS e\/ou Vestibular, dever\u00e3o, realizar a leitura atenta do <strong>\u00a0<a href=\"http:\/\/www2.uepg.br\/prograd\/wp-content\/uploads\/sites\/19\/2026\/02\/Informativo-Varias-calassificacoes-1.pdf\" target=\"_blank\" rel=\"noopener\">Informativo<\/a><\/strong><\/p>\n<p style=\"text-align: center\" data-start=\"208\" data-end=\"445\"><strong>Candidatos(as) classificados(as) para o Curso de Licenciatura em M\u00fasica, em primeira chamada e em lista de espera, dever\u00e3o realizar o THE\u00a0<\/strong><\/p>\n<p class=\"Texto_Justificado\" style=\"text-align: center\"><strong><a href=\"http:\/\/www2.uepg.br\/prograd\/wp-content\/uploads\/sites\/19\/2026\/02\/THE-Mu\u0301sica-Aprova-PR-Edital-Resultado-Final.pdf\" target=\"_blank\" rel=\"noopener\">THE M\u00daSICA &#8211; APROVA PR &#8211; EDITAL RESULTADO FINAL<\/a>\u00a0<\/strong><\/p>\n<p class=\"Texto_Justificado\" style=\"text-align: center\"><strong><a href=\"https:\/\/www2.uepg.br\/prograd\/wp-content\/uploads\/sites\/19\/2026\/02\/Convocacao-para-osas-classificadosas-para-o-curso-de-Licenciatura-em-Musica.pdf\" target=\"_blank\" rel=\"noopener\">EDITAL COLLICMUS &#8211; N\u00ba 2026.127\u00a0<\/a><\/strong><\/p>\n<p style=\"text-align: center\" data-start=\"208\" data-end=\"445\"><b>&#8212;&#8212;&#8212;&#8212;&#8212;&#8212;&#8212;&#8212;&#8212;&#8212;&#8212;&#8212;&#8212;&#8212;&#8212;&#8212;&#8212;&#8212;&#8212;&#8212;-<\/b><\/p>\n<p style=\"text-align: center\"><strong><a href=\"http:\/\/www2.uepg.br\/prograd\/wp-content\/uploads\/sites\/19\/2026\/02\/Manual-de-Matricula-Parte-II-Aprova-PR-2026.pdf\">Manual de Matricula Parte II\u00a0<\/a><\/strong><\/p>\n<p style=\"text-align: center\"><b>(LEITURA OBRIGAT\u00d3RIA)<\/b><\/p>\n<p style=\"text-align: center\"><b>&#8212;&#8212;&#8212;&#8212;&#8212;&#8212;&#8212;&#8212;&#8212;&#8212;&#8212;&#8212;&#8212;&#8212;&#8212;&#8212;&#8212;&#8212;&#8212;&#8212;-<\/b><\/p>\n<p style=\"text-align: center\"><b>Aqueles(as) que, porventura, n\u00e3o tenham recebido da Institui\u00e7\u00e3o de Ensino o Hist\u00f3rico Escolar em tempo h\u00e1bil, poder\u00e3o solicitar diretamente ao Col\u00e9gio a emiss\u00e3o de Certid\u00e3o e\/ou Declara\u00e7\u00e3o que comprove, de forma detalhada, as s\u00e9ries cursadas nos respectivos n\u00edveis de ensino, conforme os modelos disponibilizados nos Anexos. Ressalta-se que tais documentos devem conter todas as informa\u00e7\u00f5es exigidas.<\/b><\/p>\n<p style=\"text-align: center\"><a href=\"http:\/\/www2.uepg.br\/prograd\/wp-content\/uploads\/sites\/19\/2026\/01\/Anexo-I-Certidao-do-Ensino-Fundamental-II.pdf\"><b>Anexo I &#8211; Certid\u00e3o do Ensino Fundamental<\/b><\/a><\/p>\n<p style=\"text-align: center\"><a href=\"http:\/\/www2.uepg.br\/prograd\/wp-content\/uploads\/sites\/19\/2026\/01\/Anexo-II-Certidao-do-Ensino-Medio-Regular.pdf\"><b>Anexo II &#8211; Certid\u00e3o do Ensino M\u00e9dio Regular<\/b><\/a><\/p>\n<p style=\"text-align: center\"><a href=\"http:\/\/www2.uepg.br\/prograd\/wp-content\/uploads\/sites\/19\/2026\/01\/Anexo-III-Certidao-do-Ensino-Medio-Tecnico.pdf\"><b>Anexo III &#8211; Certid\u00e3o do Ensino M\u00e9dio T\u00e9cnico<\/b><\/a><\/p>\n<p style=\"text-align: center\"><b>&#8212;&#8212;&#8212;&#8212;&#8212;&#8212;&#8212;&#8212;&#8212;&#8212;&#8212;&#8212;&#8212;&#8212;&#8212;&#8212;&#8212;&#8212;&#8212;&#8212;-<\/b><\/p>\n<p style=\"text-align: center\"><b>\u00a0Essa <\/b><a href=\"https:\/\/www.ilovepdf.com\/pt\"><b>FERRAMENTA <\/b><b><i>on-line<\/i><\/b><b> de uso geral<\/b><\/a><b>, pode auxiliar na digitaliza\u00e7\u00e3o e organiza\u00e7\u00e3o de arquivos.<\/b><\/p>\n<p style=\"text-align: center\"><b>&#8212;&#8212;&#8212;&#8212;&#8212;&#8212;&#8212;&#8212;&#8212;&#8212;&#8212;&#8212;&#8212;&#8212;&#8212;&#8212;&#8212;&#8212;&#8212;&#8212;-<\/b><\/p>\n<p style=\"text-align: center\"><b>Tais Procedimentos referem-se a classifica\u00e7\u00e3o no seguinte Processos Seletivo<\/b><\/p>\n<p style=\"text-align: center\"><a href=\"https:\/\/aprova.pr.gov.br\/\"><b>Aprova Paran\u00e1 Universidades<\/b><\/a><\/p>\n<p style=\"text-align: center\"><a href=\"https:\/\/www2.uepg.br\/prograd\/wp-content\/uploads\/sites\/19\/2026\/02\/Resultado-Aprova-Parana-Universidades-para-ingresso-em-2026-UEPG.pdf\"><b>Resultado Aprova Paran\u00e1 Universidades UEPG\u00a0<\/b><\/a><\/p>\n<p style=\"text-align: center\"><strong><a href=\"https:\/\/www.youtube.com\/watch?v=86Uz4ZQOTWo\" target=\"_blank\" rel=\"noopener\">Live do Resultado Aprova Paran\u00e1 Universidades para ingresso em 2026 UEPG\u00a0<\/a><\/strong><\/p>\n<p style=\"text-align: center\"><b>&#8212;&#8212;&#8212;&#8212;&#8212;&#8212;&#8212;&#8212;&#8212;&#8212;&#8212;&#8212;&#8212;&#8212;&#8212;&#8212;&#8212;&#8212;&#8212;&#8212;<\/b><\/p>\n","protected":false},"excerpt":{"rendered":"<p>&nbsp; \ud83d\udce2 Aten\u00e7\u00e3o, candidatos(as)! Informamos o encerramento das chamadas para matr\u00edcula de calouros(as) 2026 da UEPG \ud83c\udf93 \ud83d\udcc4 O documento abaixo oficializa o t\u00e9rmino das convoca\u00e7\u00f5es para ingresso neste ano letivo. EDITAL DE ENCERRAMENTO MATR\u00cdCULA CALOUROS(AS) 2026 &#8212;&#8212;&#8212;&#8212;&#8212;&#8212;&#8212;&#8212;&#8212;&#8212;&#8212;&#8212;&#8212;&#8212;&#8212;&#8212;&#8212;&#8212;&#8212;&#8212;- (Prazo encerrado para envio da documenta\u00e7\u00e3o) &#8212;&#8212;&#8212;&#8212;&#8212;&#8212;&#8212;&#8212;&#8212;&#8212;&#8212;&#8212;&#8212;&#8212;&#8212;&#8212;&#8212;&#8212;&#8212;&#8212;- \u00a0\u00c0REA P\u00daBLICA CLIQUE AQUI\u00a0 Para aqueles(as) que possuem o status&nbsp;&hellip;<\/p>\n","protected":false},"author":131,"featured_media":0,"parent":0,"menu_order":0,"comment_status":"closed","ping_status":"closed","template":"","meta":[],"_links":{"self":[{"href":"https:\/\/www2.uepg.br\/prograd\/wp-json\/wp\/v2\/pages\/9837"}],"collection":[{"href":"https:\/\/www2.uepg.br\/prograd\/wp-json\/wp\/v2\/pages"}],"about":[{"href":"https:\/\/www2.uepg.br\/prograd\/wp-json\/wp\/v2\/types\/page"}],"author":[{"embeddable":true,"href":"https:\/\/www2.uepg.br\/prograd\/wp-json\/wp\/v2\/users\/131"}],"replies":[{"embeddable":true,"href":"https:\/\/www2.uepg.br\/prograd\/wp-json\/wp\/v2\/comments?post=9837"}],"version-history":[{"count":63,"href":"https:\/\/www2.uepg.br\/prograd\/wp-json\/wp\/v2\/pages\/9837\/revisions"}],"predecessor-version":[{"id":10594,"href":"https:\/\/www2.uepg.br\/prograd\/wp-json\/wp\/v2\/pages\/9837\/revisions\/10594"}],"wp:attachment":[{"href":"https:\/\/www2.uepg.br\/prograd\/wp-json\/wp\/v2\/media?parent=9837"}],"curies":[{"name":"wp","href":"https:\/\/api.w.org\/{rel}","templated":true}]}}