{"id":17,"date":"2019-08-12T16:30:32","date_gmt":"2019-08-12T19:30:32","guid":{"rendered":"http:\/\/www2.uepg.br\/programa-des\/?page_id=17"},"modified":"2019-08-19T10:36:34","modified_gmt":"2019-08-19T13:36:34","slug":"projetos","status":"publish","type":"page","link":"https:\/\/www2.uepg.br\/programa-des\/projetos\/","title":{"rendered":"Projetos"},"content":{"rendered":"<h3 style=\"text-align: center\">Apresenta\u00e7\u00e3o do Programa<\/h3>\n<p>[embedyt] https:\/\/www.youtube.com\/watch?v=bqdfAcq0VJw[\/embedyt]<\/p>\n<hr \/>\n<p>[embedyt] https:\/\/www.youtube.com\/watch?v=c3lqaPRmN2w[\/embedyt]<\/p>\n<h3 style=\"text-align: center\">Projeto de Forma\u00e7\u00e3o para o Professor Iniciante na UEPG<\/h3>\n<p style=\"text-align: center\">Ser\u00e3o previstas a\u00e7\u00f5es conjuntas com as Pr\u00f3-Reitorias e demais \u00f3rg\u00e3os da UEPG objetivando propor oficinas, palestras, assessorias, minicursos, para que o professor iniciante possa ter um amplo conhecimento da estrutura e organiza\u00e7\u00e3o da institui\u00e7\u00e3o em que atuar\u00e1 como Professor. Ser\u00e3o organizadas a\u00e7\u00f5es de natureza pedag\u00f3gica, no que respeita \u00e0 mobiliza\u00e7\u00e3o sobre os saberes da doc\u00eancia, bem como os conhecimentos considerados fundamentais para a inser\u00e7\u00e3o na pr\u00e1tica pedag\u00f3gica universit\u00e1ria. Considera-se, neste Projeto, o professor iniciante como o docente desde o momento de sua contrata\u00e7\u00e3o \u2013 como colaborador ou efetivo, at\u00e9 o per\u00edodo de cinco anos.<\/p>\n<p>[embedyt] https:\/\/www.youtube.com\/watch?v=EzosIBonwPo[\/embedyt]<\/p>\n<p>&nbsp;<\/p>\n<h3 style=\"text-align: center\">Projeto de Forma\u00e7\u00e3o Continuada para a Doc\u00eancia Universit\u00e1ria<\/h3>\n<p style=\"text-align: center\">As a\u00e7\u00f5es ser\u00e3o direcionadas para promover iniciativas de acordo com as necessidades formativas do corpo docente da Universidade, a partir de levantamento feito nos diferentes setores de conhecimento. As tem\u00e1ticas aqui empreendidas voltar-se-\u00e3o para o campo da Pedagogia e da Did\u00e1tica Universit\u00e1ria, em especial com estudos sobre os processos de ensino e aprendizagem no magist\u00e9rio superior, bem como o desenvolvimento de pr\u00e1ticas pedag\u00f3gicas inovadoras, presenciais e em ambientes virtuais. Tamb\u00e9m prev\u00ea-se a realiza\u00e7\u00e3o e oferta de c\u00edrculos de estudos, semin\u00e1rios, oficinas, minicursos, palestras, assessorias e demais modalidades que se apresentar\u00e3o no decorrer do projeto. As a\u00e7\u00f5es aqui tem um car\u00e1ter cont\u00ednuo, percorrendo o ano universit\u00e1rio em diferentes momentos.<\/p>\n<p>[embedyt] https:\/\/www.youtube.com\/watch?v=bZwQWkO6igQ[\/embedyt]<\/p>\n","protected":false},"excerpt":{"rendered":"<p>Apresenta\u00e7\u00e3o do Programa [embedyt] https:\/\/www.youtube.com\/watch?v=bqdfAcq0VJw[\/embedyt] [embedyt] https:\/\/www.youtube.com\/watch?v=c3lqaPRmN2w[\/embedyt] Projeto de Forma\u00e7\u00e3o para o Professor Iniciante na UEPG Ser\u00e3o previstas a\u00e7\u00f5es conjuntas com as Pr\u00f3-Reitorias e demais \u00f3rg\u00e3os da UEPG objetivando propor oficinas, palestras, assessorias, minicursos, para que o professor iniciante possa ter um amplo conhecimento da estrutura e organiza\u00e7\u00e3o da institui\u00e7\u00e3o em que atuar\u00e1 como Professor.&nbsp;&hellip;<\/p>\n","protected":false},"author":24,"featured_media":0,"parent":0,"menu_order":0,"comment_status":"closed","ping_status":"closed","template":"","meta":[],"_links":{"self":[{"href":"https:\/\/www2.uepg.br\/programa-des\/wp-json\/wp\/v2\/pages\/17"}],"collection":[{"href":"https:\/\/www2.uepg.br\/programa-des\/wp-json\/wp\/v2\/pages"}],"about":[{"href":"https:\/\/www2.uepg.br\/programa-des\/wp-json\/wp\/v2\/types\/page"}],"author":[{"embeddable":true,"href":"https:\/\/www2.uepg.br\/programa-des\/wp-json\/wp\/v2\/users\/24"}],"replies":[{"embeddable":true,"href":"https:\/\/www2.uepg.br\/programa-des\/wp-json\/wp\/v2\/comments?post=17"}],"version-history":[{"count":43,"href":"https:\/\/www2.uepg.br\/programa-des\/wp-json\/wp\/v2\/pages\/17\/revisions"}],"predecessor-version":[{"id":154,"href":"https:\/\/www2.uepg.br\/programa-des\/wp-json\/wp\/v2\/pages\/17\/revisions\/154"}],"wp:attachment":[{"href":"https:\/\/www2.uepg.br\/programa-des\/wp-json\/wp\/v2\/media?parent=17"}],"curies":[{"name":"wp","href":"https:\/\/api.w.org\/{rel}","templated":true}]}}