{"id":51,"date":"2019-08-13T10:10:37","date_gmt":"2019-08-13T13:10:37","guid":{"rendered":"http:\/\/www2.uepg.br\/programa-des\/?page_id=51"},"modified":"2020-02-19T15:48:07","modified_gmt":"2020-02-19T18:48:07","slug":"equipe","status":"publish","type":"page","link":"https:\/\/www2.uepg.br\/programa-des\/equipe\/","title":{"rendered":"Equipe"},"content":{"rendered":"<h4 style=\"text-align: center\">Conhe\u00e7a a equipe gestora de coordenadores do Programa DES<\/h4>\n<blockquote>\n<p style=\"text-align: left\">Uma equipe interdisciplinar foi organizada para o planejamento e desenvolvimento das a\u00e7\u00f5es do Programa DES.<\/p>\n<\/blockquote>\n<p><strong>Professora Dra.\u00a0 Graciete Tozetto G\u00f3es<\/strong><br \/>\nCoordenadora Geral do Programa DES<br \/>\nPedagoga (UEPG), Mestre em Educa\u00e7\u00e3o (UFPR) e Doutora em Educa\u00e7\u00e3o (UEPG\/PR). Professora do Departamento de Pedagogia da UEPG.<\/p>\n<p><strong>Professora Dra. Deise R. S. Sim\u00f5es<\/strong><br \/>\nCoordenadora do Projeto de Forma\u00e7\u00e3o Continuada para a Doc\u00eancia Universit\u00e1ria do Programa DES<br \/>\nEngenheira de Alimentos (FURG), Mestre em Engenharia e Ci\u00eancia de Alimentos (FURG) e Doutora em Tecnologia de Alimentos (UFPR). Atualmente \u00e9 Professora e Chefe Adjunta do Departamento de Engenharia de Alimentos (UEPG).<\/p>\n<p><strong>Profa Dra.Ma\u00edza Taques Margraf Althaus<\/strong><br \/>\nPedagoga, Mestre em Educa\u00e7\u00e3o (UEPG) e Doutora em Educa\u00e7\u00e3o (PUC\/Pr). Professora do Departamento de Pedagogia da UEPG.<\/p>\n<p><strong>Professor Dr. Moacir \u00c1vila de Matos Junior<\/strong><\/p>\n<div>Licenciatura Plena em Educa\u00e7\u00e3o F\u00edsica (1989) &#8211; UEPG<\/div>\n<div>Mestrado em Educa\u00e7\u00e3o \u00e1rea de concentra\u00e7\u00e3o: Metodologia de Ensino (2000) &#8211; UNICENTRO<\/div>\n<div>Doutorando do Programa de P\u00f3s-Gradua\u00e7\u00e3o em Ensino de Ci\u00eancias e Tecnologia &#8211; UTFPR<\/div>\n<div>Professor do Departamento de Educa\u00e7\u00e3o F\u00edsica &#8211; DEDUFIS<\/div>\n<div>Representante Programa DES do Setor de Ci\u00eancias Biol\u00f3gicas e da Sa\u00fade<\/div>\n<p><strong>Professor Dr. Eduardo Baulm Campagnoli<\/strong><\/p>\n<p>&nbsp;<\/p>\n<p><strong>Professora Dra. Luiza B. Krainski<\/strong><br \/>\nGraduada em Servi\u00e7o Social (UEPG). Mestre em Educa\u00e7\u00e3o (UEPG) e Doutora em Educa\u00e7\u00e3o (PUC\/SP). Professora da Universidade Estadual de Ponta Grossa, lotada no Departamento de Servi\u00e7o Social.<\/p>\n<p><strong>Professora Dra. Renata Dinnies Santos Salem<\/strong><br \/>\nLicenciada em Qu\u00edmica (UEPG) e Engenheira de Alimentos (UEPG). Mestre e Doutora em Ci\u00eancias de Alimentos (UEL). Professora no Depto. de Engenharia de Alimentos da UEPG.<\/p>\n<p><strong>Professora Dra. Christiane Philippini Ferreira Borges <\/strong><\/p>\n<p>Coordenadora do Projeto de Forma\u00e7\u00e3o para o Professor Iniciante do Programa DES<br \/>\nBacharel em Qu\u00edmica (UFPE). Mestre em Ci\u00eancias (UFPE) e Doutora em Qu\u00edmica (USP). Professora no Depto. de Qu\u00edmica e do Programa de P\u00f3s Gradua\u00e7\u00e3o em Qu\u00edmica Aplicada da Universidade de Estadual de Ponta Grossa.<\/p>\n<p><strong>Professora Dra. Elisabeth M\u00f4nica Hasse Becker Neiverth<\/strong><\/p>\n<p>Doutorado e Mestrado em Ci\u00eancias Sociais Aplicadas (UEPG), Bacharel em Direito (UEPG), professora no Curso de Direito, Setor de Ci\u00eancias Jur\u00eddicas (SECIJUR), lotada no Departamento de Direito das Rela\u00e7\u00f5es Sociais (DEDIRS).<\/p>\n<p><strong>Professora Ms. Viviane Aparecida Bagio<\/strong><\/p>\n<p>Bacharelado e Licenciatura em Matem\u00e1tica (UFPR), Licenciatura em Pedagogia (Uninter), Mestrado em Educa\u00e7\u00e3o em Ci\u00eancias e em Matem\u00e1tica (UFPR), em processo de Doutoramento em Educa\u00e7\u00e3o (UEPG) &#8211; Departamento de Pedagogia.<\/p>\n","protected":false},"excerpt":{"rendered":"<p>Conhe\u00e7a a equipe gestora de coordenadores do Programa DES Uma equipe interdisciplinar foi organizada para o planejamento e desenvolvimento das a\u00e7\u00f5es do Programa DES. Professora Dra.\u00a0 Graciete Tozetto G\u00f3es Coordenadora Geral do Programa DES Pedagoga (UEPG), Mestre em Educa\u00e7\u00e3o (UFPR) e Doutora em Educa\u00e7\u00e3o (UEPG\/PR). Professora do Departamento de Pedagogia da UEPG. Professora Dra. Deise&nbsp;&hellip;<\/p>\n","protected":false},"author":24,"featured_media":0,"parent":0,"menu_order":0,"comment_status":"closed","ping_status":"closed","template":"","meta":[],"_links":{"self":[{"href":"https:\/\/www2.uepg.br\/programa-des\/wp-json\/wp\/v2\/pages\/51"}],"collection":[{"href":"https:\/\/www2.uepg.br\/programa-des\/wp-json\/wp\/v2\/pages"}],"about":[{"href":"https:\/\/www2.uepg.br\/programa-des\/wp-json\/wp\/v2\/types\/page"}],"author":[{"embeddable":true,"href":"https:\/\/www2.uepg.br\/programa-des\/wp-json\/wp\/v2\/users\/24"}],"replies":[{"embeddable":true,"href":"https:\/\/www2.uepg.br\/programa-des\/wp-json\/wp\/v2\/comments?post=51"}],"version-history":[{"count":18,"href":"https:\/\/www2.uepg.br\/programa-des\/wp-json\/wp\/v2\/pages\/51\/revisions"}],"predecessor-version":[{"id":232,"href":"https:\/\/www2.uepg.br\/programa-des\/wp-json\/wp\/v2\/pages\/51\/revisions\/232"}],"wp:attachment":[{"href":"https:\/\/www2.uepg.br\/programa-des\/wp-json\/wp\/v2\/media?parent=51"}],"curies":[{"name":"wp","href":"https:\/\/api.w.org\/{rel}","templated":true}]}}