{"id":131,"date":"2022-03-25T15:49:49","date_gmt":"2022-03-25T18:49:49","guid":{"rendered":"https:\/\/www2.uepg.br\/propesp-cep\/?page_id=131"},"modified":"2022-03-25T16:08:59","modified_gmt":"2022-03-25T19:08:59","slug":"historico","status":"publish","type":"page","link":"https:\/\/www2.uepg.br\/propesp-cep\/historico\/","title":{"rendered":"Hist\u00f3rico"},"content":{"rendered":"<p>O Comit\u00ea de \u00c9tica em Pesquisa envolvendo Seres Humanos foi instalado na Universidade Estadual de Ponta Grossa conforme\u00a0<a href=\"https:\/\/www2.uepg.br\/propesp-cep\/wp-content\/uploads\/sites\/230\/2022\/03\/RESOLUCAO-UNIV-No-6-DE-25-DE-MARCO-DE-2003.pdf\" target=\"_blank\" rel=\"noopener\">Resolu\u00e7\u00e3o Universit\u00e1ria n\u00ba 006 de 25 de Mar\u00e7o de 2003<\/a>,\u00a0alterada pela\u00a0<a href=\"https:\/\/www2.uepg.br\/propesp-cep\/wp-content\/uploads\/sites\/230\/2022\/03\/RESOLUCAO-UNIV-No-10-DE-28-DE-MARCO-DE-2007.pdf\" target=\"_blank\" rel=\"noopener\">Resolu\u00e7\u00e3o Universit\u00e1ria n\u00ba\u00a010 de\u00a028 de\u00a0Mar\u00e7o de 2007<\/a>, alterada pela\u00a0<a href=\"https:\/\/www2.uepg.br\/propesp-cep\/wp-content\/uploads\/sites\/230\/2022\/03\/RESOLUCAO-UNIV-No-35-DE-11-DE-NOVEMBRO-DE-2011.pdf\" target=\"_blank\" rel=\"noopener\">Resolu\u00e7\u00e3o Universit\u00e1ria n\u00ba 35 de 11 de Novembro de 2011<\/a>, alterada pela\u00a0<a href=\"https:\/\/www2.uepg.br\/propesp-cep\/wp-content\/uploads\/sites\/230\/2022\/03\/PORTARIA-R.-No-291-2017.pdf\" target=\"_blank\" rel=\"noopener\">Portaria R. n\u00ba 291\/2017<\/a>, homologada pela\u00a0<a href=\"https:\/\/www2.uepg.br\/propesp-cep\/wp-content\/uploads\/sites\/230\/2022\/03\/RESOLUCAO-UNIV-No-007-DE-22-DE-JUNHO-DE-2017.pdf\" target=\"_blank\" rel=\"noopener\">Resolu\u00e7\u00e3o Universit\u00e1ria n\u00ba 007, de 22 de Junho de 2017<\/a>\u00a0, com registro na Comiss\u00e3o Nacional de \u00c9tica em Pesquisa (CONEP) obtido em janeiro de 2004, e est\u00e1 vinculado a Pr\u00f3-Reitoria de Pesquisa e P\u00f3s-Gradua\u00e7\u00e3o \u2013 PROPESP.<\/p>\n","protected":false},"excerpt":{"rendered":"<p>O Comit\u00ea de \u00c9tica em Pesquisa envolvendo Seres Humanos foi instalado na Universidade Estadual de Ponta Grossa conforme\u00a0Resolu\u00e7\u00e3o Universit\u00e1ria n\u00ba 006 de 25 de Mar\u00e7o de 2003,\u00a0alterada pela\u00a0Resolu\u00e7\u00e3o Universit\u00e1ria n\u00ba\u00a010 de\u00a028 de\u00a0Mar\u00e7o de 2007, alterada pela\u00a0Resolu\u00e7\u00e3o Universit\u00e1ria n\u00ba 35 de 11 de Novembro de 2011, alterada pela\u00a0Portaria R. n\u00ba 291\/2017, homologada pela\u00a0Resolu\u00e7\u00e3o Universit\u00e1ria n\u00ba 007,&nbsp;&hellip;<\/p>\n","protected":false},"author":378,"featured_media":0,"parent":0,"menu_order":0,"comment_status":"closed","ping_status":"closed","template":"","meta":[],"_links":{"self":[{"href":"https:\/\/www2.uepg.br\/propesp-cep\/wp-json\/wp\/v2\/pages\/131"}],"collection":[{"href":"https:\/\/www2.uepg.br\/propesp-cep\/wp-json\/wp\/v2\/pages"}],"about":[{"href":"https:\/\/www2.uepg.br\/propesp-cep\/wp-json\/wp\/v2\/types\/page"}],"author":[{"embeddable":true,"href":"https:\/\/www2.uepg.br\/propesp-cep\/wp-json\/wp\/v2\/users\/378"}],"replies":[{"embeddable":true,"href":"https:\/\/www2.uepg.br\/propesp-cep\/wp-json\/wp\/v2\/comments?post=131"}],"version-history":[{"count":3,"href":"https:\/\/www2.uepg.br\/propesp-cep\/wp-json\/wp\/v2\/pages\/131\/revisions"}],"predecessor-version":[{"id":164,"href":"https:\/\/www2.uepg.br\/propesp-cep\/wp-json\/wp\/v2\/pages\/131\/revisions\/164"}],"wp:attachment":[{"href":"https:\/\/www2.uepg.br\/propesp-cep\/wp-json\/wp\/v2\/media?parent=131"}],"curies":[{"name":"wp","href":"https:\/\/api.w.org\/{rel}","templated":true}]}}