{"id":15,"date":"2019-06-25T08:49:54","date_gmt":"2019-06-25T11:49:54","guid":{"rendered":"http:\/\/www2.uepg.br\/propesp-ceua\/?page_id=15"},"modified":"2025-05-30T09:51:14","modified_gmt":"2025-05-30T12:51:14","slug":"legislacao","status":"publish","type":"page","link":"https:\/\/www2.uepg.br\/propesp-ceua\/legislacao\/","title":{"rendered":"Legisla\u00e7\u00e3o"},"content":{"rendered":"<hr \/>\n<p style=\"text-align: center\"><span style=\"color: #3366ff\"><a style=\"color: #3366ff\" href=\"http:\/\/www2.uepg.br\/propesp-ceua\/wp-content\/uploads\/sites\/22\/2019\/06\/LEI_n11794.pdf\" target=\"_blank\" rel=\"noopener noreferrer\">Lei n\u00ba11794\/2008 &#8211; Lei Arouca<\/a><\/span><\/p>\n<hr \/>\n<p style=\"text-align: center\"><span style=\"color: #3366ff\"><a style=\"color: #3366ff\" href=\"http:\/\/www2.uepg.br\/propesp-ceua\/wp-content\/uploads\/sites\/22\/2019\/06\/legislacao-casa-civil-experimentacao-animal.pdf\" target=\"_blank\" rel=\"noopener noreferrer\">Legisla\u00e7\u00e3o casa civil \/ experimenta\u00e7\u00e3o animal<\/a><\/span><\/p>\n<hr \/>\n<p style=\"text-align: center\"><span style=\"color: #3366ff\"><a href=\"http:\/\/www2.uepg.br\/propesp-ceua\/wp-content\/uploads\/sites\/22\/2024\/07\/ResUNIV2024.11-regulamento-CEUA-2024.pdf\">Regulamento da CEUA UEPG<\/a><\/span><\/p>\n<hr \/>\n<h4><span style=\"color: #ff0000\"><strong>Resolu\u00e7\u00f5es Normativas do CONCEA &#8211; Conselho Nacional de Controle de Experimenta\u00e7\u00e3o Animal<\/strong><\/span><\/h4>\n<p><span style=\"color: #0000ff\"><strong>Resolu\u00e7\u00e3o Normativa n\u00ba 22<\/strong>\u00a0<span style=\"color: #3366ff\"><a style=\"color: #3366ff\" href=\"http:\/\/antigo.mctic.gov.br\/mctic\/export\/sites\/institucional\/institucional\/concea\/arquivos\/legislacao\/resolucoes_normativas\/Resolucao-Normativa-CONCEA-n-22-de-25.06.2015-D.O.U.-de-02.10.2015-Secao-I-Pag.-04-Republica-por-ter-saido-com-incorrecao-no-DOU-n-121-de-29-6-2015-Secao-1-pagina-11.pdf\">Estudos conduzidos com animais dom\u00e9sticos mantidos fora de instala\u00e7\u00f5es de Institui\u00e7\u00f5es de ensino ou pesquisa cient\u00edfica<\/a><\/span><\/span><\/p>\n<p><strong><span style=\"color: #0000ff\">Resolu\u00e7\u00e3o Normativa n\u00ba\u00a037<\/span><\/strong>\u00a0<span style=\"color: #3366ff\"><a style=\"color: #3366ff\" href=\"http:\/\/antigo.mctic.gov.br\/mctic\/export\/sites\/institucional\/institucional\/concea\/arquivos\/legislacao\/resolucoes_normativas\/Anexo-Resolucao-Normativa-n-37-Diretriz-da-Pratica-de-Eutanasia_site-concea-.pdf\">Diretriz da pr\u00e1tica de eutan\u00e1sia do CONCEA<\/a><\/span><\/p>\n<p><span style=\"color: #0000ff\"><strong>Resolu\u00e7\u00e3o Normativa <\/strong><\/span><span style=\"color: #0000ff\"><strong>n\u00b0 49 <\/strong><span style=\"color: #3366ff\"><a style=\"color: #3366ff\" href=\"http:\/\/www2.uepg.br\/propesp-ceua\/wp-content\/uploads\/sites\/22\/2021\/05\/Resolucao-CONCEA-49-2021-Dispoe-sobre-a-obrigatoriedade-de-capacitacao-do-pessoal-envolvido-em-atividades-de-ensino-e-pesquisa-cientifica-que-utilizam-animais.pdf\">Disp\u00f5e sobre a obrigatoriedade de capacita\u00e7\u00e3o do pessoal envolvido em atividades de ensino e pesquisa cient\u00edfica que utilizam animais<\/a><\/span><\/span><\/p>\n<p><a href=\"https:\/\/antigo.mctic.gov.br\/mctic\/opencms\/institucional\/concea\/arquivos\/videos_concea\/RN49Concea.mp4\"><span style=\"color: #ff0000\">Esclarecimentos sobre a Resolu\u00e7\u00e3o Normativa n\u00ba 49<\/span><\/a><\/p>\n<p><strong><span style=\"color: #0000ff\">RESOLU\u00c7\u00c3O NORMATIVA CONCEA\/MCTI N\u00ba 52 <\/span><\/strong><span style=\"color: #3366ff\"><a style=\"color: #3366ff\" href=\"https:\/\/www.in.gov.br\/en\/web\/dou\/-\/resolucao-normativa-concea-n-52-de-19-de-maio-de-2021-321640980\">Formul\u00e1rios unificados de solicita\u00e7\u00e3o de autoriza\u00e7\u00e3o para uso de animais em experimenta\u00e7\u00e3o e em ensino)<\/a><\/span><\/p>\n<p><span style=\"color: #0000ff\"><strong>RESOLU\u00c7\u00c3O NORMATIVA CONCEA\/MCTI N\u00ba 55 <\/strong><span style=\"color: #3366ff\"><a style=\"color: #3366ff\" href=\"https:\/\/www.in.gov.br\/en\/web\/dou\/-\/resolucao-n-55-de-5-de-outubro-de-2022-434869177\">Diretriz brasileira para o cuidado e a utiliza\u00e7\u00e3o de animais em atividades de ensino ou de pesquisa cient\u00edfica &#8211; DBCA<\/a><\/span><\/span><\/p>\n<h4><a href=\"https:\/\/www.gov.br\/mcti\/pt-br\/composicao\/conselhos\/concea\/paginas\/publicacoes-legislacao-e-guia\/metodos-alternativos-reconhecidos-pelo-concea\"><span style=\"color: #0000ff\">M\u00e9todos alternativos ao uso de animais reconhecidos pelo CONCEA<\/span><\/a><\/h4>\n<p><a href=\"https:\/\/www.gov.br\/mcti\/pt-br\/composicao\/conselhos\/concea\/paginas\/publicacoes-legislacao-e-guia\/guia-brasileiro-de-producao-manutencao-ou-utilizacao-de-animais-para-atividades-de-ensino-ou-pesquisa-cientifica\"><span style=\"color: #0000ff\"><strong>Guia Brasileiro de Produ\u00e7\u00e3o, Manuten\u00e7\u00e3o ou Utiliza\u00e7\u00e3o de Animais para Atividades de Ensino ou Pesquisa Cient\u00edfica<\/strong><\/span><\/a><\/p>\n<p><span style=\"color: #ff0000\">D\u00favidas sobre experimenta\u00e7\u00e3o com uso de animais<\/span>\u00a0&#8211; acesse\u00a0<a href=\"https:\/\/antigo.mctic.gov.br\/mctic\/opencms\/institucional\/concea\/paginas\/FAQs.html\"><strong>Perguntas frequentes ao Concea e suas respostas<\/strong><\/a><\/p>\n<p>&nbsp;<\/p>\n<p><strong>Outras informa\u00e7\u00f5es<\/strong>:<\/p>\n<p>ORIENTA\u00c7\u00d5ES PARA A IMPLANTA\u00c7\u00c3O DE NOVO BIOT\u00c9RIO NA UEPG OU PARA A INCLUS\u00c3O DE NOVA ESP\u00c9CIE DE ANIMAL EM INSTALA\u00c7\u00c3O DE ANIMAL COM CADASTRO ATIVO CIUCA SOB A SUPERVIS\u00c3O<br \/>\nDA CEUA UEPG <a href=\"http:\/\/www2.uepg.br\/propesp-ceua\/wp-content\/uploads\/sites\/22\/2025\/05\/ORIENTACOES_PARA_A_IMPLANTACAO_DE_NOVO_BIOTERIO_NA_UEPG.pdf\">clique aqui<\/a><\/p>\n<p>&nbsp;<\/p>\n<hr \/>\n<p style=\"text-align: center\">\n","protected":false},"excerpt":{"rendered":"<p>Lei n\u00ba11794\/2008 &#8211; Lei Arouca Legisla\u00e7\u00e3o casa civil \/ experimenta\u00e7\u00e3o animal Regulamento da CEUA UEPG Resolu\u00e7\u00f5es Normativas do CONCEA &#8211; Conselho Nacional de Controle de Experimenta\u00e7\u00e3o Animal Resolu\u00e7\u00e3o Normativa n\u00ba 22\u00a0Estudos conduzidos com animais dom\u00e9sticos mantidos fora de instala\u00e7\u00f5es de Institui\u00e7\u00f5es de ensino ou pesquisa cient\u00edfica Resolu\u00e7\u00e3o Normativa n\u00ba\u00a037\u00a0Diretriz da pr\u00e1tica de eutan\u00e1sia do CONCEA&nbsp;&hellip;<\/p>\n","protected":false},"author":24,"featured_media":0,"parent":0,"menu_order":0,"comment_status":"closed","ping_status":"closed","template":"page-templates\/page-with-right-sidebar.php","meta":[],"_links":{"self":[{"href":"https:\/\/www2.uepg.br\/propesp-ceua\/wp-json\/wp\/v2\/pages\/15"}],"collection":[{"href":"https:\/\/www2.uepg.br\/propesp-ceua\/wp-json\/wp\/v2\/pages"}],"about":[{"href":"https:\/\/www2.uepg.br\/propesp-ceua\/wp-json\/wp\/v2\/types\/page"}],"author":[{"embeddable":true,"href":"https:\/\/www2.uepg.br\/propesp-ceua\/wp-json\/wp\/v2\/users\/24"}],"replies":[{"embeddable":true,"href":"https:\/\/www2.uepg.br\/propesp-ceua\/wp-json\/wp\/v2\/comments?post=15"}],"version-history":[{"count":27,"href":"https:\/\/www2.uepg.br\/propesp-ceua\/wp-json\/wp\/v2\/pages\/15\/revisions"}],"predecessor-version":[{"id":561,"href":"https:\/\/www2.uepg.br\/propesp-ceua\/wp-json\/wp\/v2\/pages\/15\/revisions\/561"}],"wp:attachment":[{"href":"https:\/\/www2.uepg.br\/propesp-ceua\/wp-json\/wp\/v2\/media?parent=15"}],"curies":[{"name":"wp","href":"https:\/\/api.w.org\/{rel}","templated":true}]}}