{"id":1108,"date":"2026-03-03T10:55:50","date_gmt":"2026-03-03T13:55:50","guid":{"rendered":"https:\/\/www2.uepg.br\/propesp-clabmu\/?page_id=1108"},"modified":"2026-03-12T07:17:05","modified_gmt":"2026-03-12T10:17:05","slug":"c-labmu-central-e-cipp","status":"publish","type":"page","link":"https:\/\/www2.uepg.br\/propesp-clabmu\/c-labmu-central-e-cipp\/","title":{"rendered":"C-LABMU Central e CIPP"},"content":{"rendered":"<p>&nbsp;<\/p>\n<h2 style=\"text-align: center\"><b>Hor\u00e1rio de trabalho da equipe do C-LABMU Central e CIPP<\/b><\/h2>\n<table>\n<tbody>\n<tr>\n<td rowspan=\"2\"><b>Nome do servidor(a)<\/b><\/td>\n<td colspan=\"5\"><b>Hor\u00e1rio de trabalho<\/b><\/td>\n<\/tr>\n<tr>\n<td><b>Segunda-feira<\/b><\/td>\n<td><b>Ter\u00e7a-feira<\/b><\/td>\n<td><b>Quarta-feira<\/b><\/td>\n<td><b>Quinta-feira<\/b><\/td>\n<td><b>Sexta-feira<\/b><\/td>\n<\/tr>\n<tr>\n<td><span style=\"font-weight: 400\">Rachel Govea da Silva<\/span><\/td>\n<td><span style=\"font-weight: 400\">das 07h \u00e0s 12h e das 13h \u00e0s 16h<\/span><\/td>\n<td><span style=\"font-weight: 400\">das 07h \u00e0s 12h e das 13h \u00e0s 16h<\/span><\/td>\n<td><span style=\"font-weight: 400\">das 07h \u00e0s 12h e das 13h \u00e0s 16h<\/span><\/td>\n<td><span style=\"font-weight: 400\">das 07h \u00e0s 12h e das 13h \u00e0s 16h<\/span><\/td>\n<td><span style=\"font-weight: 400\">das 07h \u00e0s 12h e das 13h \u00e0s 16h<\/span><\/td>\n<\/tr>\n<tr>\n<td><span style=\"font-weight: 400\">Traudi Klein<\/span><\/td>\n<td><span style=\"font-weight: 400\">das 7h30 as 12h e 13h as 16h30<\/span><\/td>\n<td><span style=\"font-weight: 400\">das 7h30 as 12h e 13h as 16h30<\/span><\/td>\n<td><span style=\"font-weight: 400\">das 7h30 as 12h e 13h as 16h30<\/span><\/td>\n<td><span style=\"font-weight: 400\">das 7h30 as 12h e 13h as 16h30<\/span><\/td>\n<td><span style=\"font-weight: 400\">das 7h30 as 12h e 13h as 16h30<\/span><\/td>\n<\/tr>\n<tr>\n<td><span style=\"font-weight: 400\">Hudson Andre Batista dos Santos<\/span><\/td>\n<td><span style=\"font-weight: 400\">das 08h \u00e0s 11h e das 12h \u00e0s 17h<\/span><\/td>\n<td><span style=\"font-weight: 400\">das 08h \u00e0s 11h e das 12h \u00e0s 17h<\/span><\/td>\n<td><span style=\"font-weight: 400\">das 08h \u00e0s 11h e das 12h \u00e0s 17h<\/span><\/td>\n<td><span style=\"font-weight: 400\">das 08h \u00e0s 11h e das 12h \u00e0s 17h<\/span><\/td>\n<td><span style=\"font-weight: 400\">das 08h \u00e0s 11h e das 12h \u00e0s 17h<\/span><\/td>\n<\/tr>\n<tr>\n<td><span style=\"font-weight: 400\">Vanessa Parise Chagury<\/span><\/td>\n<td><span style=\"font-weight: 400\">das 08h \u00e0s 12h e das 13h \u00e0s 17h<\/span><\/td>\n<td><span style=\"font-weight: 400\">das 08h \u00e0s 12h e das 13h \u00e0s 17h<\/span><\/td>\n<td><span style=\"font-weight: 400\">das 08h \u00e0s 12h e das 13h \u00e0s 17h<\/span><\/td>\n<td><span style=\"font-weight: 400\">das 08h \u00e0s 12h e das 13h \u00e0s 17h<\/span><\/td>\n<td><span style=\"font-weight: 400\">das 08h \u00e0s 12h e das 13h \u00e0s 17h<\/span><\/td>\n<\/tr>\n<\/tbody>\n<\/table>\n<p>&nbsp;<\/p>\n<p>&nbsp;<\/p>\n<table>\n<tbody>\n<tr>\n<td><b>Bolsista<\/b><\/td>\n<td><b>Segunda-feira<\/b><\/td>\n<td><b>Ter\u00e7a-feira<\/b><\/td>\n<td><b>Quarta-feira<\/b><\/td>\n<td><b>Quinta-feira<\/b><\/td>\n<td><b>Sexta-feira<\/b><\/td>\n<\/tr>\n<tr>\n<td><span style=\"font-weight: 400\">Silvio Henrique Gonsalves<\/span><\/td>\n<td><span style=\"font-weight: 400\">das 08h \u00e0s 11h e das 12h \u00e0s 17h<\/span><\/td>\n<td><span style=\"font-weight: 400\">das 08h \u00e0s 11h e das 12h \u00e0s 17h<\/span><\/td>\n<td><span style=\"font-weight: 400\">das 08h \u00e0s 11h e das 12h \u00e0s 17h<\/span><\/td>\n<td><span style=\"font-weight: 400\">das 08h \u00e0s 11h e das 12h \u00e0s 17h<\/span><\/td>\n<td><span style=\"font-weight: 400\">das 08h \u00e0s 11h e das 12h \u00e0s 17h<\/span><\/td>\n<\/tr>\n<tr>\n<td><span style=\"font-weight: 400\">Virginia Moreira Justo<\/span><\/td>\n<td><span style=\"font-weight: 400\">das 08h \u00e0s 12h e das 13h \u00e0s 17h<\/span><\/td>\n<td><span style=\"font-weight: 400\">das 08h \u00e0s 12h e das 13h \u00e0s 17h<\/span><\/td>\n<td><span style=\"font-weight: 400\">das 08h \u00e0s 12h e das 13h \u00e0s 17h<\/span><\/td>\n<td><span style=\"font-weight: 400\">das 08h \u00e0s 12h e das 13h \u00e0s 17h<\/span><\/td>\n<td><span style=\"font-weight: 400\">das 08h \u00e0s 12h e das 13h \u00e0s 17h<\/span><\/td>\n<\/tr>\n<tr>\n<td><span style=\"font-weight: 400\">Michelle Colman de Oliveira<\/span><\/td>\n<td><span style=\"font-weight: 400\">das 08h \u00e0s 11h e das 12h \u00e0s 17h<\/span><\/td>\n<td><span style=\"font-weight: 400\">das 08h \u00e0s 11h e das 12h \u00e0s 17h<\/span><\/td>\n<td><span style=\"font-weight: 400\">das 08h \u00e0s 11h e das 12h \u00e0s 17h<\/span><\/td>\n<td><span style=\"font-weight: 400\">das 08h \u00e0s 11h e das 12h \u00e0s 17h<\/span><\/td>\n<td><span style=\"font-weight: 400\">das 08h \u00e0s 11h e das 12h \u00e0s 17h<\/span><\/td>\n<\/tr>\n<tr>\n<td><span style=\"font-weight: 400\">Camila de F\u00e1tima Garcia<\/span><\/td>\n<td><span style=\"font-weight: 400\">das 08h \u00e0s 11h e das 12h \u00e0s 17h<\/span><\/td>\n<td><span style=\"font-weight: 400\">das 08h \u00e0s 11h e das 12h \u00e0s 17h<\/span><\/td>\n<td><span style=\"font-weight: 400\">das 08h \u00e0s 11h e das 12h \u00e0s 17h<\/span><\/td>\n<td><span style=\"font-weight: 400\">das 08h \u00e0s 11h e das 12h \u00e0s 17h<\/span><\/td>\n<td><span style=\"font-weight: 400\">das 08h \u00e0s 11h e das 12h \u00e0s 17h<\/span><\/td>\n<\/tr>\n<tr>\n<td>Christiane Lago Ojaimi<\/td>\n<td><span style=\"font-weight: 400\">das 08h \u00e0s 11h e das 12h \u00e0s 17h<\/span><\/td>\n<td><span style=\"font-weight: 400\">das 08h \u00e0s 11h e das 12h \u00e0s 17h<\/span><\/td>\n<td><span style=\"font-weight: 400\">das 08h \u00e0s 11h e das 12h \u00e0s 17h<\/span><\/td>\n<td><span style=\"font-weight: 400\">das 08h \u00e0s 11h e das 12h \u00e0s 17h<\/span><\/td>\n<td><span style=\"font-weight: 400\">das 08h \u00e0s 11h e das 12h \u00e0s 17h<\/span><\/td>\n<\/tr>\n<\/tbody>\n<\/table>\n<h1><b>\u00a0<\/b><\/h1>\n<h2 style=\"text-align: center\"><b>Contatos dos respons\u00e1veis pelos equipamentos do C-LABMU Central e CIPP<\/b><\/h2>\n<table>\n<tbody>\n<tr>\n<td><b>Nome do servidor(a)<\/b><\/td>\n<td><b>Titula\u00e7\u00e3o<\/b><\/td>\n<td><b>ramal<\/b><\/td>\n<td><b>e-mail<\/b><\/td>\n<td><b>Equipamentos respons\u00e1veis pela opera\u00e7\u00e3o<\/b><\/td>\n<td><\/td>\n<\/tr>\n<tr>\n<td rowspan=\"14\"><span style=\"font-weight: 400\">Rachel Govea da Silva<\/span><\/td>\n<td rowspan=\"14\"><span style=\"font-weight: 400\">Especializa\u00e7\u00e3o em Qu\u00edmica Industrial<\/span><\/td>\n<td rowspan=\"14\"><span style=\"font-weight: 400\">3152 (CIPP)<\/span><\/td>\n<td rowspan=\"14\"><a href=\"mailto:clabmuadm@uepg.br\"><span style=\"font-weight: 400\">clabmuadm@uepg.br<\/span><\/a><\/td>\n<td><a href=\"https:\/\/pnipe.mcti.gov.br\/equipment\/5651\" target=\"_blank\" rel=\"noopener\"><span style=\"font-weight: 400\">Espectrofot\u00f4metro de Absor\u00e7\u00e3o At\u00f4mica com Atomiza\u00e7\u00e3o em Chama (EAA-Chama)<\/span><\/a><\/td>\n<td><\/td>\n<\/tr>\n<tr>\n<td><a href=\"https:\/\/pnipe.mcti.gov.br\/equipment\/5787\" target=\"_blank\" rel=\"noopener\"><span style=\"font-weight: 400\">Liofilizador<\/span><\/a><\/td>\n<td><\/td>\n<\/tr>\n<tr>\n<td><a href=\"https:\/\/pnipe.mcti.gov.br\/equipment\/5786\" target=\"_blank\" rel=\"noopener\"><span style=\"font-weight: 400\">Ultracentr\u00edfuga Refrigerada<\/span><\/a><\/td>\n<td><\/td>\n<\/tr>\n<tr>\n<td><a href=\"https:\/\/pnipe.mcti.gov.br\/equipment\/12109\" target=\"_blank\" rel=\"noopener\"><span style=\"font-weight: 400\">Microsc\u00f3pio de For\u00e7a At\u00f4mica<\/span><\/a><\/td>\n<td><\/td>\n<\/tr>\n<tr>\n<td><a href=\"https:\/\/pnipe.mcti.gov.br\/equipment\/42659\" target=\"_blank\" rel=\"noopener\"><span style=\"font-weight: 400\">Analisador de Carbono Org\u00e2nico Total<\/span><\/a><\/td>\n<td><\/td>\n<\/tr>\n<tr>\n<td><a href=\"https:\/\/pnipe.mcti.gov.br\/equipment\/42778\" target=\"_blank\" rel=\"noopener\"><span style=\"font-weight: 400\">Determinador Elementar de Carbono, Hidrog\u00eanio e Nitrog\u00eanio<\/span><\/a><\/td>\n<td><\/td>\n<\/tr>\n<tr>\n<td><a href=\"https:\/\/pnipe.mcti.gov.br\/equipment\/5652\" target=\"_blank\" rel=\"noopener\"><span style=\"font-weight: 400\">Espectrofot\u00f4metro de Absor\u00e7\u00e3o At\u00f4mica &#8211; Forno Grafite<\/span><\/a><\/td>\n<td><\/td>\n<\/tr>\n<tr>\n<td><a href=\"https:\/\/pnipe.mcti.gov.br\/equipment\/5649\" target=\"_blank\" rel=\"noopener\"><span style=\"font-weight: 400\">Espectr\u00f4metro de Emiss\u00e3o \u00d3ptica com Plasma de Arg\u00f4nio Acoplado Indutivamente<\/span><\/a><\/td>\n<td><\/td>\n<\/tr>\n<tr>\n<td><a href=\"https:\/\/pnipe.mcti.gov.br\/equipment\/53833\" target=\"_blank\" rel=\"noopener\"><span style=\"font-weight: 400\">Microondas Digestor<\/span><\/a><\/td>\n<td><\/td>\n<\/tr>\n<tr>\n<td><a href=\"https:\/\/pnipe.mcti.gov.br\/equipment\/42792\" target=\"_blank\" rel=\"noopener\"><span style=\"font-weight: 400\">Espectr\u00f4metro de Resson\u00e2ncia Magn\u00e9tica Nuclear<\/span><\/a><\/td>\n<td><\/td>\n<\/tr>\n<tr>\n<td><a href=\"https:\/\/pnipe.mcti.gov.br\/equipment\/54257\" target=\"_blank\" rel=\"noopener\"><span style=\"font-weight: 400\">Lavadora ultrass\u00f4nica com aquecimento<\/span><\/a><\/td>\n<td><\/td>\n<\/tr>\n<tr>\n<td><a href=\"https:\/\/pnipe.mcti.gov.br\/equipment\/42663\" target=\"_blank\" rel=\"noopener\"><span style=\"font-weight: 400\">Liquefator de Nitrog\u00eanio<\/span><\/a><\/td>\n<td><\/td>\n<\/tr>\n<tr>\n<td><a href=\"https:\/\/pnipe.mcti.gov.br\/equipment\/5785\" target=\"_blank\" rel=\"noopener\"><span style=\"font-weight: 400\">Ultrafreezer (-86 \u00baC)<\/span><\/a><\/td>\n<td><\/td>\n<\/tr>\n<tr>\n<td><a href=\"https:\/\/pnipe.mcti.gov.br\/equipment\/42665\" target=\"_blank\" rel=\"noopener\"><span style=\"font-weight: 400\">Sistema de Purifica\u00e7\u00e3o de \u00c1gua Laboratorial Tipo I e Tipo II<\/span><\/a><\/td>\n<td><\/td>\n<\/tr>\n<tr>\n<td rowspan=\"3\"><span style=\"font-weight: 400\">Traudi Klein<\/span><\/td>\n<td rowspan=\"3\"><span style=\"font-weight: 400\">Doutora em Ci\u00eancias Farmac\u00eauticas<\/span><\/td>\n<td rowspan=\"3\"><span style=\"font-weight: 400\">3152 (CIPP)<\/span><\/td>\n<td rowspan=\"3\"><a href=\"mailto:tklein@uepg.com.br\"><span style=\"font-weight: 400\">tklein@uepg.com.br<\/span><\/a><\/td>\n<td><a href=\"https:\/\/pnipe.mcti.gov.br\/equipment\/42830\" target=\"_blank\" rel=\"noopener\"><span style=\"font-weight: 400\">Cromat\u00f3grafo L\u00edquido de Alta Performance HPLC<\/span><\/a><\/td>\n<td><\/td>\n<\/tr>\n<tr>\n<td><a href=\"https:\/\/pnipe.mcti.gov.br\/equipment\/42669\" target=\"_blank\" rel=\"noopener\"><span style=\"font-weight: 400\">Cromat\u00f3grafo de \u00cdons<\/span><\/a><\/td>\n<td><\/td>\n<\/tr>\n<tr>\n<td><a href=\"https:\/\/pnipe.mcti.gov.br\/equipment\/5788\" target=\"_blank\" rel=\"noopener\"><span style=\"font-weight: 400\">Cromat\u00f3grafo a G\u00e1s e Analisador de Massa completo com detector de ioniza\u00e7\u00e3o de chama (FID)<\/span><\/a><\/td>\n<td><\/td>\n<\/tr>\n<tr>\n<td rowspan=\"5\"><span style=\"font-weight: 400\">Hudson Andre Batista dos Santos<\/span><\/td>\n<td rowspan=\"5\"><span style=\"font-weight: 400\">Licenciatura em F\u00edsica<\/span><\/td>\n<td rowspan=\"5\"><span style=\"font-weight: 400\">8935\/8933 (Central)<\/span><\/td>\n<td rowspan=\"5\"><a href=\"mailto:habsantos@uepg.br\"><span style=\"font-weight: 400\">habsantos@uepg.br<\/span><\/a><\/td>\n<td><a href=\"https:\/\/pnipe.mcti.gov.br\/equipment\/54101\" target=\"_blank\" rel=\"noopener\"><span style=\"font-weight: 400\">Espectr\u00f4metro de Resson\u00e2ncia Paramagn\u00e9tica Eletr\u00f4nica<\/span><\/a><\/td>\n<td><\/td>\n<\/tr>\n<tr>\n<td><a href=\"https:\/\/pnipe.mcti.gov.br\/equipment\/54230\" target=\"_blank\" rel=\"noopener\"><span style=\"font-weight: 400\">Nano Spray Dryer<\/span><\/a><\/td>\n<td><\/td>\n<\/tr>\n<tr>\n<td><a href=\"https:\/\/pnipe.mcti.gov.br\/equipment\/5662\" target=\"_blank\" rel=\"noopener\"><span style=\"font-weight: 400\">Difrat\u00f4metro de Raios X<\/span><\/a><\/td>\n<td><\/td>\n<\/tr>\n<tr>\n<td><a href=\"https:\/\/pnipe.mcti.gov.br\/equipment\/42657\" target=\"_blank\" rel=\"noopener\"><span style=\"font-weight: 400\">Espectr\u00f4metro de fluoresc\u00eancia de raio X por dispers\u00e3o de comprimento de onda<\/span><\/a><\/td>\n<td><\/td>\n<\/tr>\n<tr>\n<td><a href=\"https:\/\/pnipe.mcti.gov.br\/equipment\/5701\" target=\"_blank\" rel=\"noopener\"><span style=\"font-weight: 400\">Microtom\u00f3grafo 3D<\/span><\/a><\/td>\n<td><\/td>\n<\/tr>\n<tr>\n<td rowspan=\"2\"><span style=\"font-weight: 400\">Vanessa Parise Chagury<\/span><\/td>\n<td rowspan=\"2\"><span style=\"font-weight: 400\">Tecnologia em Alimentos<\/span><\/td>\n<td rowspan=\"2\"><span style=\"font-weight: 400\">8935 (Central)<\/span><\/td>\n<td rowspan=\"2\"><a href=\"mailto:vparisechagury@hotmail.com\"><span style=\"font-weight: 400\">vparisechagury@hotmail.com<\/span><\/a><\/td>\n<td><a href=\"https:\/\/pnipe.mcti.gov.br\/equipment\/5681\" target=\"_blank\" rel=\"noopener\"><span style=\"font-weight: 400\">Microsc\u00f3pio Eletr\u00f4nico de Varredura por emiss\u00e3o de Campo<\/span><\/a><\/td>\n<td><\/td>\n<\/tr>\n<tr>\n<td><a href=\"https:\/\/pnipe.mcti.gov.br\/equipment\/5678\" target=\"_blank\" rel=\"noopener\"><span style=\"font-weight: 400\">Microsc\u00f3pio Eletr\u00f4nico de Varredura<\/span><\/a><\/td>\n<td><\/td>\n<\/tr>\n<\/tbody>\n<\/table>\n<p>&nbsp;<\/p>\n<p>&nbsp;<\/p>\n<table>\n<tbody>\n<tr>\n<td><b>Bolsista<\/b><\/td>\n<td><b>Titula\u00e7\u00e3o<\/b><\/td>\n<td><b>ramal<\/b><\/td>\n<td><b>e-mail<\/b><\/td>\n<td><b>Equipamentos respons\u00e1veis pela opera\u00e7\u00e3o<\/b><\/td>\n<td><\/td>\n<\/tr>\n<tr>\n<td rowspan=\"4\">Silvio Henrique Gonsalves<\/td>\n<td rowspan=\"4\">Doutor em F\u00edsica<\/td>\n<td rowspan=\"4\">8932 (laborat\u00f3rio 7) \/8943 (recep\u00e7\u00e3o)<\/td>\n<td rowspan=\"4\"><a href=\"mailto:clabmu.silviogons@gmail.com\">clabmu.silviogons@gmail.com<\/a> \/ <a href=\"mailto:silviogonsalves@uepg.br\">silviogonsalves@uepg.br<\/a><\/td>\n<td><a href=\"https:\/\/pnipe.mcti.gov.br\/equipment\/42660\" target=\"_blank\" rel=\"noopener\">Espectr\u00f4metro Micro-Raman Confocal &#8211; 785 nm<\/a><\/td>\n<td><\/td>\n<\/tr>\n<tr>\n<td><a href=\"https:\/\/pnipe.mcti.gov.br\/equipment\/5703\" target=\"_blank\" rel=\"noopener\">Trib\u00f4metro de Alta Temperatura<\/a><\/td>\n<td><\/td>\n<\/tr>\n<tr>\n<td><a href=\"https:\/\/pnipe.mcti.gov.br\/equipment\/42661\" target=\"_blank\" rel=\"noopener\">Espectr\u00f4metro Micro-Raman Confocal &#8211; 532 e 638 nm<\/a><\/td>\n<td><\/td>\n<\/tr>\n<tr>\n<td><a href=\"https:\/\/pnipe.mcti.gov.br\/equipment\/42658\" target=\"_blank\" rel=\"noopener\">Nanoidentador Instrumentado<\/a><\/td>\n<td><\/td>\n<\/tr>\n<tr>\n<td rowspan=\"3\">Virginia Moreira Justo<\/td>\n<td rowspan=\"3\">Doutora em F\u00edsica<\/td>\n<td rowspan=\"3\">8932 (laborat\u00f3rio 7) \/8941 (recep\u00e7\u00e3o)<\/td>\n<td rowspan=\"3\"><a href=\"mailto:virginiajusto@uepg.br\">virginiajusto@uepg.br<\/a><\/td>\n<td><a href=\"https:\/\/pnipe.mcti.gov.br\/equipment\/5698\" target=\"_blank\" rel=\"noopener\">An\u00e1lise T\u00e9rmica TG\/DTA\/DSC<\/a><\/td>\n<td><\/td>\n<\/tr>\n<tr>\n<td><a href=\"https:\/\/pnipe.mcti.gov.br\/equipment\/5700\" target=\"_blank\" rel=\"noopener\">An\u00e1lise termomec\u00e2nica TMA<\/a><\/td>\n<td><\/td>\n<\/tr>\n<tr>\n<td><a href=\"https:\/\/pnipe.mcti.gov.br\/equipment\/5678\" target=\"_blank\" rel=\"noopener\">Microsc\u00f3pio Eletr\u00f4nico de Varredura<\/a><\/td>\n<td><\/td>\n<\/tr>\n<tr>\n<td rowspan=\"7\">Michelle Colman de Oliveira<\/td>\n<td rowspan=\"7\">Doutora em Qu\u00edmica<\/td>\n<td rowspan=\"7\">8932 (laborat\u00f3rio 7) \/8935 (recep\u00e7\u00e3o)<\/td>\n<td rowspan=\"7\"><a href=\"mailto:mcoliveira@uepg.br\">mcoliveira@uepg.br<\/a><\/td>\n<td><a href=\"https:\/\/pnipe.mcti.gov.br\/equipment\/53972\" target=\"_blank\" rel=\"noopener\">Analisador de \u00e1rea superficial<\/a><\/td>\n<td><\/td>\n<\/tr>\n<tr>\n<td><a href=\"https:\/\/pnipe.mcti.gov.br\/equipment\/53978\" target=\"_blank\" rel=\"noopener\">Analisador de Tamanho de Part\u00edcula<\/a><\/td>\n<td><\/td>\n<\/tr>\n<tr>\n<td><a href=\"https:\/\/pnipe.mcti.gov.br\/equipment\/53905\" target=\"_blank\" rel=\"noopener\">Analisador de Tamanho de Part\u00edcula e Potencial Zeta<\/a><\/td>\n<td><\/td>\n<\/tr>\n<tr>\n<td><a href=\"https:\/\/pnipe.mcti.gov.br\/equipment\/54001\" target=\"_blank\" rel=\"noopener\">Dens\u00edmetro com modulo de Viscosidade de Esfera Rolante<\/a><\/td>\n<td><\/td>\n<\/tr>\n<tr>\n<td><a href=\"https:\/\/pnipe.mcti.gov.br\/equipment\/54081\" target=\"_blank\" rel=\"noopener\">Espectrofot\u00f4metro de Dicro\u00edsmo Circular<\/a><\/td>\n<td><\/td>\n<\/tr>\n<tr>\n<td><a href=\"https:\/\/pnipe.mcti.gov.br\/equipment\/42808\" target=\"_blank\" rel=\"noopener\">Esta\u00e7\u00e3o de Trabalho Eletroqu\u00edmica<\/a><\/td>\n<td><\/td>\n<\/tr>\n<tr>\n<td><a href=\"https:\/\/pnipe.mcti.gov.br\/equipment\/54139\" target=\"_blank\" rel=\"noopener\">Re\u00f4metro<\/a><\/td>\n<td><\/td>\n<\/tr>\n<tr>\n<td rowspan=\"4\">Christiane Lago Ojaimi<\/td>\n<td rowspan=\"4\">Doutora em Engenharia e Ci\u00eancia de Materiais<\/td>\n<td rowspan=\"4\">8932 (laborat\u00f3rio 7) \/8941 (recep\u00e7\u00e3o)<\/td>\n<td rowspan=\"4\"><a href=\"mailto:christianeojaimi@uepg.br\">christianeojaimi@uepg.br<\/a><\/td>\n<td><a href=\"https:\/\/pnipe.mcti.gov.br\/equipment\/61892\" target=\"_blank\" rel=\"noopener\">Espectrofot\u00f4metro de Infravermelho Vertex 70v<\/a><\/td>\n<td><\/td>\n<\/tr>\n<tr>\n<td><a href=\"https:\/\/pnipe.mcti.gov.br\/equipment\/54068\" target=\"_blank\" rel=\"noopener\">Espectrofot\u00f4metro de Infravermelho SHIMADZU<\/a><\/td>\n<td><\/td>\n<\/tr>\n<tr>\n<td><a href=\"https:\/\/pnipe.mcti.gov.br\/equipment\/42670\" target=\"_blank\" rel=\"noopener\">Espectrofot\u00f4metro UV-VIS<\/a><\/td>\n<td><\/td>\n<\/tr>\n<tr>\n<td><a href=\"https:\/\/pnipe.mcti.gov.br\/equipment\/54339\" target=\"_blank\" rel=\"noopener\">Espectrosc\u00f3pio de infravermelho pr\u00f3ximo<\/a><\/td>\n<td><\/td>\n<\/tr>\n<tr>\n<td rowspan=\"3\">Camila de F\u00e1tima Garcia<\/td>\n<td rowspan=\"3\">Mestre em Qu\u00edmica<\/td>\n<td rowspan=\"3\">3152 (CIPP)<\/td>\n<td rowspan=\"3\"><a href=\"mailto:cfgarcia@uepg.br\">cfgarcia@uepg.br<\/a><\/td>\n<td><a href=\"https:\/\/pnipe.mcti.gov.br\/equipment\/5651\" target=\"_blank\" rel=\"noopener\">Espectrofot\u00f4metro de Absor\u00e7\u00e3o At\u00f4mica com Atomiza\u00e7\u00e3o em Chama (EAA-Chama)<\/a><\/td>\n<td>&nbsp;<\/p>\n<p>&nbsp;<\/td>\n<\/tr>\n<tr>\n<td><a href=\"https:\/\/pnipe.mcti.gov.br\/equipment\/5652\" target=\"_blank\" rel=\"noopener\">Espectrofot\u00f4metro de Absor\u00e7\u00e3o At\u00f4mica &#8211; Forno Grafite<\/a><\/td>\n<td><\/td>\n<\/tr>\n<tr>\n<td><a href=\"https:\/\/pnipe.mcti.gov.br\/equipment\/5787\" target=\"_blank\" rel=\"noopener\">Liofilizador<\/a><\/td>\n<td><\/td>\n<\/tr>\n<\/tbody>\n<\/table>\n<p><span style=\"font-weight: 400\">\u00a0<\/span><\/p>\n<p><span style=\"font-weight: 400\">\u00a0<\/span><\/p>\n<h2 style=\"text-align: center\"><span style=\"font-weight: 400\">\u00a0<a href=\"https:\/\/pnipe.mcti.gov.br\/laboratory\/4800\" target=\"_blank\" rel=\"noopener\">Estrutura do C-LABMU Central e CIPP<\/a><\/span><\/h2>\n<p><span style=\"font-weight: 400\">\u00a0<\/span><\/p>\n<p style=\"text-align: center\">\n","protected":false},"excerpt":{"rendered":"<p>&nbsp; Hor\u00e1rio de trabalho da equipe do C-LABMU Central e CIPP Nome do servidor(a) Hor\u00e1rio de trabalho Segunda-feira Ter\u00e7a-feira Quarta-feira Quinta-feira Sexta-feira Rachel Govea da Silva das 07h \u00e0s 12h e das 13h \u00e0s 16h das 07h \u00e0s 12h e das 13h \u00e0s 16h das 07h \u00e0s 12h e das 13h \u00e0s 16h das 07h&nbsp;&hellip;<\/p>\n","protected":false},"author":763,"featured_media":0,"parent":0,"menu_order":0,"comment_status":"closed","ping_status":"closed","template":"","meta":[],"_links":{"self":[{"href":"https:\/\/www2.uepg.br\/propesp-clabmu\/wp-json\/wp\/v2\/pages\/1108"}],"collection":[{"href":"https:\/\/www2.uepg.br\/propesp-clabmu\/wp-json\/wp\/v2\/pages"}],"about":[{"href":"https:\/\/www2.uepg.br\/propesp-clabmu\/wp-json\/wp\/v2\/types\/page"}],"author":[{"embeddable":true,"href":"https:\/\/www2.uepg.br\/propesp-clabmu\/wp-json\/wp\/v2\/users\/763"}],"replies":[{"embeddable":true,"href":"https:\/\/www2.uepg.br\/propesp-clabmu\/wp-json\/wp\/v2\/comments?post=1108"}],"version-history":[{"count":21,"href":"https:\/\/www2.uepg.br\/propesp-clabmu\/wp-json\/wp\/v2\/pages\/1108\/revisions"}],"predecessor-version":[{"id":1329,"href":"https:\/\/www2.uepg.br\/propesp-clabmu\/wp-json\/wp\/v2\/pages\/1108\/revisions\/1329"}],"wp:attachment":[{"href":"https:\/\/www2.uepg.br\/propesp-clabmu\/wp-json\/wp\/v2\/media?parent=1108"}],"curies":[{"name":"wp","href":"https:\/\/api.w.org\/{rel}","templated":true}]}}