{"id":1114,"date":"2026-03-03T10:56:57","date_gmt":"2026-03-03T13:56:57","guid":{"rendered":"https:\/\/www2.uepg.br\/propesp-clabmu\/?page_id=1114"},"modified":"2026-03-11T07:44:26","modified_gmt":"2026-03-11T10:44:26","slug":"contato","status":"publish","type":"page","link":"https:\/\/www2.uepg.br\/propesp-clabmu\/contato\/","title":{"rendered":"Contato"},"content":{"rendered":"<div id=\"pl-1114\" class=\"panel-layout\">\n<div id=\"pg-1114-0\" class=\"panel-grid panel-no-style\" data-style=\"{&quot;background_image_attachment&quot;:false,&quot;background_display&quot;:&quot;tile&quot;,&quot;cell_alignment&quot;:&quot;flex-start&quot;}\" data-ratio=\"1\" data-ratio-direction=\"right\">\n<div id=\"pgc-1114-0-0\" class=\"panel-grid-cell\" data-weight=\"1\">\n<div id=\"panel-1114-0-0-0\" class=\"so-panel widget widget_sow-editor panel-first-child panel-last-child\" data-index=\"0\" data-style=\"{&quot;background_image_attachment&quot;:false,&quot;background_display&quot;:&quot;tile&quot;,&quot;link_color&quot;:&quot;#1e73be&quot;}\">\n<div class=\"so-widget-sow-editor so-widget-sow-editor-base\">\n<div class=\"siteorigin-widget-tinymce textwidget\">\n<table class=\"aligncenter\" style=\"height: 937px\" width=\"575\" cellspacing=\"0\" cellpadding=\"7\">\n<tbody>\n<tr valign=\"top\">\n<td style=\"background: #c1e4f5\" bgcolor=\"#c1e4f5\" width=\"191\">\n<p class=\"western\"><strong><span style=\"font-family: Arial, sans-serif\">Central Multiusu\u00e1ria<\/span><\/strong><\/p>\n<\/td>\n<td style=\"background: #c1e4f5\" bgcolor=\"#c1e4f5\" width=\"232\">\n<p class=\"western\"><strong><span style=\"font-family: Arial, sans-serif\">E-mail<\/span><\/strong><\/p>\n<\/td>\n<td style=\"background: #c1e4f5\" bgcolor=\"#c1e4f5\" width=\"131\">\n<p class=\"western\"><strong><span style=\"font-family: Arial, sans-serif\">Telefone<\/span><\/strong><\/p>\n<\/td>\n<\/tr>\n<tr valign=\"top\">\n<td width=\"191\">\n<p class=\"western\"><span style=\"font-family: Arial, sans-serif\">C-LABMU Central e CIPP<\/span><\/p>\n<\/td>\n<td width=\"232\">\n<p class=\"western\" align=\"justify\"><span style=\"font-family: Arial, sans-serif\"><a href=\"mailto:clabmuadm@uepg.br\">clabmuadm@uepg.br<\/a><\/span><\/p>\n<\/td>\n<td width=\"131\">\n<p class=\"western\"><span style=\"font-family: Arial, sans-serif\">(42) 2102-8935<\/span><\/p>\n<\/td>\n<\/tr>\n<tr valign=\"top\">\n<td width=\"191\">\n<p class=\"western\"><span style=\"font-family: Arial, sans-serif\">LABMU-CiBioS<\/span><\/p>\n<\/td>\n<td width=\"232\">\n<p class=\"western\" align=\"justify\"><span style=\"font-family: Arial, sans-serif\"><a href=\"mailto:labmucibios@uepg.br\">labmucibios@uepg.br<\/a><\/span><\/p>\n<\/td>\n<td width=\"131\">\n<p class=\"western\"><span style=\"font-family: Arial, sans-serif\">(42) 3220-3167<\/span><\/p>\n<\/td>\n<\/tr>\n<tr valign=\"top\">\n<td width=\"191\">\n<p class=\"western\"><span style=\"font-family: Arial, sans-serif\">CT-AGRO<\/span><\/p>\n<\/td>\n<td width=\"232\">\n<p class=\"western\" align=\"justify\"><span style=\"font-family: Arial, sans-serif\"><a href=\"mailto:ctagro@uepg.br\">ctagro@uepg.br<\/a><\/span><\/p>\n<\/td>\n<td width=\"131\">\n<p class=\"western\"><span style=\"font-family: Arial, sans-serif\">(42) 3220-3152<\/span><\/p>\n<p class=\"western\"><span style=\"font-family: Arial, sans-serif\">(42) 2102-8935<\/span><\/p>\n<\/td>\n<\/tr>\n<tr valign=\"top\">\n<td width=\"191\">\n<p class=\"western\"><span style=\"font-family: Arial, sans-serif\">CEPROT<\/span><\/p>\n<\/td>\n<td width=\"232\">\n<p class=\"western\" align=\"justify\"><span style=\"font-family: Arial, sans-serif\"><a href=\"mailto:ceprot@uepg.br\">ceprot@uepg.br<\/a><\/span><\/p>\n<\/td>\n<td width=\"131\">\n<p class=\"western\"><span style=\"font-family: Arial, sans-serif\">(42) 3220-3152<\/span><\/p>\n<p class=\"western\"><span style=\"font-family: Arial, sans-serif\">(42) 2102-8935<\/span><\/p>\n<\/td>\n<\/tr>\n<tr valign=\"top\">\n<td width=\"191\">\n<p class=\"western\"><span style=\"font-family: Arial, sans-serif\">LPRH<\/span><\/p>\n<\/td>\n<td width=\"232\">\n<p class=\"western\" align=\"justify\"><span style=\"font-family: Arial, sans-serif\"><a href=\"mailto:mjungles@uepg.br\">mjungles@uepg.br<\/a><\/span><\/p>\n<\/td>\n<td width=\"131\">\n<p class=\"western\"><span style=\"font-family: Arial, sans-serif\">(42) 2102-8935<\/span><\/p>\n<\/td>\n<\/tr>\n<tr valign=\"top\">\n<td width=\"191\">\n<p class=\"western\"><span style=\"font-family: Arial, sans-serif\">CETEP<\/span><\/p>\n<\/td>\n<td width=\"232\">\n<p class=\"western\" align=\"justify\"><span style=\"font-family: Arial, sans-serif\"><a href=\"mailto:cetep@uepg.br\">cetep@uepg.br<\/a><\/span><\/p>\n<\/td>\n<td width=\"131\">\n<p class=\"western\"><span style=\"font-family: Arial, sans-serif\">(42) 2102-8951<\/span><\/p>\n<\/td>\n<\/tr>\n<tr valign=\"top\">\n<td width=\"191\">\n<p class=\"western\"><span style=\"font-family: Arial, sans-serif\">LITEC<\/span><\/p>\n<\/td>\n<td width=\"232\">\n<p class=\"western\" align=\"justify\"><span style=\"font-family: Arial, sans-serif\"><a href=\"mailto:Litec@uepg.br\">litec@uepg.br<\/a><\/span><\/p>\n<\/td>\n<td width=\"131\">\n<p class=\"western\"><span style=\"font-family: Arial, sans-serif\">(42) 3220-3769<\/span><\/p>\n<\/td>\n<\/tr>\n<tr valign=\"top\">\n<td width=\"191\">\n<p class=\"western\"><span style=\"font-family: Arial, sans-serif\">LANAT<\/span><\/p>\n<\/td>\n<td width=\"232\">\n<p class=\"western\" align=\"justify\"><span style=\"font-family: Arial, sans-serif\"><a href=\"mailto:aliccardo@uepg.br\">aliccardo@uepg.br<\/a><\/span><\/p>\n<\/td>\n<td width=\"131\">\n<p class=\"western\"><span style=\"font-family: Arial, sans-serif\">(42) 3220-3024<\/span><\/p>\n<\/td>\n<\/tr>\n<tr valign=\"top\">\n<td width=\"191\" height=\"2\">\n<p class=\"western\"><span style=\"font-family: Arial, sans-serif\">LAMUHDI<\/span><\/p>\n<\/td>\n<td width=\"232\">\n<p class=\"western\" align=\"justify\"><span style=\"font-family: Arial, sans-serif\"><a href=\"mailto:museucamposgerais@uepg.br\">museucamposgerais@uepg.br<\/a><\/span><\/p>\n<\/td>\n<td width=\"131\">\n<p class=\"western\"><span style=\"font-family: Arial, sans-serif\">(42) 3220-8981<\/span><\/p>\n<\/td>\n<\/tr>\n<tr valign=\"top\">\n<td width=\"191\">\n<p class=\"western\"><span style=\"font-family: Arial, sans-serif\">CEPPODI-LAB<\/span><\/p>\n<\/td>\n<td width=\"232\">\n<p class=\"western\"><span style=\"font-family: Arial, sans-serif\"><a href=\"mailto:mestradodireitouepg@uepg.br\">mestradodireitouepg@uepg.br<\/a><\/span><\/p>\n<\/td>\n<td width=\"131\">\n<p class=\"western\"><span style=\"font-family: Arial, sans-serif\">(42) 2102-8992<\/span><\/p>\n<p class=\"western\"><span style=\"font-family: Arial, sans-serif\">(42) 2102-8993<\/span><\/p>\n<\/td>\n<\/tr>\n<\/tbody>\n<\/table>\n<p style=\"text-align: center\"><span style=\"font-family: Arial, sans-serif\">Coordena\u00e7\u00e3o Geral do Complexo de Laborat\u00f3rios Multiusu\u00e1rios (C-LABMU) da UEPG<\/span><\/p>\n<p style=\"text-align: center\"><span style=\"font-family: Arial, sans-serif\">1. Prof. Dr. Adriel Ferreira da Fonseca \u2013 Coordenador <\/span><\/p>\n<p style=\"text-align: center\"><span style=\"font-family: Arial, sans-serif\">\u00a0 \u00a0 \u00a0 \u00a0 \u00a0 a. <\/span><span style=\"font-family: Arial, sans-serif\">e-mail: <\/span><span style=\"color: #467886\"><u><a href=\"mailto:clabmu.coordenacao@uepg.br\"><span style=\"font-family: Arial, sans-serif\">clabmu.coordenacao@uepg.br<\/span><\/a><\/u><\/span><\/p>\n<p style=\"text-align: center\"><span style=\"font-family: Arial, sans-serif\">2. Tec. Rachel Govea da Silva \u2013 Apoio \u00e0 Coordena\u00e7\u00e3o <\/span><\/p>\n<p style=\"text-align: center\"><span style=\"font-family: Arial, sans-serif\">\u00a0 \u00a0 \u00a0 \u00a0 \u00a0 a. e-mail: <\/span><span style=\"color: #467886\"><u><a href=\"mailto:clabmuadm@uepg.br\"><span style=\"font-family: Arial, sans-serif\">clabmuadm@uepg.br<\/span><\/a><\/u><\/span><\/p>\n<p style=\"text-align: center\">b. Telefone: (42) 3220-3251<\/p>\n<\/div>\n<\/div>\n<\/div>\n<\/div>\n<\/div>\n<div id=\"pg-1114-1\" class=\"panel-grid panel-no-style\" data-style=\"{&quot;background_image_attachment&quot;:false,&quot;background_display&quot;:&quot;tile&quot;,&quot;cell_alignment&quot;:&quot;flex-start&quot;}\" data-ratio=\"1\" data-ratio-direction=\"right\">\n<div id=\"pgc-1114-1-0\" class=\"panel-grid-cell panel-grid-cell-empty\" data-weight=\"1\"><\/div>\n<\/div>\n<\/div>\n","protected":false},"excerpt":{"rendered":"<p>Central Multiusu\u00e1ria E-mail Telefone C-LABMU Central e CIPP clabmuadm@uepg.br (42) 2102-8935 LABMU-CiBioS labmucibios@uepg.br (42) 3220-3167 CT-AGRO ctagro@uepg.br (42) 3220-3152 (42) 2102-8935 CEPROT ceprot@uepg.br (42) 3220-3152 (42) 2102-8935 LPRH mjungles@uepg.br (42) 2102-8935 CETEP cetep@uepg.br (42) 2102-8951 LITEC litec@uepg.br (42) 3220-3769 LANAT aliccardo@uepg.br (42) 3220-3024 LAMUHDI museucamposgerais@uepg.br (42) 3220-8981 CEPPODI-LAB mestradodireitouepg@uepg.br (42) 2102-8992 (42) 2102-8993 Coordena\u00e7\u00e3o Geral&nbsp;&hellip;<\/p>\n","protected":false},"author":763,"featured_media":0,"parent":0,"menu_order":0,"comment_status":"closed","ping_status":"closed","template":"","meta":[],"_links":{"self":[{"href":"https:\/\/www2.uepg.br\/propesp-clabmu\/wp-json\/wp\/v2\/pages\/1114"}],"collection":[{"href":"https:\/\/www2.uepg.br\/propesp-clabmu\/wp-json\/wp\/v2\/pages"}],"about":[{"href":"https:\/\/www2.uepg.br\/propesp-clabmu\/wp-json\/wp\/v2\/types\/page"}],"author":[{"embeddable":true,"href":"https:\/\/www2.uepg.br\/propesp-clabmu\/wp-json\/wp\/v2\/users\/763"}],"replies":[{"embeddable":true,"href":"https:\/\/www2.uepg.br\/propesp-clabmu\/wp-json\/wp\/v2\/comments?post=1114"}],"version-history":[{"count":29,"href":"https:\/\/www2.uepg.br\/propesp-clabmu\/wp-json\/wp\/v2\/pages\/1114\/revisions"}],"predecessor-version":[{"id":1267,"href":"https:\/\/www2.uepg.br\/propesp-clabmu\/wp-json\/wp\/v2\/pages\/1114\/revisions\/1267"}],"wp:attachment":[{"href":"https:\/\/www2.uepg.br\/propesp-clabmu\/wp-json\/wp\/v2\/media?parent=1114"}],"curies":[{"name":"wp","href":"https:\/\/api.w.org\/{rel}","templated":true}]}}