{"id":121,"date":"2019-11-01T15:09:29","date_gmt":"2019-11-01T18:09:29","guid":{"rendered":"http:\/\/www2.uepg.br\/propesp\/?page_id=121"},"modified":"2025-11-12T13:41:27","modified_gmt":"2025-11-12T16:41:27","slug":"contato","status":"publish","type":"page","link":"https:\/\/www2.uepg.br\/propesp\/contato\/","title":{"rendered":"Contato"},"content":{"rendered":"<h3 style=\"text-align: center\"><strong>PESQUISA<\/strong><\/h3>\n<p>&nbsp;<\/p>\n<h4 style=\"text-align: center\">DIRETORIA DE PESQUISA<\/h4>\n<p style=\"text-align: center\">Telefone:(42)3220-3265<\/p>\n<p style=\"text-align: center\">E-mail:pesquisa@uepg.br<\/p>\n<p style=\"text-align: center\">Endere\u00e7o:Campus Uvaranas, Reitoria, sala 13<\/p>\n<p>&nbsp;<\/p>\n<h4 style=\"text-align: center\">PESQUISA<\/h4>\n<p style=\"text-align: center\">Telefone:(42)3220-3262<\/p>\n<p style=\"text-align: center\">E-mail:pesquisa@uepg.br<\/p>\n<p style=\"text-align: center\">Campus Uvaranas, Reitoria, sala 12<\/p>\n<p>&nbsp;<\/p>\n<h4 style=\"text-align: center\">INICIA\u00c7\u00c3O CIENT\u00cdFICA<\/h4>\n<p style=\"text-align: center\">Telefone:(42)3220-3799\u00a0 <img loading=\"lazy\" class=\"alignnone wp-image-4045\" src=\"https:\/\/www2.uepg.br\/propesp\/wp-content\/uploads\/sites\/41\/2024\/08\/WhatsApp-Image-2024-08-22-at-11.56.24.jpeg\" alt=\"\" width=\"20\" height=\"20\" \/><\/p>\n<p style=\"text-align: center\">E-mail:pibic@uepg.br<\/p>\n<p style=\"text-align: center\">Campus Uvaranas, Reitoria, sala 14<\/p>\n<p>&nbsp;<\/p>\n<p>&nbsp;<\/p>\n<h3 style=\"text-align: center\"><strong>P\u00d3S-GRADUA\u00c7\u00c3O<\/strong><\/h3>\n<p>&nbsp;<\/p>\n<h4 style=\"text-align: center\">DIRETORIA DE P\u00d3S-GRADUA\u00c7\u00c3O<\/h4>\n<p style=\"text-align: center\">Diretora de P\u00f3s-Gradua\u00e7\u00e3o &#8211; Profa. Dra. Simone de F\u00e1tima Flach<\/p>\n<p style=\"text-align: center\">Telefone: 3220-3789<\/p>\n<p style=\"text-align: center\">E-mail: dpg@uepg.br<\/p>\n<p>&nbsp;<\/p>\n<h4 style=\"text-align: center\">DIVIS\u00c3O DE P\u00d3S-GRADUA\u00c7\u00c3O \u00a8STRICTO SENSU\u00a8<\/h4>\n<p style=\"text-align: center\">Karla Cristine Falc\u00e3o de Souza &#8211; Assessora PROPESP<\/p>\n<p style=\"text-align: center\">Telefone: 3220-3261 <img loading=\"lazy\" class=\"alignnone wp-image-4045\" src=\"https:\/\/www2.uepg.br\/propesp\/wp-content\/uploads\/sites\/41\/2024\/08\/WhatsApp-Image-2024-08-22-at-11.56.24.jpeg\" alt=\"\" width=\"20\" height=\"20\" \/><\/p>\n<p style=\"text-align: center\">E-mail: dpg@uepg.br<\/p>\n<p>&nbsp;<\/p>\n<h4 style=\"text-align: center\">DIVIS\u00c3O DE P\u00d3S-GRADUA\u00c7\u00c3O \u00a8LATO SENSU\u00a8<\/h4>\n<p style=\"text-align: center\">Chefe da Divis\u00e3o de P\u00f3s-Gradua\u00e7\u00e3o \u2013 Prof. Dr. Ulisses Coelho<\/p>\n<p style=\"text-align: center\">Telefone: 3220-3282\u00a0 <img loading=\"lazy\" class=\"alignnone wp-image-4045\" src=\"https:\/\/www2.uepg.br\/propesp\/wp-content\/uploads\/sites\/41\/2024\/08\/WhatsApp-Image-2024-08-22-at-11.56.24.jpeg\" alt=\"\" width=\"20\" height=\"20\" \/><\/p>\n<p style=\"text-align: center\">E-mail: cep105@uepg.br<\/p>\n<p>&nbsp;<\/p>\n<h4 style=\"text-align: center\">SECRETARIA ACAD\u00caMICA DE P\u00d3S-GRADUA\u00c7\u00c3O \u00a8STRICTO SENSU\u00a8<\/h4>\n<p style=\"text-align: center\">Ana Fl\u00e1via Batista Woicizack \u2013 T\u00e9cnico Administrativa<\/p>\n<p style=\"text-align: center\">Telefone: 3220-3150\u00a0 <img loading=\"lazy\" class=\"alignnone wp-image-4045\" src=\"https:\/\/www2.uepg.br\/propesp\/wp-content\/uploads\/sites\/41\/2024\/08\/WhatsApp-Image-2024-08-22-at-11.56.24.jpeg\" alt=\"\" width=\"22\" height=\"22\" \/><\/p>\n<p style=\"text-align: center\">E-mail: sapgs@uepg.br<\/p>\n<p>&nbsp;<\/p>\n<h4 style=\"text-align: center\">SECRETARIA DE P\u00d3S-GRADUA\u00c7\u00c3O \u00a8LATO SENSU\u00a8<\/h4>\n<p style=\"text-align: center\">Yasmin Adriano Delbone &#8211; T\u00e9cnico Administrativo<\/p>\n<p style=\"text-align: center\">Rafaela de Mello- Estagi\u00e1ria<\/p>\n<p style=\"text-align: center\">Telefone: 3220-3282 <img loading=\"lazy\" class=\"alignnone wp-image-4045\" src=\"https:\/\/www2.uepg.br\/propesp\/wp-content\/uploads\/sites\/41\/2024\/08\/WhatsApp-Image-2024-08-22-at-11.56.24.jpeg\" alt=\"\" width=\"20\" height=\"20\" \/><\/p>\n<p style=\"text-align: center\">Email: propespsecretaria@uepg.br<\/p>\n","protected":false},"excerpt":{"rendered":"<p>PESQUISA &nbsp; DIRETORIA DE PESQUISA Telefone:(42)3220-3265 E-mail:pesquisa@uepg.br Endere\u00e7o:Campus Uvaranas, Reitoria, sala 13 &nbsp; PESQUISA Telefone:(42)3220-3262 E-mail:pesquisa@uepg.br Campus Uvaranas, Reitoria, sala 12 &nbsp; INICIA\u00c7\u00c3O CIENT\u00cdFICA Telefone:(42)3220-3799\u00a0 E-mail:pibic@uepg.br Campus Uvaranas, Reitoria, sala 14 &nbsp; &nbsp; P\u00d3S-GRADUA\u00c7\u00c3O &nbsp; DIRETORIA DE P\u00d3S-GRADUA\u00c7\u00c3O Diretora de P\u00f3s-Gradua\u00e7\u00e3o &#8211; Profa. Dra. Simone de F\u00e1tima Flach Telefone: 3220-3789 E-mail: dpg@uepg.br &nbsp; DIVIS\u00c3O DE&nbsp;&hellip;<\/p>\n","protected":false},"author":24,"featured_media":0,"parent":0,"menu_order":0,"comment_status":"closed","ping_status":"closed","template":"","meta":[],"_links":{"self":[{"href":"https:\/\/www2.uepg.br\/propesp\/wp-json\/wp\/v2\/pages\/121"}],"collection":[{"href":"https:\/\/www2.uepg.br\/propesp\/wp-json\/wp\/v2\/pages"}],"about":[{"href":"https:\/\/www2.uepg.br\/propesp\/wp-json\/wp\/v2\/types\/page"}],"author":[{"embeddable":true,"href":"https:\/\/www2.uepg.br\/propesp\/wp-json\/wp\/v2\/users\/24"}],"replies":[{"embeddable":true,"href":"https:\/\/www2.uepg.br\/propesp\/wp-json\/wp\/v2\/comments?post=121"}],"version-history":[{"count":16,"href":"https:\/\/www2.uepg.br\/propesp\/wp-json\/wp\/v2\/pages\/121\/revisions"}],"predecessor-version":[{"id":5385,"href":"https:\/\/www2.uepg.br\/propesp\/wp-json\/wp\/v2\/pages\/121\/revisions\/5385"}],"wp:attachment":[{"href":"https:\/\/www2.uepg.br\/propesp\/wp-json\/wp\/v2\/media?parent=121"}],"curies":[{"name":"wp","href":"https:\/\/api.w.org\/{rel}","templated":true}]}}