{"id":642,"date":"2019-11-13T09:47:09","date_gmt":"2019-11-13T12:47:09","guid":{"rendered":"http:\/\/www2.uepg.br\/propesp\/?page_id=642"},"modified":"2026-03-31T11:43:37","modified_gmt":"2026-03-31T14:43:37","slug":"regulamentos-e-manuais","status":"publish","type":"page","link":"https:\/\/www2.uepg.br\/propesp\/pos-graduacao\/regulamentos-e-manuais\/","title":{"rendered":"Regulamentos e Manuais"},"content":{"rendered":"<h3 style=\"text-align: center\"><strong>Leis<\/strong><\/h3>\n<p style=\"text-align: center\">Di\u00e1rio Oficial da Uni\u00e3o de 18 de dezembro de 2017 &#8211; <a href=\"https:\/\/www2.uepg.br\/propesp\/wp-content\/uploads\/sites\/41\/2019\/11\/p\u00e1gina-1.pdf\">P\u00e1gina 1<\/a> &#8211; <a href=\"https:\/\/www2.uepg.br\/propesp\/wp-content\/uploads\/sites\/41\/2019\/11\/p\u00e1gina-2.pdf\">P\u00e1gina 2<\/a><\/p>\n<p style=\"text-align: center\"><a href=\"https:\/\/www2.uepg.br\/propesp\/wp-content\/uploads\/sites\/41\/2021\/11\/Lei-20443-de-2020-Dispoe-sobre-o-ingresso-de-pessoas-portadoras-de-deficiencia-nas-IES.pdf\">Lei n\u00ba 20443 de 17 de dezembro de 2020 &#8211; Disp\u00f5e sobre o ingresso de pessoas portadoras de defici\u00eancia nas institui\u00e7\u00f5es estaduais de<br \/>\neduca\u00e7\u00e3o superior e institui\u00e7\u00f5es estaduais de ensino t\u00e9cnico.\u00a0<\/a><\/p>\n<p>&nbsp;<\/p>\n<p>&nbsp;<\/p>\n<h3 style=\"text-align: center\"><strong>Manuais<\/strong><\/h3>\n<p style=\"text-align: center\"><a href=\"https:\/\/www2.uepg.br\/propesp\/wp-content\/uploads\/sites\/41\/2019\/11\/LIVRO_ManualNormaliza\u00e7\u00e3o3-ed_rev.-atual-2014.pdf\" target=\"_blank\" rel=\"noopener noreferrer\">Manual de normaliza\u00e7\u00e3o bibliogr\u00e1fica para trabalhos cient\u00edficos.<\/a><\/p>\n<p>&nbsp;<\/p>\n<p>&nbsp;<\/p>\n<h3 style=\"text-align: center\"><strong>Regulamentos da P\u00f3s-Gradua\u00e7\u00e3o<\/strong><\/h3>\n<hr \/>\n<h4 style=\"text-align: center\"><strong>CAPES<\/strong><\/h4>\n<p>&nbsp;<\/p>\n<p><a href=\"https:\/\/www2.uepg.br\/propesp\/wp-content\/uploads\/sites\/41\/2023\/05\/Portaria-CAPES-n.79.2023-revoga-a-obrigatoriedade-do-bolsista-fixar-residencia-na-cidade-onde-realiza-o-curso.pdf\">Portaria CAPES n\u00b0 79 de 28 de abril de 2023 &#8211; revoga a obrigatoriedade do bolsista fixar resid\u00eancia na cidade onde realiza o curso<\/a><\/p>\n<p><a href=\"https:\/\/www2.uepg.br\/propesp\/wp-content\/uploads\/sites\/41\/2020\/06\/PORTARIA-CAPES-n\u00ba-55-de-29-de-abril-de-2020-Disp\u00f5e-sobre-a-prorroga\u00e7\u00e3o-excepcional-dos-prazos-de-vig\u00eancia-vig\u00eancia-de-bolsas-de-mestrado-e-doutorado-no-pa\u00eds-da-CAPES.pdf\">Portaria CAPES n\u00ba 55 de 29 de abril de 2020 &#8211; Disp\u00f5e sobre a prorroga\u00e7\u00e3o excepcional dos prazos de vig\u00eancia de bolsas de mestrado e doutorado no pa\u00eds da CAPES<\/a>.<\/p>\n<p style=\"text-align: left\"><a href=\"https:\/\/www2.uepg.br\/propesp\/wp-content\/uploads\/sites\/41\/2019\/11\/Portaria-CAPES-132-de-18.08.2016-estabelece-valor-de-di\u00e1rias-para-o-exterior.pdf\" target=\"_blank\" rel=\"noopener noreferrer\">Port. 132 18 de agosto de 2016 &#8211; Estabelecimento do valor de di\u00e1rias para o exterior.<\/a><\/p>\n<p style=\"text-align: left\"><a href=\"https:\/\/www2.uepg.br\/propesp\/wp-content\/uploads\/sites\/41\/2019\/11\/Portaria_CAPES-Portaria_206_de_2018.pdf\" target=\"_blank\" rel=\"noopener noreferrer\">Port. 206 de 04 de setembro de 2018 &#8211; Funda\u00e7\u00e3o coordena\u00e7\u00e3o de aperfei\u00e7oamento de pessoal de n\u00edvel superior.<\/a><\/p>\n<p style=\"text-align: left\"><a href=\"https:\/\/www2.uepg.br\/propesp\/wp-content\/uploads\/sites\/41\/2019\/11\/27032017-PORTARIA-N-59-DE-27-DE-MARCO-DE-2017.pdf\" target=\"_blank\" rel=\"noopener noreferrer\">Port. 59 de 27 de mar\u00e7o de 2017 &#8211; Informa\u00e7\u00f5es sobre a avalia\u00e7\u00e3o quadrienal.<\/a><\/p>\n<p style=\"text-align: left\"><a href=\"https:\/\/www2.uepg.br\/propesp\/wp-content\/uploads\/sites\/41\/2019\/11\/Port_143_17_Reg_Rec_Diplomas_2017.pdf\" target=\"_blank\" rel=\"noopener noreferrer\">Port. 143 de 10 de mar\u00e7o de 2017 &#8211; Regulamento Reconhecimento de Diplomas.<\/a><\/p>\n<p style=\"text-align: left\"><a href=\"https:\/\/www2.uepg.br\/propesp\/wp-content\/uploads\/sites\/41\/2019\/11\/Portaria-R-365-2016_Capacitacao-Docente.pdf\" target=\"_blank\" rel=\"noopener noreferrer\">Port. 365 de 31 de outubro de 2016 &#8211; Regulamento de Capacita\u00e7\u00e3o Docente.<\/a><\/p>\n<p><a href=\"https:\/\/www2.uepg.br\/propesp\/wp-content\/uploads\/sites\/41\/2021\/07\/Portaria-no-156-de-28-de-Novembro-de-2014.pdf\">Port. 156 de 28 de novembro de 2014 &#8211; Regulamenta a sistem\u00e1tica do Programa de Apoio \u00e0 P\u00f3s \u2013 PROAP.<\/a><\/p>\n<p><a href=\"https:\/\/www2.uepg.br\/propesp\/wp-content\/uploads\/sites\/41\/2020\/08\/Portaria-CAPES-no-248-de-19-de-dezembro-de-2011-regulamenta-bolsa-de-estudo-em-funcao-da-maternidade.pdf\">Portaria CAPES n\u00ba 248 de 19 de dezembro de 2011 &#8211; Regulamenta bolsa de estudo em fun\u00e7\u00e3o da maternidade.<\/a><\/p>\n<p style=\"text-align: left\"><a href=\"https:\/\/www2.uepg.br\/propesp\/wp-content\/uploads\/sites\/41\/2019\/11\/OF_CIRC_CAPES_19_10_CDS_Demanda-Social.pdf\" target=\"_blank\" rel=\"noopener noreferrer\">Of. Circ. 19 de 20 de abril 2010 &#8211; CDS\/CGSI\/DPB &#8211; Encaminha novo regulamento de Demanda Social.<\/a><\/p>\n<p style=\"text-align: left\"><a href=\"https:\/\/www2.uepg.br\/propesp\/wp-content\/uploads\/sites\/41\/2019\/11\/Port_76_10_Reg_Prog_Demanda_Social_2010.pdf\" target=\"_blank\" rel=\"noopener noreferrer\">Port. 76 de 14 de abril de 2010 &#8211; Regulamento de Demanda Social 2010.<\/a><\/p>\n<p>&nbsp;<\/p>\n<h4 style=\"text-align: center\"><strong>Resolu\u00e7\u00f5es CNE<\/strong><\/h4>\n<p style=\"text-align: left\"><a href=\"https:\/\/www2.uepg.br\/propesp\/wp-content\/uploads\/sites\/41\/2019\/11\/Projeto-de-resolu\u00e7\u00e3o.pdf\" target=\"_blank\" rel=\"noopener noreferrer\">PROJETO DE RESOLU\u00c7\u00c3O &#8211; Estabelece normas para o funcionamento de cursos de p\u00f3s-gradua\u00e7\u00e3o stricto.<\/a><\/p>\n<p style=\"text-align: left\"><a href=\"https:\/\/www2.uepg.br\/propesp\/wp-content\/uploads\/sites\/41\/2019\/11\/227de28denovembrode2017.pdf\" target=\"_blank\" rel=\"noopener noreferrer\">Di\u00e1rio Oficial &#8211; Fica homologado o Parecer CNE\/CES n\u00ba 388\/2017, da C\u00e2mara de Educa\u00e7\u00e3o Superior do Conselho Nacional de Educa\u00e7\u00e3o, que votou favoravelmente pelas altera\u00e7\u00f5es de nomenclaturas requeridas pelas respectivas institui\u00e7\u00f5es de ensino superior, nos cursos de p\u00f3s-gradua\u00e7\u00e3o stricto sensu relacionados no anexo desta Portaria.<\/a><\/p>\n<p style=\"text-align: left\"><a href=\"https:\/\/www2.uepg.br\/propesp\/wp-content\/uploads\/sites\/41\/2019\/11\/12122017-RESOLUCAO-N-7-DE-11-DE-DEZEMBRO-DE-20171.pdf\" target=\"_blank\" rel=\"noopener noreferrer\">7 de 11 de dezembro de 2017 &#8211; Estabelece normas para o funcionamento de cursos de p\u00f3s-gradua\u00e7\u00e3o stricto sensu.<\/a><\/p>\n<p style=\"text-align: left\"><a href=\"https:\/\/www2.uepg.br\/propesp\/wp-content\/uploads\/sites\/41\/2019\/11\/Res.CNE012007.pdf\" target=\"_blank\" rel=\"noopener noreferrer\">1 de 8 de junho de 2007 &#8211; Estabelece normas para o funcionamento de cursos de P\u00f3s-gradua\u00e7\u00e3o Lato Sensu, em n\u00edvel de especializa\u00e7\u00e3o.<\/a><\/p>\n<p style=\"text-align: left\"><a href=\"https:\/\/www2.uepg.br\/propesp\/wp-content\/uploads\/sites\/41\/2019\/11\/resolucao12001.doc\" target=\"_blank\" rel=\"noopener noreferrer\">1 de 3 de abril de 2001 &#8211; Estabelece normas para o funcionamento de cursos de P\u00f3s- Gradua\u00e7\u00e3o.<\/a><\/p>\n<p>&nbsp;<\/p>\n<h4 style=\"text-align: center\"><strong>Resolu\u00e7\u00f5es UNIV<\/strong><\/h4>\n<p style=\"text-align: left\"><a href=\"https:\/\/www2.uepg.br\/propesp\/wp-content\/uploads\/sites\/41\/2019\/11\/UNIV-2018-20-pdocente.pdf\" target=\"_blank\" rel=\"noopener noreferrer\">20 de 13 de Dezembro de 2018 &#8211; Altera o Regulamento de Capacita\u00e7\u00e3o Docente, da UEPG.<\/a><\/p>\n<p style=\"text-align: left\"><a href=\"https:\/\/www2.uepg.br\/propesp\/wp-content\/uploads\/sites\/41\/2019\/11\/1112018-06-1424-Pesquisador-Senior.pdf\" target=\"_blank\" rel=\"noopener noreferrer\">11 de 14 de junho de 2018 &#8211; Aprova novo Regulamento do Programa Pesquisador S\u00eanior na Universidade Estadual de Ponta Grossa.<\/a><\/p>\n<p style=\"text-align: left\"><a href=\"https:\/\/www2.uepg.br\/propesp\/wp-content\/uploads\/sites\/41\/2019\/11\/Regimento-PROPESP-1322017-12-14242.pdf\" target=\"_blank\" rel=\"noopener noreferrer\">32 de 14 de dezembro de 2017 &#8211; Aprova Regimento Interno da Pr\u00f3-Reitoria de Pesquisa e P\u00f3s-Gradua\u00e7\u00e3o, da UEPG.<\/a><\/p>\n<p style=\"text-align: left\"><a href=\"https:\/\/www2.uepg.br\/propesp\/wp-content\/uploads\/sites\/41\/2019\/11\/Res-Univ-040-2016_Diplomas-de-Mestrado-e-Doutorado.pdf\" target=\"_blank\" rel=\"noopener noreferrer\">40 de 15 de dezembro de 2016 &#8211; Aprova Regulamento pertinente \u00e0 Confec\u00e7\u00e3o, Expedi\u00e7\u00e3o e Registro de Diplomas dos Programas de P\u00f3s-Gradua\u00e7\u00e3o Stricto sensu, da UEPG.<\/a><\/p>\n<p style=\"text-align: left\"><a href=\"https:\/\/www2.uepg.br\/propesp\/wp-content\/uploads\/sites\/41\/2019\/11\/Resolucao-Univ-033-2016_Homologacao-da-Portaria-R-365-2016.pdf\" target=\"_blank\" rel=\"noopener noreferrer\">33 de 15 de dezembro de 2016 &#8211; Homologa Portaria R. no 365\/2016 que aprovou o novo Regulamento de Capacita\u00e7\u00e3o Docente, da UEPG.<\/a><\/p>\n<p style=\"text-align: left\"><strong>REVOGADA\u00a0<\/strong><a href=\"https:\/\/www2.uepg.br\/propesp\/wp-content\/uploads\/sites\/41\/2019\/11\/univ_35_2008.pdf\" target=\"_blank\" rel=\"noopener noreferrer\">&#8211; 35 de 10 de dezembro de 2008 &#8211; Regulamento de Capacita\u00e7\u00e3o Docente da UEPG.<\/a><\/p>\n<p style=\"text-align: left\"><strong>REVOGADA\u00a0<\/strong><a href=\"https:\/\/www2.uepg.br\/propesp\/wp-content\/uploads\/sites\/41\/2019\/11\/Resuni004.pdf\" target=\"_blank\" rel=\"noopener noreferrer\">&#8211; 4 de 26 de abril de 2006 &#8211; Homologa a Resolu\u00e7\u00e3o CEPE no 21, de 21 de abril de 2006, que aprovou o Regulamento da Orienta\u00e7\u00e3o de Disserta\u00e7\u00e3o de Mestrado e Tese de Doutorado nos Cursos de P\u00f3s-Gradua\u00e7\u00e3o Stricto Sensu da Universidade Estadual de Ponta Grossa, como atividade de ensino.<\/a><\/p>\n<p style=\"text-align: left\"><strong>REVOGADA\u00a0<\/strong><a href=\"https:\/\/www2.uepg.br\/propesp\/wp-content\/uploads\/sites\/41\/2019\/11\/pesqusenior.doc\" target=\"_blank\" rel=\"noopener noreferrer\">&#8211; 3 de 26 de abril de 2006 &#8211; Aprova a cria\u00e7\u00e3o do Programa de Pesquisador S\u00eanior nos Programas de P\u00f3s-Gradua\u00e7\u00e3o Stricto Sensu, da Universidade Estadual de Ponta Grossa.<\/a><\/p>\n<p style=\"text-align: left\"><strong>REVOGADA\u00a0<\/strong><a href=\"https:\/\/www2.uepg.br\/propesp\/wp-content\/uploads\/sites\/41\/2019\/11\/Resuni017.doc\" target=\"_blank\" rel=\"noopener noreferrer\">&#8211; 17 de 29 de novembro de 2004 &#8211; Altera dispositivos da Resolu\u00e7\u00e3o UNIV n\u00b0 29 &#8211; Aprova o Regulamento de Capacita\u00e7\u00e3o Docente da UEPG.<\/a><\/p>\n<p>&nbsp;<\/p>\n<h4 style=\"text-align: center\"><strong>Resolu\u00e7\u00f5es CA<\/strong><\/h4>\n<p style=\"text-align: left\"><a href=\"https:\/\/www2.uepg.br\/propesp\/wp-content\/uploads\/sites\/41\/2019\/11\/Res-CA-299-2016_Planilhas-dos-cursos-Lato-sensu.pdf\" target=\"_blank\" rel=\"noopener noreferrer\">299 de 05 de dezembro de 2016 &#8211; Estabelece crit\u00e9rios para a elabora\u00e7\u00e3o da planilha or\u00e7ament\u00e1ria e financeira que integra os projetos de cursos de p\u00f3s-gradua\u00e7\u00e3o Lato sensu, nas modalidades presencial e a dist\u00e2ncia, oferecidos pela Universidade Estadual de Ponta Grossa em conv\u00eanio com institui\u00e7\u00f5es p\u00fablicas e\/ou privadas de apoio institucional.<\/a><\/p>\n<p style=\"text-align: left\"><a href=\"https:\/\/www2.uepg.br\/propesp\/wp-content\/uploads\/sites\/41\/2019\/11\/Resca366.2008.pdf\" target=\"_blank\" rel=\"noopener noreferrer\">366 de 16 de setembro de 2008 &#8211; Cria o Programa de Apoio \u00e0 P\u00f3s-Gradua\u00e7\u00e3o Stricto Sensu da Universidade Estadual de Ponta Grossa &#8211; PROAP\/UEPG.<\/a><\/p>\n<p style=\"text-align: left\"><a href=\"https:\/\/www2.uepg.br\/propesp\/wp-content\/uploads\/sites\/41\/2019\/11\/Resca481_08.pdf\" target=\"_blank\" rel=\"noopener noreferrer\">481 de 8 de dezembro de 2008 &#8211; Regulamento do Programa de Apoio \u00e0 P\u00f3s-Gradua\u00e7\u00e3o Stricto Sensu da Universidade Estadual de Ponta Grossa \u2013 PROAP\/UEPG.<\/a><\/p>\n<p style=\"text-align: left\"><strong>REVOGADA\u00a0<\/strong><a href=\"https:\/\/www2.uepg.br\/propesp\/wp-content\/uploads\/sites\/41\/2019\/11\/ResCA419.pdf\" target=\"_blank\" rel=\"noopener noreferrer\">&#8211; 419 de 12 de novembro de 2007 &#8211; Estabelece os crit\u00e9rios para a elabora\u00e7\u00e3o da planilha or\u00e7ament\u00e1ria e financeira que integra os projetos de cursos de p\u00f3s-gradua\u00e7\u00e3o \u201cLato Sensu\u201d, e seq\u00fcenciais e de extens\u00e3o, nas modalidades presencial e a dist\u00e2ncia oferecidos pela Universidade Estadual de Ponta Grossa em conv\u00eanio com institui\u00e7\u00f5es p\u00fablicas e\/ou privadas de apoio institucional.<\/a><\/p>\n<p style=\"text-align: left\"><strong>REVOGADA\u00a0<\/strong><a href=\"https:\/\/www2.uepg.br\/propesp\/wp-content\/uploads\/sites\/41\/2019\/11\/Resca038.pdf\" target=\"_blank\" rel=\"noopener noreferrer\">&#8211; 38 de 13 de fevereiro de 2006 &#8211; Altera reda\u00e7\u00e3o do artigo 5\u00ba da Resolu\u00e7\u00e3o CA N\u00ba 117, de 17 de maio de 2004, para estabelecer o pagamento do coordenador de curso seq\u00fcencial ou de especializa\u00e7\u00e3o.<\/a><\/p>\n<p style=\"text-align: left\"><a href=\"https:\/\/www2.uepg.br\/propesp\/wp-content\/uploads\/sites\/41\/2019\/11\/Resolu\u00e7\u00e3o-CA-180isen\u00e7\u00e3o-cursos.pdf\" target=\"_blank\" rel=\"noopener noreferrer\">180 de 17 de novembro de 1993 &#8211; Estabelece o n\u00famero de vagas com isen\u00e7\u00e3o de pagamentos e crit\u00e9rios para participa\u00e7\u00e3o de servidores em cursos e eventos oferecidos pela UEPG, com exce\u00e7\u00e3o dos cursos de p\u00f3s-gradua\u00e7\u00e3o &#8220;Stricto Sensu&#8221;<\/a><\/p>\n<p>&nbsp;<\/p>\n<h4 style=\"text-align: center\"><strong>Resolu\u00e7\u00f5es CEPE<\/strong><\/h4>\n<p>&nbsp;<\/p>\n<p><a href=\"https:\/\/www2.uepg.br\/propesp\/wp-content\/uploads\/sites\/41\/2026\/03\/Resolucao-CEPE-n.-5.2026-NOVO-REGULAMENTO-GERAL-da-pos-graduacao-stricto-sensu.pdf\">05 de 30 de mar\u00e7o de 2026 &#8211; NOVO Regulamento Geral da P\u00f3s-Gradua\u00e7\u00e3o <em>Stricto Sensu<\/em><\/a> &#8211; <a href=\"https:\/\/www2.uepg.br\/propesp\/wp-content\/uploads\/sites\/41\/2026\/03\/Anexo-da-Res-CEPE-n.-5.2026-NOVO-REGULAMENTO-da-pos-strcito-sensu.pdf\">ANEXO<\/a><\/p>\n<p style=\"text-align: left\"><a href=\"https:\/\/www2.uepg.br\/propesp\/wp-content\/uploads\/sites\/41\/2019\/11\/Res-CEPE-038-2018_Regulamento-Geral-dos-Cursos-Lato-Sensu.pdf\" target=\"_blank\" rel=\"noopener noreferrer\">038 de 21 de Agosto de 2018 &#8211; NOVO Regulamento Geral dos Cursos de P\u00f3s-Gradua\u00e7\u00e3o Lato sensu, da uepg.<\/a><\/p>\n<p style=\"text-align: left\"><a href=\"https:\/\/www2.uepg.br\/propesp\/wp-content\/uploads\/sites\/41\/2019\/11\/2018-08-21_Resolucao-CEPE-043-RED.pdf\" target=\"_blank\" rel=\"noopener noreferrer\">043 de 21 de Agosto de 2018 &#8211; NOVO Regulamento de Exerc\u00edcios Domiciliares<\/a><\/p>\n<p style=\"text-align: left\"><a href=\"https:\/\/www2.uepg.br\/propesp\/wp-content\/uploads\/sites\/41\/2019\/11\/2018-04-17_Resolucao-CEPE-019-2018.pdf\" target=\"_blank\" rel=\"noopener noreferrer\">019 de 17 de Abril de 2018 &#8211; aprova novo regulamento do procedimento para realiza\u00e7\u00e3o de defesa fechada dos trabalhos de conclus\u00e3o de curso de p\u00f3s-gradua\u00e7\u00e3o, da uepg.<\/a><\/p>\n<p style=\"text-align: left\"><a href=\"https:\/\/www2.uepg.br\/propesp\/wp-content\/uploads\/sites\/41\/2019\/11\/resolucao-cepe-23-05.pdf\" target=\"_blank\" rel=\"noopener noreferrer\">016 de 23 de Maio de 2017 &#8211; aprova regulamento do regime de cotutela de tese de doutorado entre a universidade estadual de ponta grossa e institui\u00e7\u00f5es estrangeiras.<\/a><\/p>\n<p style=\"text-align: left\"><a href=\"https:\/\/www2.uepg.br\/propesp\/wp-content\/uploads\/sites\/41\/2019\/11\/Res-CEPE-033-2016_Residencia-Multi-e-Uniprofissional.pdf\" target=\"_blank\" rel=\"noopener noreferrer\">033 de 1\u00b0 de Dezembro de 2016 &#8211; aprova novo regulamento dos programas de resid\u00eancia em \u00e1rea profissional da sa\u00fade, nas modalidades multiprofissional e uniprofissional, da UEPG.<\/a><\/p>\n<p style=\"text-align: left\"><a href=\"https:\/\/www2.uepg.br\/propesp\/wp-content\/uploads\/sites\/41\/2019\/11\/Resolucao-CEPE-30-2016-ODT.pdf\" target=\"_blank\" rel=\"noopener noreferrer\">030 de 27 de Setembro de 2016 &#8211; aprova novo regulamento de orienta\u00e7\u00e3o de disserta\u00e7\u00e3o de mestrado e de tese de doutorado nos programas de p\u00f3s-gradua\u00e7\u00e3o stricto sensu, da UEPG, como atividade de ensino.<\/a><\/p>\n<p style=\"text-align: left\"><a href=\"https:\/\/www2.uepg.br\/propesp\/wp-content\/uploads\/sites\/41\/2019\/11\/regulamento-de-Est\u00e1gio-de-P\u00f3s-Doutorado-nos-PPGs.pdf\" target=\"_blank\" rel=\"noopener noreferrer\">018 de 28 de Junho de 2016 &#8211; aprova regulamento de est\u00e1gio de p\u00f3s-doutorado nos programas de p\u00f3s-gradua\u00e7\u00e3o stricto sensu, da UEPG.<\/a><\/p>\n<p style=\"text-align: left\"><a href=\"https:\/\/www2.uepg.br\/propesp\/wp-content\/uploads\/sites\/41\/2019\/11\/Resolucao-CEPE-021-2016-Regulamento-do-Estagio-de-Docencia-de-Discentes-dos-Cursos-PPG-Stricto-Sensu.pdf\" target=\"_blank\" rel=\"noopener noreferrer\">021 de 19 de Julho de 2016 &#8211; aprova regulamento de est\u00e1gio de doc\u00eancia de discentes dos cursos de p\u00f3s-gradua\u00e7\u00e3o stricto sensu, da UEPG.<\/a><\/p>\n<p style=\"text-align: left\"><a href=\"https:\/\/www2.uepg.br\/propesp\/wp-content\/uploads\/sites\/41\/2019\/11\/Resolucao-CEPE-021-2016_Anexo-I.doc\" target=\"_blank\" rel=\"noopener noreferrer\">&#8211; Anexo I da Resolu\u00e7\u00e3o CEPE n\u00ba 021\/2016 &#8211; para preenchimento<\/a><\/p>\n<p style=\"text-align: left\"><a href=\"https:\/\/www2.uepg.br\/propesp\/wp-content\/uploads\/sites\/41\/2019\/11\/Resolucao-CEPE-021-2016_Anexo-II.doc\" target=\"_blank\" rel=\"noopener noreferrer\">&#8211; Anexo II da Resolu\u00e7\u00e3o CEPE n\u00ba 021\/2016 &#8211; para preenchimento<\/a><\/p>\n<p style=\"text-align: left\"><a href=\"https:\/\/www2.uepg.br\/propesp\/wp-content\/uploads\/sites\/41\/2019\/11\/Resolucao-CEPE-020-2016-Regulamento-Geral-dos-PPG-Stricto-Sensu-da-UEPG.pdf\" target=\"_blank\" rel=\"noopener noreferrer\">020 de 19 de Julho de 2016 &#8211; aprova regulamento geral dos programas de p\u00f3s-gradua\u00e7\u00e3o stricto sensu, da UEPG.<\/a><\/p>\n<p style=\"text-align: left\"><a href=\"https:\/\/www2.uepg.br\/propesp\/wp-content\/uploads\/sites\/41\/2019\/11\/2016-06-28_Resolucao-CEPE-18-2016.pdf\" target=\"_blank\" rel=\"noopener noreferrer\">018 de 28 de Junho de 2016 &#8211; aprova regulamento de est\u00e1gio de p\u00f3s-doutorado nos programas de p\u00f3s-gradua\u00e7\u00e3o stricto sensu, da UEPG.<\/a><\/p>\n<p style=\"text-align: left\"><a href=\"https:\/\/www2.uepg.br\/propesp\/wp-content\/uploads\/sites\/41\/2019\/11\/Resolucao-CEPE-018-2016_Anexo-I_protegido.doc\">&#8211; Anexo I &#8211; Termo de Compromisso<\/a><\/p>\n<p style=\"text-align: left\"><strong>REVOGADA\u00a0<\/strong><a href=\"https:\/\/www2.uepg.br\/propesp\/wp-content\/uploads\/sites\/41\/2019\/11\/Regulamento-Lato-Sensu-55-2015-12-1523.pdf\" target=\"_blank\" rel=\"noopener noreferrer\">&#8211; 055 de 15 de Dezembro de 2015 &#8211; aprova novo regulamento geral dos cursos de p\u00f3sgradua\u00e7\u00e3o lato sensu, da UEPG.<\/a><\/p>\n<p style=\"text-align: left\"><a href=\"https:\/\/www2.uepg.br\/propesp\/wp-content\/uploads\/sites\/41\/2019\/11\/CEPE-54-2014-PROMEI.pdf\" target=\"_blank\" rel=\"noopener noreferrer\">054 de 16 de Dezembro de 2014 &#8211; aprova novo regulamento do programa de mobilidade estudantil internacional \u2013 promei, da UEPG.<\/a><\/p>\n<p style=\"text-align: left\"><strong>REVOGADA\u00a0<\/strong><a href=\"https:\/\/www2.uepg.br\/propesp\/wp-content\/uploads\/sites\/41\/2019\/11\/ResCEPE_001-2013-lato_sensu.pdf\" target=\"_blank\" rel=\"noopener noreferrer\">&#8211; 001 de 05 de Mar\u00e7o de 2013 &#8211; Aprova Novo Regulamento dos Cursos de P\u00f3s-Gradua\u00e7\u00e3o &#8220;Lato Sensu&#8221; da UEPG.<\/a><\/p>\n<p style=\"text-align: left\"><strong>REVOGADA\u00a0<\/strong><a href=\"https:\/\/www2.uepg.br\/propesp\/wp-content\/uploads\/sites\/41\/2019\/11\/res-CEPE-28-2012.pdf\" target=\"_blank\" rel=\"noopener noreferrer\">&#8211; 028 de 29 de Maio de 2012 &#8211; aprova regulamento de regime domiciliar e de abono de faltas para os cursos de p\u00f3s-gradua\u00e7\u00e3o, da UEPG.<\/a><\/p>\n<p style=\"text-align: left\"><strong>REVOGADA\u00a0<\/strong><a href=\"https:\/\/www2.uepg.br\/propesp\/wp-content\/uploads\/sites\/41\/2019\/11\/ResCepe_30_RegCursoSrictSensu.pdf\" target=\"_blank\" rel=\"noopener noreferrer\">&#8211; 30 de 29 de maio de 2012 &#8211; Aprova Regulamento Geral dos Programas de P\u00f3s-Gradua\u00e7\u00e3o Stricto Sensu da UEPG.<\/a><\/p>\n<p style=\"text-align: left\"><strong>REVOGADA\u00a0<\/strong><a href=\"https:\/\/www2.uepg.br\/propesp\/wp-content\/uploads\/sites\/41\/2019\/11\/r_cepe22_promei.pdf\" target=\"_blank\" rel=\"noopener noreferrer\">&#8211; 22 de 20 de abril de 2011 &#8211; Regulamenta procedimentos referentes aos registros acad\u00eamicos dos estudantes de gradua\u00e7\u00e3o e p\u00f3s-gradua\u00e7\u00e3o no Programa de Mobilidade Estudantil Internacional da UEPG &#8211; PROMEI.<\/a><\/p>\n<p style=\"text-align: left\"><strong>REVOGADA\u00a0<\/strong><a href=\"https:\/\/www2.uepg.br\/propesp\/wp-content\/uploads\/sites\/41\/2019\/11\/r_cepe77_10.pdf\" target=\"_blank\" rel=\"noopener noreferrer\">&#8211; 77 de 10 de novembro de 2010 &#8211; Aprova Novo Regulamento dos Cursos de P\u00f3s-Gradua\u00e7\u00e3o &#8220;Lato Sensu&#8221; da UEPG.<\/a><\/p>\n<p style=\"text-align: left\"><strong>REVOGADA\u00a0<\/strong><a href=\"https:\/\/www2.uepg.br\/propesp\/wp-content\/uploads\/sites\/41\/2019\/11\/ResCEPE039.pdf\" target=\"_blank\" rel=\"noopener noreferrer\">&#8211; 39 de 13 de mar\u00e7o de 2008 &#8211; Aprova Regimento Geral dos Programas de P\u00f3s-Gradua\u00e7\u00e3o Stricto Sensu da UEPG.<\/a><\/p>\n<p style=\"text-align: left\"><strong>REVOGADA\u00a0<\/strong><a href=\"https:\/\/www2.uepg.br\/propesp\/wp-content\/uploads\/sites\/41\/2019\/11\/ResCEPE021.pdf\" target=\"_blank\" rel=\"noopener noreferrer\">&#8211; 21 de 21 de mar\u00e7o de 2006 &#8211; Regulamenta orienta\u00e7\u00e3o de disserta\u00e7\u00e3o de mestrado e tese de doutorado nos cursos de P\u00f3s-gradua\u00e7\u00e3o &#8220;Strito Sensu&#8221; da UEPG como atividade de ensino.<\/a><\/p>\n<p style=\"text-align: left\"><strong>REVOGADA\u00a0<\/strong><a href=\"https:\/\/www2.uepg.br\/propesp\/wp-content\/uploads\/sites\/41\/2019\/11\/060.pdf\" target=\"_blank\" rel=\"noopener noreferrer\">&#8211; 60 de 07 de junho de 2005 &#8211; Regulamento dos Cursos de P\u00f3s-Gradua\u00e7\u00e3o &#8220;Lato Sensu&#8221; da UEPG.<\/a><\/p>\n<p style=\"text-align: left\"><strong>REVOGADA\u00a0<\/strong><a href=\"https:\/\/www2.uepg.br\/propesp\/wp-content\/uploads\/sites\/41\/2019\/11\/rescepe58.doc\" target=\"_blank\" rel=\"noopener noreferrer\">&#8211; 58 de 03 de agosto de 2004 &#8211; Regulamenta Est\u00e1gio de Doc\u00eancia de Alunos de Cursos de P\u00f3s-Gradua\u00e7\u00e3o &#8220;Stricto sensu&#8221;, da UEPG.<\/a><\/p>\n<p style=\"text-align: left\"><strong>REVOGADA\u00a0<\/strong><a href=\"https:\/\/www2.uepg.br\/propesp\/wp-content\/uploads\/sites\/41\/2019\/11\/Stricto073.doc\" target=\"_blank\" rel=\"noopener noreferrer\">&#8211; 73 de 18 de dezembro de 2003 &#8211; Aprova o regimento geral dos programas de P\u00f3s-Gradua\u00e7\u00e3o &#8220;Stricto sensu&#8221; da UEPG.<\/a><\/p>\n<p style=\"text-align: left\"><strong>REVOGADA\u00a0<\/strong><a href=\"https:\/\/www2.uepg.br\/propesp\/wp-content\/uploads\/sites\/41\/2019\/11\/Lato072.doc\" target=\"_blank\" rel=\"noopener noreferrer\">&#8211; 72 de 18 de dezembro de 2003 &#8211; Regulamento dos Cursos de P\u00f3s-Gradua\u00e7\u00e3o &#8220;Lato Sensu&#8221; da UEPG \/ *Roteiro para elabora\u00e7\u00e3o de projeto de curso de especializa\u00e7\u00e3o \/ *Roteiro para elabora\u00e7\u00e3o de relat\u00f3rio final de curso de especializa\u00e7\u00e3o.<\/a><\/p>\n<p style=\"text-align: left\"><strong>REVOGADA\u00a0<\/strong><a href=\"https:\/\/www2.uepg.br\/propesp\/wp-content\/uploads\/sites\/41\/2019\/11\/Res_CEPE_078_01.pdf\" target=\"_blank\" rel=\"noopener noreferrer\">&#8211; 78 de 29 de novembro de 2001 &#8211; Aprova Novo Regulamento do Programa de Mobilidade Estudantil Internacional (PROMEI) da UEPG.<\/a><\/p>\n<h4 style=\"text-align: center\"><strong>Termos de Coopera\u00e7\u00e3o T\u00e9cnica<\/strong><\/h4>\n<p><a href=\"https:\/\/www2.uepg.br\/propesp\/wp-content\/uploads\/sites\/41\/2023\/07\/mobilidade_docente.pdf\">TC N\u00ba 02\/23 SETI\/UEL\/UEM\/UEPG\/UNIOESTE\/UNICENTRO\/UENP\/UNESPAR\/UTFPR\/UNILA\/UFFS\/IFPR Mobilidade Docente<\/a><\/p>\n<p>&nbsp;<\/p>\n<p>&nbsp;<\/p>\n<h4 style=\"text-align: center\"><strong><a href=\"https:\/\/www2.uepg.br\/propesp\/wp-content\/uploads\/sites\/41\/2025\/09\/PIBPG-1.pdf\">A\u00e7\u00f5es na promo\u00e7\u00e3o da equidade e\/ou inclus\u00e3o<\/a><\/strong><\/h4>\n<p>&nbsp;<\/p>\n<p>&nbsp;<\/p>\n<p>&nbsp;<\/p>\n","protected":false},"excerpt":{"rendered":"<p>Leis Di\u00e1rio Oficial da Uni\u00e3o de 18 de dezembro de 2017 &#8211; P\u00e1gina 1 &#8211; P\u00e1gina 2 Lei n\u00ba 20443 de 17 de dezembro de 2020 &#8211; Disp\u00f5e sobre o ingresso de pessoas portadoras de defici\u00eancia nas institui\u00e7\u00f5es estaduais de educa\u00e7\u00e3o superior e institui\u00e7\u00f5es estaduais de ensino t\u00e9cnico.\u00a0 &nbsp; &nbsp; Manuais Manual de normaliza\u00e7\u00e3o bibliogr\u00e1fica&nbsp;&hellip;<\/p>\n","protected":false},"author":24,"featured_media":0,"parent":429,"menu_order":0,"comment_status":"closed","ping_status":"closed","template":"","meta":[],"_links":{"self":[{"href":"https:\/\/www2.uepg.br\/propesp\/wp-json\/wp\/v2\/pages\/642"}],"collection":[{"href":"https:\/\/www2.uepg.br\/propesp\/wp-json\/wp\/v2\/pages"}],"about":[{"href":"https:\/\/www2.uepg.br\/propesp\/wp-json\/wp\/v2\/types\/page"}],"author":[{"embeddable":true,"href":"https:\/\/www2.uepg.br\/propesp\/wp-json\/wp\/v2\/users\/24"}],"replies":[{"embeddable":true,"href":"https:\/\/www2.uepg.br\/propesp\/wp-json\/wp\/v2\/comments?post=642"}],"version-history":[{"count":35,"href":"https:\/\/www2.uepg.br\/propesp\/wp-json\/wp\/v2\/pages\/642\/revisions"}],"predecessor-version":[{"id":5572,"href":"https:\/\/www2.uepg.br\/propesp\/wp-json\/wp\/v2\/pages\/642\/revisions\/5572"}],"up":[{"embeddable":true,"href":"https:\/\/www2.uepg.br\/propesp\/wp-json\/wp\/v2\/pages\/429"}],"wp:attachment":[{"href":"https:\/\/www2.uepg.br\/propesp\/wp-json\/wp\/v2\/media?parent=642"}],"curies":[{"name":"wp","href":"https:\/\/api.w.org\/{rel}","templated":true}]}}