{"id":1262,"date":"2020-10-15T10:42:04","date_gmt":"2020-10-15T13:42:04","guid":{"rendered":"http:\/\/www2.uepg.br\/propan\/?page_id=1262"},"modified":"2025-07-23T15:40:27","modified_gmt":"2025-07-23T18:40:27","slug":"pdi","status":"publish","type":"page","link":"https:\/\/www2.uepg.br\/proplan\/avaliacao-institucional\/pdi\/","title":{"rendered":"PDI"},"content":{"rendered":"<div id=\"pl-1262\"  class=\"panel-layout\" ><div id=\"pg-1262-0\"  class=\"panel-grid panel-no-style\" ><div id=\"pgc-1262-0-0\"  class=\"panel-grid-cell\" ><div id=\"panel-1262-0-0-0\" class=\"so-panel widget widget_sow-features panel-first-child\" data-index=\"0\" ><div\n\t\t\t\n\t\t\tclass=\"so-widget-sow-features so-widget-sow-features-default-600e9188779f-1262\"\n\t\t\t\n\t\t>\n<div class=\"sow-features-list sow-features-responsive\">\n\n\t\t\t\t\t\t<div\n\t\t\t\tclass=\"sow-features-feature sow-icon-container-position-top sow-features-feature-last-row\"\n\t\t\t\tstyle=\"display: flex; flex-direction: column; float: left; width: 100%;\"\n\t\t\t>\n\n\t\t\t\t\t\t\t\t\t<a\n\t\t\t\t\t\thref=\"https:\/\/proplan.uepg.br\/pdi\/login\"\n\t\t\t\t\t\ttarget=\"_blank\" rel=\"noopener noreferrer\"\t\t\t\t\t>\n\t\t\t\t\t\t\t\t<div\n\t\t\t\t\tclass=\"sow-icon-container sow-container-rounded-square\"\n                    style=\"color: #1e73be; \"\n\t\t\t\t\ttitle=\"Sistema\">\n\t\t\t\t\t<span class=\"sow-icon-fontawesome sow-far\" data-sow-icon=\"&#xf15c;\"\n\t\tstyle=\"font-size: 50px; color: #ffffff\" \n\t\taria-hidden=\"true\"><\/span>\t\t\t\t<\/div>\n\t\t\t\t\t\t\t\t\t<\/a>\n\t\t\t\t\n\t\t\t\t<div class=\"textwidget\">\n\t\t\t\t\t\t\t\t\t\t\t<h5>\n\t\t\t\t\t\t\t\t\t\t\t\t\t\t\t<a\n\t\t\t\t\t\t\t\t\thref=\"https:\/\/proplan.uepg.br\/pdi\/login\"\n\t\t\t\t\t\t\t\t\ttarget=\"_blank\" rel=\"noopener noreferrer\"\t\t\t\t\t\t\t\t>\n\t\t\t\t\t\t\t\n\t\t\t\t\t\t\tSistema\t\t\t\t\t\t\t\t\t\t\t\t\t\t\t<\/a>\n\t\t\t\t\t\t\t\t\t\t\t\t\t<\/h5>\n\t\t\t\t\t\n\t\t\t\t\t\n\t\t\t\t\t\t\t\t\t<\/div>\n\t\t\t\t\t\t\t<\/div>\n\n\t\t\t\n<\/div>\n<\/div><\/div><div id=\"panel-1262-0-0-1\" class=\"so-panel widget widget_sow-accordion\" data-index=\"1\" ><div class=\"panel-widget-style panel-widget-style-for-1262-0-0-1\" ><div\n\t\t\t\n\t\t\tclass=\"so-widget-sow-accordion so-widget-sow-accordion-default-7fa267d7f8c0-1262\"\n\t\t\t\n\t\t><h3 class=\"widget-title\">Plano de Desenvolvimento Institucional<\/h3><div>\n\t<div class=\"sow-accordion\">\n\t\t\t<div class=\"sow-accordion-panel\"\n\t\t\t data-anchor=\"sobre\">\n\t\t\t\t<div class=\"sow-accordion-panel-header-container\" role=\"heading\" aria-level=\"2\">\n\t\t\t\t\t<div class=\"sow-accordion-panel-header\" tabindex=\"0\" role=\"button\" id=\"accordion-label-sobre\" aria-controls=\"accordion-content-sobre\" aria-expanded=\"false\">\n\t\t\t\t\t\t<div class=\"sow-accordion-title sow-accordion-title-icon-left\">\n\t\t\t\t\t\t\t\t\t\t\t\t\t\tSobre\t\t\t\t\t\t\t\t\t\t\t\t\t<\/div>\n\t\t\t\t\t\t<div class=\"sow-accordion-open-close-button\">\n\t\t\t\t\t\t\t<div class=\"sow-accordion-open-button\">\n\t\t\t\t\t\t\t\t<span class=\"sow-icon-ionicons\" data-sow-icon=\"&#xf218;\"\n\t\t \n\t\taria-hidden=\"true\"><\/span>\t\t\t\t\t\t\t<\/div>\n\t\t\t\t\t\t\t<div class=\"sow-accordion-close-button\">\n\t\t\t\t\t\t\t\t<span class=\"sow-icon-ionicons\" data-sow-icon=\"&#xf209;\"\n\t\t \n\t\taria-hidden=\"true\"><\/span>\t\t\t\t\t\t\t<\/div>\n\t\t\t\t\t\t<\/div>\n\t\t\t\t\t<\/div>\n\t\t\t\t<\/div>\n\n\t\t\t<div\n\t\t\t\tclass=\"sow-accordion-panel-content\"\n\t\t\t\trole=\"region\"\n\t\t\t\taria-labelledby=\"accordion-label-sobre\"\n\t\t\t\tid=\"accordion-content-sobre\"\n\t\t\t\tstyle=\"display: none;\"\t\t\t>\n\t\t\t\t<div class=\"sow-accordion-panel-border\" tabindex=\"0\">\n\t\t\t\t\t<p style=\"text-align: center\"><em><a href=\"http:\/\/proplan.uepg.br\/pdi\" target=\"_blank\" rel=\"noopener\">Clique para acessar o sistema PDI.<\/a><\/em><\/p>\n<p><em>\u00a0<\/em><\/p>\n<div style=\"text-align: left\"><span style=\"color: #000000\">O Plano de Desenvolvimento Institucional - PDI consiste em documento no qual se definem a miss\u00e3o da institui\u00e7\u00e3o de ensino superior, a pol\u00edtica pedag\u00f3gica institucional e as estrat\u00e9gias para atingir suas metas e objetivos. O corte temporal de planejamento abrange um per\u00edodo de cinco anos, contemplando o cronograma e a metodologia de implementa\u00e7\u00e3o dos objetivos, metas e a\u00e7\u00f5es do Plano da Institui\u00e7\u00e3o de Educa\u00e7\u00e3o Superior (IES), observando a coer\u00eancia e a articula\u00e7\u00e3o entre as diversas a\u00e7\u00f5es, a manuten\u00e7\u00e3o de padr\u00f5es de qualidade e, quando pertinente, o or\u00e7amento. Apresenta, ainda, um quadro-resumo contendo a rela\u00e7\u00e3o dos principais indicadores de desempenho, que possibilite comparar, para cada um, a situa\u00e7\u00e3o atual e futura.<\/span><\/div>\n<div><\/div>\n<div style=\"text-align: left\"><span style=\"color: #000000\">O PDI deve estar intimamente articulado com a pr\u00e1tica e os resultados da avalia\u00e7\u00e3o institucional. Os resultados destas avalia\u00e7\u00f5es, proporcionados pela Comiss\u00e3o Pr\u00f3pria de Avalia\u00e7\u00e3o - CPA, no que tange a avalia\u00e7\u00e3o interna e pela Diretoria de Avalia\u00e7\u00e3o Institucional - DAI, no que se refere \u00e0 avalia\u00e7\u00e3o externa, devem balizar as a\u00e7\u00f5es para sanar defici\u00eancias que tenham sido identificadas.<\/span><\/div>\n<div><\/div>\n<div style=\"text-align: left\"><span style=\"color: #000000\">O PDI al\u00e9m de uma exig\u00eancia nos processos de avalia\u00e7\u00e3o institucional e de cursos de gradua\u00e7\u00e3o e p\u00f3s-gradua\u00e7\u00e3o e nas auditorias externas realizadas por \u00f3rg\u00e3os de controle; deve ser uma exig\u00eancia da pr\u00f3pria IES estabelecendo uma ferramenta para gestores, atuais e futuros, na constru\u00e7\u00e3o de uma gest\u00e3o voltada para o alcance de metas e objetivos estabelecidos na institui\u00e7\u00e3o.<\/span><\/div>\n\t\t\t\t<\/div>\n\t\t\t<\/div>\n\t\t<\/div>\n\t\t\t<div class=\"sow-accordion-panel\"\n\t\t\t data-anchor=\"2023-2027\">\n\t\t\t\t<div class=\"sow-accordion-panel-header-container\" role=\"heading\" aria-level=\"2\">\n\t\t\t\t\t<div class=\"sow-accordion-panel-header\" tabindex=\"0\" role=\"button\" id=\"accordion-label-2023-2027\" aria-controls=\"accordion-content-2023-2027\" aria-expanded=\"false\">\n\t\t\t\t\t\t<div class=\"sow-accordion-title sow-accordion-title-icon-left\">\n\t\t\t\t\t\t\t\t\t\t\t\t\t\t2023-2027\t\t\t\t\t\t\t\t\t\t\t\t\t<\/div>\n\t\t\t\t\t\t<div class=\"sow-accordion-open-close-button\">\n\t\t\t\t\t\t\t<div class=\"sow-accordion-open-button\">\n\t\t\t\t\t\t\t\t<span class=\"sow-icon-ionicons\" data-sow-icon=\"&#xf218;\"\n\t\t \n\t\taria-hidden=\"true\"><\/span>\t\t\t\t\t\t\t<\/div>\n\t\t\t\t\t\t\t<div class=\"sow-accordion-close-button\">\n\t\t\t\t\t\t\t\t<span class=\"sow-icon-ionicons\" data-sow-icon=\"&#xf209;\"\n\t\t \n\t\taria-hidden=\"true\"><\/span>\t\t\t\t\t\t\t<\/div>\n\t\t\t\t\t\t<\/div>\n\t\t\t\t\t<\/div>\n\t\t\t\t<\/div>\n\n\t\t\t<div\n\t\t\t\tclass=\"sow-accordion-panel-content\"\n\t\t\t\trole=\"region\"\n\t\t\t\taria-labelledby=\"accordion-label-2023-2027\"\n\t\t\t\tid=\"accordion-content-2023-2027\"\n\t\t\t\tstyle=\"display: none;\"\t\t\t>\n\t\t\t\t<div class=\"sow-accordion-panel-border\" tabindex=\"0\">\n\t\t\t\t\t<h4 style=\"text-align: center\"><a href=\"http:\/\/www2.uepg.br\/proplan\/wp-content\/uploads\/sites\/145\/2023\/09\/SEI_UEPG-1608168-Resolucao-UNIV.pdf\" target=\"_blank\" rel=\"noopener\">Resolu\u00e7\u00e3o UNIV - N\u00ba 2023.20 - Aprova\u00e7\u00e3o do PDI 2023-2027<\/a><\/h4>\n<h4 style=\"text-align: center\"><a href=\"http:\/\/www2.uepg.br\/proplan\/wp-content\/uploads\/sites\/145\/2025\/07\/PDI-2023-2027-Volume-1.pdf\">PDI 2023-2027 - Volume 1<\/a><\/h4>\n<h4 style=\"text-align: center\"><span style=\"color: #3366ff\"><a href=\"http:\/\/www2.uepg.br\/proplan\/wp-content\/uploads\/sites\/145\/2025\/07\/PDI-2023-2027-Volume-2.pdf\">PDI 2023-2027 - Volume 2<\/a><\/span><\/h4>\n<h4 style=\"text-align: center\"><span style=\"color: #3366ff\">\u00a0<\/span><\/h4>\n<p style=\"padding-left: 40px;text-align: left\"><span style=\"color: #808080\">Passo a passo para a elabora\u00e7\u00e3o do PDI 2023-2027:<\/span><\/p>\n<ul>\n<li style=\"list-style-type: none\">\n<ul>\n<li style=\"text-align: left\"><span style=\"color: #808080\">Lan\u00e7amento das metas no sistema a partir do dia 1\u00ba de fevereiro de 2023<\/span>\n<ul>\n<li><span style=\"color: #808080\">Para lan\u00e7ar as metas acesse <a style=\"color: #808080\" href=\"http:\/\/proplan.uepg.br\/pdi\/login\">http:\/\/proplan.uepg.br\/pdi\/login<\/a><\/span><\/li>\n<li><span style=\"color: #808080\">Tutorial para elabora\u00e7\u00e3o das metas <a style=\"color: #808080\" href=\"http:\/\/www2.uepg.br\/proplan\/wp-content\/uploads\/sites\/145\/2022\/12\/Elaboracao-de-metas_PDI_2023_2027.pdf\">Elabora\u00e7\u00e3o de metas_PDI_2023_2027<\/a><\/span><\/li>\n<li><span style=\"color: #808080\">\u00d3rg\u00e3os (centro de custo) que devem elaborar metas - acesse a\u00a0<a style=\"color: #808080\" href=\"http:\/\/www2.uepg.br\/proplan\/wp-content\/uploads\/sites\/145\/2022\/12\/Lista-Centros-de-Custo.pdf\">Lista dos Centros de Custo<\/a><\/span><\/li>\n<\/ul>\n<\/li>\n<li style=\"text-align: left\"><span style=\"color: #808080\">Ap\u00f3s o lan\u00e7amento de metas inicial, h\u00e1 um fluxo de aprova\u00e7\u00e3o e ajustes at\u00e9 todas elas chegarem ao Conselho Universit\u00e1rio. Confira o cronograma: <a style=\"color: #808080\" href=\"http:\/\/www2.uepg.br\/proplan\/wp-content\/uploads\/sites\/145\/2023\/05\/Novo_cronograma_aprovacao-metas.pdf\">Novo_cronograma_aprova\u00e7\u00e3o metas<\/a><\/span><\/li>\n<li style=\"text-align: left\"><span style=\"color: #808080\"><img class=\"wp-image-2912 size-medium aligncenter\" src=\"http:\/\/www2.uepg.br\/proplan\/wp-content\/uploads\/sites\/145\/2023\/05\/Novo_cronograma_aprovacao-metas-1-e1684172348449-300x145.jpeg\" alt=\"\" width=\"300\" height=\"145\" \/><\/span><\/li>\n<li style=\"text-align: left\"><span style=\"color: #808080\">Tutorial para a aprova\u00e7\u00e3o das metas: <a style=\"color: #808080\" href=\"http:\/\/www2.uepg.br\/proplan\/wp-content\/uploads\/sites\/145\/2023\/05\/Tutorial_Aprovacao-de-metas_PDI_23_27.pdf\">Tutorial_Aprovacao de metas_PDI_23_27<\/a><\/span><\/li>\n<li style=\"text-align: left\"><span style=\"color: #808080\">Visando a constru\u00e7\u00e3o do Plano de Desenvolvimento Institucional - PDI, ciclo 2023-2027, criou-se um grupo de trabalho - GT, conforme as portarias:<\/span>\n<ul>\n<li><span style=\"color: #808080\"><a style=\"color: #808080\" href=\"http:\/\/www2.uepg.br\/proplan\/wp-content\/uploads\/sites\/145\/2021\/12\/SEI_UEPG-0794508-Portaria-R_725_2021.pdf\">Portaria R_725_2021<\/a><\/span><\/li>\n<li><span style=\"color: #808080\"><a style=\"color: #808080\" href=\"http:\/\/www2.uepg.br\/proplan\/wp-content\/uploads\/sites\/145\/2022\/12\/Portaria_690_2022_GT_PDI.pdf\">Portaria_690_2022<\/a><\/span><\/li>\n<\/ul>\n<\/li>\n<li style=\"text-align: left\"><span style=\"color: #808080\">A 1\u00aa reuni\u00e3o com o GT ocorreu no dia 23\/11\/2022. O conte\u00fado discutido na reuni\u00e3o pode ser acessado aqui: <a style=\"color: #808080\" href=\"http:\/\/www2.uepg.br\/proplan\/wp-content\/uploads\/sites\/145\/2022\/12\/PDI-2023-2027_1_reuniao.pdf\">1\u00aa reuni\u00e3o GT - PDI<\/a><\/span><\/li>\n<li style=\"text-align: left\"><span style=\"color: #808080\">Em seguida, o GT fez reuni\u00f5es com os Setores de Conhecimento, nas seguintes datas:<\/span>\n<ul>\n<li><span style=\"color: #808080\">30\/11\/2022 - Setor de Ci\u00eancias Exatas e Naturais - SEXATAS;<\/span><\/li>\n<li><span style=\"color: #808080\">01\/12\/2022 - Setor de Ci\u00eancias Sociais Aplicadas - SECISA;<\/span><\/li>\n<li><span style=\"color: #808080\">02\/12\/2022 - Setor de Engenharias, Ci\u00eancias Agr\u00e1rias e de Tecnologia - SECATE;<\/span><\/li>\n<li><span style=\"color: #808080\">02\/12\/2022 - Setor de Ci\u00eancias Biol\u00f3gicas e da Sa\u00fade - SEBISA;<\/span><\/li>\n<li><span style=\"color: #808080\">14\/12\/2022 - Setor de Ci\u00eancias Humanas, Letras e Artes - SECIHLA;<\/span><\/li>\n<li><span style=\"color: #808080\">19\/12\/2022 -\u00a0Setor de Ci\u00eancias Jur\u00eddicas - SECIJUR.<\/span><\/li>\n<\/ul>\n<\/li>\n<li><span style=\"color: #808080\">O conte\u00fado apresentado nas reuni\u00f5es setoriais pode ser consultado nos links abaixo:<\/span>\n<ul>\n<li style=\"list-style-type: none\">\n<ul>\n<li style=\"text-align: left\"><span style=\"color: #808080\"><a style=\"color: #808080\" href=\"http:\/\/www2.uepg.br\/proplan\/wp-content\/uploads\/sites\/145\/2022\/12\/Reuniao_SetoresConhecimento_PDI-2023-2027.pdf\">Reuni\u00e3o_SetoresConhecimento_PDI 2023-2027<\/a><\/span><\/li>\n<li style=\"text-align: left\"><span style=\"color: #808080\"><a style=\"color: #808080\" href=\"http:\/\/www2.uepg.br\/proplan\/wp-content\/uploads\/sites\/145\/2022\/12\/Texto_PDI_Fase-Preparacao-2.pdf\">Texto_PDI_Fase Prepara\u00e7\u00e3o<\/a><\/span><\/li>\n<\/ul>\n<\/li>\n<\/ul>\n<\/li>\n<\/ul>\n<\/li>\n<\/ul>\n\t\t\t\t<\/div>\n\t\t\t<\/div>\n\t\t<\/div>\n\t\t\t<div class=\"sow-accordion-panel\"\n\t\t\t data-anchor=\"2018-2022\">\n\t\t\t\t<div class=\"sow-accordion-panel-header-container\" role=\"heading\" aria-level=\"2\">\n\t\t\t\t\t<div class=\"sow-accordion-panel-header\" tabindex=\"0\" role=\"button\" id=\"accordion-label-2018-2022\" aria-controls=\"accordion-content-2018-2022\" aria-expanded=\"false\">\n\t\t\t\t\t\t<div class=\"sow-accordion-title sow-accordion-title-icon-left\">\n\t\t\t\t\t\t\t\t\t\t\t\t\t\t2018-2022\t\t\t\t\t\t\t\t\t\t\t\t\t<\/div>\n\t\t\t\t\t\t<div class=\"sow-accordion-open-close-button\">\n\t\t\t\t\t\t\t<div class=\"sow-accordion-open-button\">\n\t\t\t\t\t\t\t\t<span class=\"sow-icon-ionicons\" data-sow-icon=\"&#xf218;\"\n\t\t \n\t\taria-hidden=\"true\"><\/span>\t\t\t\t\t\t\t<\/div>\n\t\t\t\t\t\t\t<div class=\"sow-accordion-close-button\">\n\t\t\t\t\t\t\t\t<span class=\"sow-icon-ionicons\" data-sow-icon=\"&#xf209;\"\n\t\t \n\t\taria-hidden=\"true\"><\/span>\t\t\t\t\t\t\t<\/div>\n\t\t\t\t\t\t<\/div>\n\t\t\t\t\t<\/div>\n\t\t\t\t<\/div>\n\n\t\t\t<div\n\t\t\t\tclass=\"sow-accordion-panel-content\"\n\t\t\t\trole=\"region\"\n\t\t\t\taria-labelledby=\"accordion-label-2018-2022\"\n\t\t\t\tid=\"accordion-content-2018-2022\"\n\t\t\t\tstyle=\"display: none;\"\t\t\t>\n\t\t\t\t<div class=\"sow-accordion-panel-border\" tabindex=\"0\">\n\t\t\t\t\t<p style=\"text-align: center\"><a href=\"http:\/\/www2.uepg.br\/propan\/wp-content\/uploads\/sites\/145\/2020\/10\/PDI-2018-2022-Vol-I-ok.pdf\" target=\"_blank\" rel=\"noopener\">PDI - volume I<\/a><\/p>\n<p style=\"text-align: center\"><a href=\"http:\/\/www2.uepg.br\/propan\/wp-content\/uploads\/sites\/145\/2020\/10\/PDI-\u2013-volume-II-1.pdf\" target=\"_blank\" rel=\"noopener\">PDI \u2013 volume II<\/a><\/p>\n\t\t\t\t<\/div>\n\t\t\t<\/div>\n\t\t<\/div>\n\t\t\t<div class=\"sow-accordion-panel\"\n\t\t\t data-anchor=\"2013-2017\">\n\t\t\t\t<div class=\"sow-accordion-panel-header-container\" role=\"heading\" aria-level=\"2\">\n\t\t\t\t\t<div class=\"sow-accordion-panel-header\" tabindex=\"0\" role=\"button\" id=\"accordion-label-2013-2017\" aria-controls=\"accordion-content-2013-2017\" aria-expanded=\"false\">\n\t\t\t\t\t\t<div class=\"sow-accordion-title sow-accordion-title-icon-left\">\n\t\t\t\t\t\t\t\t\t\t\t\t\t\t2013-2017\t\t\t\t\t\t\t\t\t\t\t\t\t<\/div>\n\t\t\t\t\t\t<div class=\"sow-accordion-open-close-button\">\n\t\t\t\t\t\t\t<div class=\"sow-accordion-open-button\">\n\t\t\t\t\t\t\t\t<span class=\"sow-icon-ionicons\" data-sow-icon=\"&#xf218;\"\n\t\t \n\t\taria-hidden=\"true\"><\/span>\t\t\t\t\t\t\t<\/div>\n\t\t\t\t\t\t\t<div class=\"sow-accordion-close-button\">\n\t\t\t\t\t\t\t\t<span class=\"sow-icon-ionicons\" data-sow-icon=\"&#xf209;\"\n\t\t \n\t\taria-hidden=\"true\"><\/span>\t\t\t\t\t\t\t<\/div>\n\t\t\t\t\t\t<\/div>\n\t\t\t\t\t<\/div>\n\t\t\t\t<\/div>\n\n\t\t\t<div\n\t\t\t\tclass=\"sow-accordion-panel-content\"\n\t\t\t\trole=\"region\"\n\t\t\t\taria-labelledby=\"accordion-label-2013-2017\"\n\t\t\t\tid=\"accordion-content-2013-2017\"\n\t\t\t\tstyle=\"display: none;\"\t\t\t>\n\t\t\t\t<div class=\"sow-accordion-panel-border\" tabindex=\"0\">\n\t\t\t\t\t<p style=\"text-align: center\"><a href=\"http:\/\/www2.uepg.br\/propan\/wp-content\/uploads\/sites\/145\/2020\/10\/PDI-volume-I.pdf\" target=\"_blank\" rel=\"noopener\">PDI - volume I<\/a><\/p>\n<p style=\"text-align: center\"><a href=\"http:\/\/www2.uepg.br\/propan\/wp-content\/uploads\/sites\/145\/2020\/10\/PDI-volume-II.pdf\" target=\"_blank\" rel=\"noopener\">PDI - volume II<\/a><\/p>\n\t\t\t\t<\/div>\n\t\t\t<\/div>\n\t\t<\/div>\n\t\t<\/div>\n<\/div>\n<\/div><\/div><\/div><div id=\"panel-1262-0-0-2\" class=\"so-panel widget widget_sow-accordion panel-last-child\" data-index=\"2\" ><div class=\"panel-widget-style panel-widget-style-for-1262-0-0-2\" ><div\n\t\t\t\n\t\t\tclass=\"so-widget-sow-accordion so-widget-sow-accordion-default-7fa267d7f8c0-1262\"\n\t\t\t\n\t\t><h3 class=\"widget-title\">Outros Documentos<\/h3><div>\n\t<div class=\"sow-accordion\">\n\t\t\t<div class=\"sow-accordion-panel\"\n\t\t\t data-anchor=\"organograma-uepg\">\n\t\t\t\t<div class=\"sow-accordion-panel-header-container\" role=\"heading\" aria-level=\"2\">\n\t\t\t\t\t<div class=\"sow-accordion-panel-header\" tabindex=\"0\" role=\"button\" id=\"accordion-label-organograma-uepg\" aria-controls=\"accordion-content-organograma-uepg\" aria-expanded=\"false\">\n\t\t\t\t\t\t<div class=\"sow-accordion-title sow-accordion-title-icon-left\">\n\t\t\t\t\t\t\t\t\t\t\t\t\t\tOrganograma UEPG\t\t\t\t\t\t\t\t\t\t\t\t\t<\/div>\n\t\t\t\t\t\t<div class=\"sow-accordion-open-close-button\">\n\t\t\t\t\t\t\t<div class=\"sow-accordion-open-button\">\n\t\t\t\t\t\t\t\t<span class=\"sow-icon-ionicons\" data-sow-icon=\"&#xf218;\"\n\t\t \n\t\taria-hidden=\"true\"><\/span>\t\t\t\t\t\t\t<\/div>\n\t\t\t\t\t\t\t<div class=\"sow-accordion-close-button\">\n\t\t\t\t\t\t\t\t<span class=\"sow-icon-ionicons\" data-sow-icon=\"&#xf209;\"\n\t\t \n\t\taria-hidden=\"true\"><\/span>\t\t\t\t\t\t\t<\/div>\n\t\t\t\t\t\t<\/div>\n\t\t\t\t\t<\/div>\n\t\t\t\t<\/div>\n\n\t\t\t<div\n\t\t\t\tclass=\"sow-accordion-panel-content\"\n\t\t\t\trole=\"region\"\n\t\t\t\taria-labelledby=\"accordion-label-organograma-uepg\"\n\t\t\t\tid=\"accordion-content-organograma-uepg\"\n\t\t\t\tstyle=\"display: none;\"\t\t\t>\n\t\t\t\t<div class=\"sow-accordion-panel-border\" tabindex=\"0\">\n\t\t\t\t\t<p style=\"text-align: center\"><a href=\"https:\/\/sistemas.uepg.br\/producao\/pro-reitorias\/proad\/difi\/transparencia\/consulta\/organograma.php\" target=\"_blank\" rel=\"noopener\"><span style=\"color: #3366ff\">Organograma<\/span><\/a><\/p>\n\t\t\t\t<\/div>\n\t\t\t<\/div>\n\t\t<\/div>\n\t\t\t<div class=\"sow-accordion-panel\"\n\t\t\t data-anchor=\"simp%c3%b3sio-pdi-2018-2022-conquistas-e-desafios-da-uepg\">\n\t\t\t\t<div class=\"sow-accordion-panel-header-container\" role=\"heading\" aria-level=\"2\">\n\t\t\t\t\t<div class=\"sow-accordion-panel-header\" tabindex=\"0\" role=\"button\" id=\"accordion-label-simp%c3%b3sio-pdi-2018-2022-conquistas-e-desafios-da-uepg\" aria-controls=\"accordion-content-simp%c3%b3sio-pdi-2018-2022-conquistas-e-desafios-da-uepg\" aria-expanded=\"false\">\n\t\t\t\t\t\t<div class=\"sow-accordion-title sow-accordion-title-icon-left\">\n\t\t\t\t\t\t\t\t\t\t\t\t\t\tSimp\u00f3sio PDI 2018-2022: Conquistas e desafios da UEPG\t\t\t\t\t\t\t\t\t\t\t\t\t<\/div>\n\t\t\t\t\t\t<div class=\"sow-accordion-open-close-button\">\n\t\t\t\t\t\t\t<div class=\"sow-accordion-open-button\">\n\t\t\t\t\t\t\t\t<span class=\"sow-icon-ionicons\" data-sow-icon=\"&#xf218;\"\n\t\t \n\t\taria-hidden=\"true\"><\/span>\t\t\t\t\t\t\t<\/div>\n\t\t\t\t\t\t\t<div class=\"sow-accordion-close-button\">\n\t\t\t\t\t\t\t\t<span class=\"sow-icon-ionicons\" data-sow-icon=\"&#xf209;\"\n\t\t \n\t\taria-hidden=\"true\"><\/span>\t\t\t\t\t\t\t<\/div>\n\t\t\t\t\t\t<\/div>\n\t\t\t\t\t<\/div>\n\t\t\t\t<\/div>\n\n\t\t\t<div\n\t\t\t\tclass=\"sow-accordion-panel-content\"\n\t\t\t\trole=\"region\"\n\t\t\t\taria-labelledby=\"accordion-label-simp%c3%b3sio-pdi-2018-2022-conquistas-e-desafios-da-uepg\"\n\t\t\t\tid=\"accordion-content-simp%c3%b3sio-pdi-2018-2022-conquistas-e-desafios-da-uepg\"\n\t\t\t\tstyle=\"display: none;\"\t\t\t>\n\t\t\t\t<div class=\"sow-accordion-panel-border\" tabindex=\"0\">\n\t\t\t\t\t<p style=\"text-align: center\"><a href=\"http:\/\/www2.uepg.br\/propan\/wp-content\/uploads\/sites\/145\/2020\/10\/PDI-PE-Aval-Regulacao-UEPG-2017.pdf\" target=\"_blank\" rel=\"noopener\">Apresenta\u00e7\u00e3o: Planejamento Estrat\u00e9gico, PDI\/PPI\/PPC e suas rela\u00e7\u00f5es com a Avalia\u00e7\u00e3o e consequente processo de Regula\u00e7\u00e3o: identidade, organicidade e institucionaliza\u00e7\u00e3o. Prof. Carlos Eduardo Bittencourt Stange<\/a><\/p>\n<p style=\"text-align: center\"><a href=\"http:\/\/www2.uepg.br\/propan\/wp-content\/uploads\/sites\/145\/2020\/10\/Representatividades_CPA.pdf\" target=\"_blank\" rel=\"noopener\">Apresenta\u00e7\u00e3o: Autoavalia\u00e7\u00e3o Institucional 2016: Resultados por Representa\u00e7\u00e3o<\/a><\/p>\n<p style=\"text-align: center\"><a href=\"http:\/\/www2.uepg.br\/propan\/wp-content\/uploads\/sites\/145\/2020\/10\/RespostasTecnicas_PROPLAN-min.pdf\" target=\"_blank\" rel=\"noopener\">Apresenta\u00e7\u00e3o: Respostas T\u00e9cnicas<\/a><\/p>\n<p style=\"text-align: center\"><a href=\"http:\/\/www2.uepg.br\/propan\/wp-content\/uploads\/sites\/145\/2020\/10\/PDI_emDetalhes.pdf\" target=\"_blank\" rel=\"noopener\">Apresenta\u00e7\u00e3o: PDI em Detalhes<\/a><\/p>\n\t\t\t\t<\/div>\n\t\t\t<\/div>\n\t\t<\/div>\n\t\t<\/div>\n<\/div>\n<\/div><\/div><\/div><\/div><\/div><\/div>","protected":false},"excerpt":{"rendered":"<p>Sistema Plano de Desenvolvimento Institucional Sobre Clique para acessar o sistema PDI. \u00a0 O Plano de Desenvolvimento Institucional &#8211; PDI consiste em documento no qual se definem a miss\u00e3o da institui\u00e7\u00e3o de ensino superior, a pol\u00edtica pedag\u00f3gica institucional e as estrat\u00e9gias para atingir suas metas e objetivos. O corte temporal de planejamento abrange um per\u00edodo&nbsp;&hellip;<\/p>\n","protected":false},"author":204,"featured_media":0,"parent":48,"menu_order":0,"comment_status":"closed","ping_status":"closed","template":"","meta":[],"_links":{"self":[{"href":"https:\/\/www2.uepg.br\/proplan\/wp-json\/wp\/v2\/pages\/1262"}],"collection":[{"href":"https:\/\/www2.uepg.br\/proplan\/wp-json\/wp\/v2\/pages"}],"about":[{"href":"https:\/\/www2.uepg.br\/proplan\/wp-json\/wp\/v2\/types\/page"}],"author":[{"embeddable":true,"href":"https:\/\/www2.uepg.br\/proplan\/wp-json\/wp\/v2\/users\/204"}],"replies":[{"embeddable":true,"href":"https:\/\/www2.uepg.br\/proplan\/wp-json\/wp\/v2\/comments?post=1262"}],"version-history":[{"count":65,"href":"https:\/\/www2.uepg.br\/proplan\/wp-json\/wp\/v2\/pages\/1262\/revisions"}],"predecessor-version":[{"id":3516,"href":"https:\/\/www2.uepg.br\/proplan\/wp-json\/wp\/v2\/pages\/1262\/revisions\/3516"}],"up":[{"embeddable":true,"href":"https:\/\/www2.uepg.br\/proplan\/wp-json\/wp\/v2\/pages\/48"}],"wp:attachment":[{"href":"https:\/\/www2.uepg.br\/proplan\/wp-json\/wp\/v2\/media?parent=1262"}],"curies":[{"name":"wp","href":"https:\/\/api.w.org\/{rel}","templated":true}]}}