{"id":2796,"date":"2022-11-03T15:20:02","date_gmt":"2022-11-03T18:20:02","guid":{"rendered":"https:\/\/www2.uepg.br\/proplan\/?page_id=2796"},"modified":"2025-09-12T09:09:50","modified_gmt":"2025-09-12T12:09:50","slug":"ods-agenda-2030","status":"publish","type":"page","link":"https:\/\/www2.uepg.br\/proplan\/avaliacao-institucional\/ods-agenda-2030\/","title":{"rendered":"ODS Agenda 2030"},"content":{"rendered":"<div id=\"pl-2796\"  class=\"panel-layout\" ><div id=\"pg-2796-0\"  class=\"panel-grid panel-no-style\" ><div id=\"pgc-2796-0-0\"  class=\"panel-grid-cell\" ><div id=\"panel-2796-0-0-0\" class=\"so-panel widget widget_sow-editor panel-first-child\" data-index=\"0\" ><div class=\"panel-widget-style panel-widget-style-for-2796-0-0-0\" ><div\n\t\t\t\n\t\t\tclass=\"so-widget-sow-editor so-widget-sow-editor-base\"\n\t\t\t\n\t\t>\n<div class=\"siteorigin-widget-tinymce textwidget\">\n\t<h2 style=\"text-align: center\">Relat\u00f3rios ODS - Agenda 2030<\/h2>\n<p>&nbsp;<\/p>\n<p style=\"text-align: justify\"><span style=\"color: #000000\">\u00a0 \u00a0 \u00a0 \u00a0 \u00a0 \u00a0 \u00a0 \u00a0A Universidade Estadual de Ponta Grossa \u2013 UEPG tem a miss\u00e3o de produzir e difundir conhecimentos m\u00faltiplos, a fim de formar indiv\u00edduos \u00e9ticos, cr\u00edticos e criativos, para melhorar a qualidade da vida humana. A miss\u00e3o da UEPG vai ao encontro da <strong>Agenda 2030<\/strong> da Organiza\u00e7\u00e3o das Na\u00e7\u00f5es Unidas \u2013 ONU. <\/span><span style=\"color: #000000\">A ONU prop\u00f4s<strong><em> 17<\/em><\/strong> <em><strong>Objetivos de Desenvolvimento Sustent\u00e1vel \u2013 ODS<\/strong><\/em> para erradicar a pobreza e promover vida digna para todos. Diante dessa demanda, a UEPG torna p\u00fablico \u00e0 comunidade (interna e externa) as a\u00e7\u00f5es desenvolvidas, a fim de demonstrar o cumprimento da Agenda 2030 e enfatizar a import\u00e2ncia da universidade para a sociedade local, regional e nacional.<\/span><\/p>\n<p style=\"text-align: justify\"><span style=\"color: #000000\">\u00a0 \u00a0 \u00a0 \u00a0 \u00a0 \u00a0 \u00a0 \u00a0Assim, a UEPG vem elaborando documentos que demonstram suas a\u00e7\u00f5es ao longo dos anos (um documento por ano). Para a elabora\u00e7\u00e3o dos documentos \u00e9 realizado um levantamento das a\u00e7\u00f5es desenvolvidas pela UEPG. Para tal, buscamos as not\u00edcias publicadas no site da institui\u00e7\u00e3o, os projetos de extens\u00e3o cadastrados na Pr\u00f3-reitoria de Extens\u00e3o \u2013 PROEX, Projetos de Pesquisa e Pesquisa Continuada cadastrados na Pr\u00f3-reitoria de Pesquisa - PROPESP e os artigos cient\u00edficos dispon\u00edveis na base Scopus, assim como as pol\u00edticas vigentes na institui\u00e7\u00e3o.<\/span><\/p>\n<p style=\"text-align: justify\"><span style=\"color: #000000\">\u00a0 \u00a0 \u00a0 \u00a0 \u00a0 \u00a0Cabe ressaltar que, para a sele\u00e7\u00e3o, todas as informa\u00e7\u00f5es coletadas s\u00e3o classificadas de acordo com os 17 ODS propostos pela ONU. As a\u00e7\u00f5es que n\u00e3o contemplam nenhum ODS s\u00e3o exclu\u00eddas da sele\u00e7\u00e3o.<\/span><\/p>\n<p style=\"text-align: justify\"><span style=\"color: #000000\">\u00a0 \u00a0 \u00a0 \u00a0 \u00a0 \u00a0 \u00a0 \u00a0 Uma mesma a\u00e7\u00e3o pode estar relacionada a mais de um ODS. No entanto, a a\u00e7\u00e3o \u00e9 indicada apenas uma vez. No documento s\u00e3o listadas apenas algumas das in\u00fameras a\u00e7\u00f5es desenvolvidas pela UEPG (cindo a\u00e7\u00f5es por ODS). No intuito de tornar o documento de f\u00e1cil acesso para toda a comunidade, damos prefer\u00eancia \u00e0 inser\u00e7\u00e3o das not\u00edcias publicadas no site da institui\u00e7\u00e3o, pois estas t\u00eam uma linguagem acess\u00edvel a todos os p\u00fablicos.<\/span><\/p>\n<p>&nbsp;<\/p>\n<h4 style=\"text-align: center\">Abaixo, siga os links e conhe\u00e7a as a\u00e7\u00f5es da UEPG em cada ano.<\/h4>\n<\/div>\n<\/div><\/div><\/div><div id=\"panel-2796-0-0-1\" class=\"so-panel widget widget_sow-accordion\" data-index=\"1\" ><div\n\t\t\t\n\t\t\tclass=\"so-widget-sow-accordion so-widget-sow-accordion-default-22b7c20f8101-2796\"\n\t\t\t\n\t\t><div>\n\t<div class=\"sow-accordion\">\n\t\t\t<div class=\"sow-accordion-panel\"\n\t\t\t data-anchor=\"2024\">\n\t\t\t\t<div class=\"sow-accordion-panel-header-container\" role=\"heading\" aria-level=\"2\">\n\t\t\t\t\t<div class=\"sow-accordion-panel-header\" tabindex=\"0\" role=\"button\" id=\"accordion-label-2024\" aria-controls=\"accordion-content-2024\" aria-expanded=\"false\">\n\t\t\t\t\t\t<div class=\"sow-accordion-title sow-accordion-title-icon-left\">\n\t\t\t\t\t\t\t\t\t\t\t\t\t\t2024\t\t\t\t\t\t\t\t\t\t\t\t\t<\/div>\n\t\t\t\t\t\t<div class=\"sow-accordion-open-close-button\">\n\t\t\t\t\t\t\t<div class=\"sow-accordion-open-button\">\n\t\t\t\t\t\t\t\t<span class=\"sow-icon-ionicons\" data-sow-icon=\"&#xf218;\"\n\t\t \n\t\taria-hidden=\"true\"><\/span>\t\t\t\t\t\t\t<\/div>\n\t\t\t\t\t\t\t<div class=\"sow-accordion-close-button\">\n\t\t\t\t\t\t\t\t<span class=\"sow-icon-ionicons\" data-sow-icon=\"&#xf209;\"\n\t\t \n\t\taria-hidden=\"true\"><\/span>\t\t\t\t\t\t\t<\/div>\n\t\t\t\t\t\t<\/div>\n\t\t\t\t\t<\/div>\n\t\t\t\t<\/div>\n\n\t\t\t<div\n\t\t\t\tclass=\"sow-accordion-panel-content\"\n\t\t\t\trole=\"region\"\n\t\t\t\taria-labelledby=\"accordion-label-2024\"\n\t\t\t\tid=\"accordion-content-2024\"\n\t\t\t\tstyle=\"display: none;\"\t\t\t>\n\t\t\t\t<div class=\"sow-accordion-panel-border\" tabindex=\"0\">\n\t\t\t\t\t<h3 style=\"text-align: center\"><a href=\"http:\/\/www2.uepg.br\/proplan\/wp-content\/uploads\/sites\/145\/2025\/09\/Relatorio-ODS2024.pdf\">Relat\u00f3rio OBJETIVOS DE DESENVOLVIMENTO SUSTENT\u00c1VEL UEPG - 2024<\/a><\/h3>\n\t\t\t\t<\/div>\n\t\t\t<\/div>\n\t\t<\/div>\n\t\t\t<div class=\"sow-accordion-panel\"\n\t\t\t data-anchor=\"2023\">\n\t\t\t\t<div class=\"sow-accordion-panel-header-container\" role=\"heading\" aria-level=\"2\">\n\t\t\t\t\t<div class=\"sow-accordion-panel-header\" tabindex=\"0\" role=\"button\" id=\"accordion-label-2023\" aria-controls=\"accordion-content-2023\" aria-expanded=\"false\">\n\t\t\t\t\t\t<div class=\"sow-accordion-title sow-accordion-title-icon-left\">\n\t\t\t\t\t\t\t\t\t\t\t\t\t\t2023\t\t\t\t\t\t\t\t\t\t\t\t\t<\/div>\n\t\t\t\t\t\t<div class=\"sow-accordion-open-close-button\">\n\t\t\t\t\t\t\t<div class=\"sow-accordion-open-button\">\n\t\t\t\t\t\t\t\t<span class=\"sow-icon-ionicons\" data-sow-icon=\"&#xf218;\"\n\t\t \n\t\taria-hidden=\"true\"><\/span>\t\t\t\t\t\t\t<\/div>\n\t\t\t\t\t\t\t<div class=\"sow-accordion-close-button\">\n\t\t\t\t\t\t\t\t<span class=\"sow-icon-ionicons\" data-sow-icon=\"&#xf209;\"\n\t\t \n\t\taria-hidden=\"true\"><\/span>\t\t\t\t\t\t\t<\/div>\n\t\t\t\t\t\t<\/div>\n\t\t\t\t\t<\/div>\n\t\t\t\t<\/div>\n\n\t\t\t<div\n\t\t\t\tclass=\"sow-accordion-panel-content\"\n\t\t\t\trole=\"region\"\n\t\t\t\taria-labelledby=\"accordion-label-2023\"\n\t\t\t\tid=\"accordion-content-2023\"\n\t\t\t\tstyle=\"display: none;\"\t\t\t>\n\t\t\t\t<div class=\"sow-accordion-panel-border\" tabindex=\"0\">\n\t\t\t\t\t<h3 style=\"text-align: center\"><a href=\"http:\/\/www2.uepg.br\/proplan\/wp-content\/uploads\/sites\/145\/2025\/07\/Relatorio-OBJETIVOS-DE-DESENVOLVIMENTO-SUSTENTAVEL-UEPG-2023_compressed.pdf\">Relat\u00f3rio OBJETIVOS DE DESENVOLVIMENTO SUSTENT\u00c1VEL UEPG - 2023<\/a><\/h3>\n\t\t\t\t<\/div>\n\t\t\t<\/div>\n\t\t<\/div>\n\t\t\t<div class=\"sow-accordion-panel\"\n\t\t\t data-anchor=\"2022\">\n\t\t\t\t<div class=\"sow-accordion-panel-header-container\" role=\"heading\" aria-level=\"2\">\n\t\t\t\t\t<div class=\"sow-accordion-panel-header\" tabindex=\"0\" role=\"button\" id=\"accordion-label-2022\" aria-controls=\"accordion-content-2022\" aria-expanded=\"false\">\n\t\t\t\t\t\t<div class=\"sow-accordion-title sow-accordion-title-icon-left\">\n\t\t\t\t\t\t\t\t\t\t\t\t\t\t2022\t\t\t\t\t\t\t\t\t\t\t\t\t<\/div>\n\t\t\t\t\t\t<div class=\"sow-accordion-open-close-button\">\n\t\t\t\t\t\t\t<div class=\"sow-accordion-open-button\">\n\t\t\t\t\t\t\t\t<span class=\"sow-icon-ionicons\" data-sow-icon=\"&#xf218;\"\n\t\t \n\t\taria-hidden=\"true\"><\/span>\t\t\t\t\t\t\t<\/div>\n\t\t\t\t\t\t\t<div class=\"sow-accordion-close-button\">\n\t\t\t\t\t\t\t\t<span class=\"sow-icon-ionicons\" data-sow-icon=\"&#xf209;\"\n\t\t \n\t\taria-hidden=\"true\"><\/span>\t\t\t\t\t\t\t<\/div>\n\t\t\t\t\t\t<\/div>\n\t\t\t\t\t<\/div>\n\t\t\t\t<\/div>\n\n\t\t\t<div\n\t\t\t\tclass=\"sow-accordion-panel-content\"\n\t\t\t\trole=\"region\"\n\t\t\t\taria-labelledby=\"accordion-label-2022\"\n\t\t\t\tid=\"accordion-content-2022\"\n\t\t\t\tstyle=\"display: none;\"\t\t\t>\n\t\t\t\t<div class=\"sow-accordion-panel-border\" tabindex=\"0\">\n\t\t\t\t\t<h3 style=\"text-align: center\"><a href=\"http:\/\/www2.uepg.br\/proplan\/wp-content\/uploads\/sites\/145\/2025\/07\/Relatorio-OBJETIVOS-DE-DESENVOLVIMENTO-SUSTENTAVEL-UEPG-2022.pdf\">Relat\u00f3rio OBJETIVOS DE DESENVOLVIMENTO SUSTENT\u00c1VEL UEPG - 2022<\/a><\/h3>\n\t\t\t\t<\/div>\n\t\t\t<\/div>\n\t\t<\/div>\n\t\t\t<div class=\"sow-accordion-panel\"\n\t\t\t data-anchor=\"2021\">\n\t\t\t\t<div class=\"sow-accordion-panel-header-container\" role=\"heading\" aria-level=\"2\">\n\t\t\t\t\t<div class=\"sow-accordion-panel-header\" tabindex=\"0\" role=\"button\" id=\"accordion-label-2021\" aria-controls=\"accordion-content-2021\" aria-expanded=\"false\">\n\t\t\t\t\t\t<div class=\"sow-accordion-title sow-accordion-title-icon-left\">\n\t\t\t\t\t\t\t\t\t\t\t\t\t\t2021\t\t\t\t\t\t\t\t\t\t\t\t\t<\/div>\n\t\t\t\t\t\t<div class=\"sow-accordion-open-close-button\">\n\t\t\t\t\t\t\t<div class=\"sow-accordion-open-button\">\n\t\t\t\t\t\t\t\t<span class=\"sow-icon-ionicons\" data-sow-icon=\"&#xf218;\"\n\t\t \n\t\taria-hidden=\"true\"><\/span>\t\t\t\t\t\t\t<\/div>\n\t\t\t\t\t\t\t<div class=\"sow-accordion-close-button\">\n\t\t\t\t\t\t\t\t<span class=\"sow-icon-ionicons\" data-sow-icon=\"&#xf209;\"\n\t\t \n\t\taria-hidden=\"true\"><\/span>\t\t\t\t\t\t\t<\/div>\n\t\t\t\t\t\t<\/div>\n\t\t\t\t\t<\/div>\n\t\t\t\t<\/div>\n\n\t\t\t<div\n\t\t\t\tclass=\"sow-accordion-panel-content\"\n\t\t\t\trole=\"region\"\n\t\t\t\taria-labelledby=\"accordion-label-2021\"\n\t\t\t\tid=\"accordion-content-2021\"\n\t\t\t\tstyle=\"display: none;\"\t\t\t>\n\t\t\t\t<div class=\"sow-accordion-panel-border\" tabindex=\"0\">\n\t\t\t\t\t<h3 style=\"text-align: center\"><a href=\"http:\/\/www2.uepg.br\/proplan\/wp-content\/uploads\/sites\/145\/2025\/07\/Relatorio-OBJETIVOS-DE-DESENVOLVIMENTO-SUSTENTAVEL-UEPG-2021.pdf\">Relat\u00f3rio OBJETIVOS DE DESENVOLVIMENTO SUSTENT\u00c1VEL UEPG - 2021<\/a><\/h3>\n<h3><\/h3>\n<h3 style=\"text-align: center\"><a href=\"http:\/\/www2.uepg.br\/proplan\/wp-content\/uploads\/sites\/145\/2025\/07\/SUSTAINABLE-DEVELOPMENT-GOALS-Report-UEPG-2021-English-version.pdf\">SUSTAINABLE DEVELOPMENT GOALS Report UEPG 2021 (English version)<\/a><\/h3>\n<h2><\/h2>\n\t\t\t\t<\/div>\n\t\t\t<\/div>\n\t\t<\/div>\n\t\t<\/div>\n<\/div>\n<\/div><\/div><div id=\"panel-2796-0-0-2\" class=\"so-panel widget widget_sow-image panel-last-child\" data-index=\"2\" ><div\n\t\t\t\n\t\t\tclass=\"so-widget-sow-image so-widget-sow-image-default-17bc2272b535-2796\"\n\t\t\t\n\t\t>\n\n<div class=\"sow-image-container\">\n\t\t<img src=\"https:\/\/www2.uepg.br\/proplan\/wp-content\/uploads\/sites\/145\/2023\/06\/objetivos_port.png\" width=\"1155\" height=\"728\" srcset=\"https:\/\/www2.uepg.br\/proplan\/wp-content\/uploads\/sites\/145\/2023\/06\/objetivos_port.png 1155w, https:\/\/www2.uepg.br\/proplan\/wp-content\/uploads\/sites\/145\/2023\/06\/objetivos_port-300x189.png 300w, https:\/\/www2.uepg.br\/proplan\/wp-content\/uploads\/sites\/145\/2023\/06\/objetivos_port-1024x645.png 1024w, https:\/\/www2.uepg.br\/proplan\/wp-content\/uploads\/sites\/145\/2023\/06\/objetivos_port-768x484.png 768w\" sizes=\"(max-width: 1155px) 100vw, 1155px\" title=\"ODS\" alt=\"\" loading=\"lazy\" \t\tclass=\"so-widget-image\"\/>\n\t<\/div>\n\n<\/div><\/div><\/div><\/div><\/div>","protected":false},"excerpt":{"rendered":"<p>Relat\u00f3rios ODS &#8211; Agenda 2030 &nbsp; \u00a0 \u00a0 \u00a0 \u00a0 \u00a0 \u00a0 \u00a0 \u00a0A Universidade Estadual de Ponta Grossa \u2013 UEPG tem a miss\u00e3o de produzir e difundir conhecimentos m\u00faltiplos, a fim de formar indiv\u00edduos \u00e9ticos, cr\u00edticos e criativos, para melhorar a qualidade da vida humana. A miss\u00e3o da UEPG vai ao encontro da Agenda&nbsp;&hellip;<\/p>\n","protected":false},"author":337,"featured_media":0,"parent":48,"menu_order":0,"comment_status":"closed","ping_status":"closed","template":"","meta":[],"_links":{"self":[{"href":"https:\/\/www2.uepg.br\/proplan\/wp-json\/wp\/v2\/pages\/2796"}],"collection":[{"href":"https:\/\/www2.uepg.br\/proplan\/wp-json\/wp\/v2\/pages"}],"about":[{"href":"https:\/\/www2.uepg.br\/proplan\/wp-json\/wp\/v2\/types\/page"}],"author":[{"embeddable":true,"href":"https:\/\/www2.uepg.br\/proplan\/wp-json\/wp\/v2\/users\/337"}],"replies":[{"embeddable":true,"href":"https:\/\/www2.uepg.br\/proplan\/wp-json\/wp\/v2\/comments?post=2796"}],"version-history":[{"count":29,"href":"https:\/\/www2.uepg.br\/proplan\/wp-json\/wp\/v2\/pages\/2796\/revisions"}],"predecessor-version":[{"id":3585,"href":"https:\/\/www2.uepg.br\/proplan\/wp-json\/wp\/v2\/pages\/2796\/revisions\/3585"}],"up":[{"embeddable":true,"href":"https:\/\/www2.uepg.br\/proplan\/wp-json\/wp\/v2\/pages\/48"}],"wp:attachment":[{"href":"https:\/\/www2.uepg.br\/proplan\/wp-json\/wp\/v2\/media?parent=2796"}],"curies":[{"name":"wp","href":"https:\/\/api.w.org\/{rel}","templated":true}]}}