{"id":6,"date":"2020-04-20T14:56:52","date_gmt":"2020-04-20T17:56:52","guid":{"rendered":"http:\/\/www2.uepg.br\/prova-proficiencia\/?page_id=6"},"modified":"2026-03-26T15:03:52","modified_gmt":"2026-03-26T18:03:52","slug":"home","status":"publish","type":"page","link":"https:\/\/www2.uepg.br\/prova-proficiencia\/","title":{"rendered":"Home"},"content":{"rendered":"<div id=\"pl-6\"  class=\"panel-layout\" ><div id=\"pg-6-0\"  class=\"panel-grid panel-has-style\" ><div class=\"siteorigin-panels-stretch panel-row-style panel-row-style-for-6-0\" data-stretch-type=\"full\" ><div id=\"pgc-6-0-0\"  class=\"panel-grid-cell\" ><div id=\"panel-6-0-0-0\" class=\"so-panel widget widget_sow-editor panel-first-child panel-last-child\" data-index=\"0\" ><div\n\t\t\t\n\t\t\tclass=\"so-widget-sow-editor so-widget-sow-editor-base\"\n\t\t\t\n\t\t>\n<div class=\"siteorigin-widget-tinymce textwidget\">\n\t<h2 style=\"text-align: center\"><span style=\"color: #ffffff\">Cronograma<\/span><\/h2>\n<\/div>\n<\/div><\/div><\/div><div id=\"pgc-6-0-1\"  class=\"panel-grid-cell\" ><div id=\"panel-6-0-1-0\" class=\"so-panel widget widget_sow-accordion panel-first-child panel-last-child\" data-index=\"1\" ><div class=\"panel-widget-style panel-widget-style-for-6-0-1-0\" ><div\n\t\t\t\n\t\t\tclass=\"so-widget-sow-accordion so-widget-sow-accordion-default-8982c4fc1ed1-6\"\n\t\t\t\n\t\t><div>\n\t<div class=\"sow-accordion\">\n\t\t\t<div class=\"sow-accordion-panel\"\n\t\t\t data-anchor=\"2026\">\n\t\t\t\t<div class=\"sow-accordion-panel-header-container\" role=\"heading\" aria-level=\"2\">\n\t\t\t\t\t<div class=\"sow-accordion-panel-header\" tabindex=\"0\" role=\"button\" id=\"accordion-label-2026\" aria-controls=\"accordion-content-2026\" aria-expanded=\"false\">\n\t\t\t\t\t\t<div class=\"sow-accordion-title sow-accordion-title-icon-left\">\n\t\t\t\t\t\t\t\t\t\t\t\t\t\t2026\t\t\t\t\t\t\t\t\t\t\t\t\t<\/div>\n\t\t\t\t\t\t<div class=\"sow-accordion-open-close-button\">\n\t\t\t\t\t\t\t<div class=\"sow-accordion-open-button\">\n\t\t\t\t\t\t\t\t<span class=\"sow-icon-ionicons\" data-sow-icon=\"&#xf218;\"\n\t\t \n\t\taria-hidden=\"true\"><\/span>\t\t\t\t\t\t\t<\/div>\n\t\t\t\t\t\t\t<div class=\"sow-accordion-close-button\">\n\t\t\t\t\t\t\t\t<span class=\"sow-icon-ionicons\" data-sow-icon=\"&#xf209;\"\n\t\t \n\t\taria-hidden=\"true\"><\/span>\t\t\t\t\t\t\t<\/div>\n\t\t\t\t\t\t<\/div>\n\t\t\t\t\t<\/div>\n\t\t\t\t<\/div>\n\n\t\t\t<div\n\t\t\t\tclass=\"sow-accordion-panel-content\"\n\t\t\t\trole=\"region\"\n\t\t\t\taria-labelledby=\"accordion-label-2026\"\n\t\t\t\tid=\"accordion-content-2026\"\n\t\t\t\tstyle=\"display: none;\"\t\t\t>\n\t\t\t\t<div class=\"sow-accordion-panel-border\" tabindex=\"0\">\n\t\t\t\t\t<p>2026-1<\/p>\n<p>Realiza\u00e7\u00e3o: 10\/05\/2026<\/p>\n<p>Inscri\u00e7\u00f5es: 25\/03\/2026 a 16\/04\/2026<\/p>\n\t\t\t\t<\/div>\n\t\t\t<\/div>\n\t\t<\/div>\n\t\t\t<div class=\"sow-accordion-panel\"\n\t\t\t data-anchor=\"2025\">\n\t\t\t\t<div class=\"sow-accordion-panel-header-container\" role=\"heading\" aria-level=\"2\">\n\t\t\t\t\t<div class=\"sow-accordion-panel-header\" tabindex=\"0\" role=\"button\" id=\"accordion-label-2025\" aria-controls=\"accordion-content-2025\" aria-expanded=\"false\">\n\t\t\t\t\t\t<div class=\"sow-accordion-title sow-accordion-title-icon-left\">\n\t\t\t\t\t\t\t\t\t\t\t\t\t\t2025\t\t\t\t\t\t\t\t\t\t\t\t\t<\/div>\n\t\t\t\t\t\t<div class=\"sow-accordion-open-close-button\">\n\t\t\t\t\t\t\t<div class=\"sow-accordion-open-button\">\n\t\t\t\t\t\t\t\t<span class=\"sow-icon-ionicons\" data-sow-icon=\"&#xf218;\"\n\t\t \n\t\taria-hidden=\"true\"><\/span>\t\t\t\t\t\t\t<\/div>\n\t\t\t\t\t\t\t<div class=\"sow-accordion-close-button\">\n\t\t\t\t\t\t\t\t<span class=\"sow-icon-ionicons\" data-sow-icon=\"&#xf209;\"\n\t\t \n\t\taria-hidden=\"true\"><\/span>\t\t\t\t\t\t\t<\/div>\n\t\t\t\t\t\t<\/div>\n\t\t\t\t\t<\/div>\n\t\t\t\t<\/div>\n\n\t\t\t<div\n\t\t\t\tclass=\"sow-accordion-panel-content\"\n\t\t\t\trole=\"region\"\n\t\t\t\taria-labelledby=\"accordion-label-2025\"\n\t\t\t\tid=\"accordion-content-2025\"\n\t\t\t\tstyle=\"display: none;\"\t\t\t>\n\t\t\t\t<div class=\"sow-accordion-panel-border\" tabindex=\"0\">\n\t\t\t\t\t<p>2025-2<\/p>\n<p>Realiza\u00e7\u00e3o: 09\/11\/2025<\/p>\n<p>Inscri\u00e7\u00f5es: 23\/09\/2025 a 15\/10\/2025<\/p>\n<p>&nbsp;<\/p>\n<p>2025-1<\/p>\n<p>Realiza\u00e7\u00e3o: 18\/05\/2025<\/p>\n<p>Inscri\u00e7\u00f5es: 01\/04\/2025 a 30\/04\/2025<\/p>\n\t\t\t\t<\/div>\n\t\t\t<\/div>\n\t\t<\/div>\n\t\t\t<div class=\"sow-accordion-panel\"\n\t\t\t data-anchor=\"2024\">\n\t\t\t\t<div class=\"sow-accordion-panel-header-container\" role=\"heading\" aria-level=\"2\">\n\t\t\t\t\t<div class=\"sow-accordion-panel-header\" tabindex=\"0\" role=\"button\" id=\"accordion-label-2024\" aria-controls=\"accordion-content-2024\" aria-expanded=\"false\">\n\t\t\t\t\t\t<div class=\"sow-accordion-title sow-accordion-title-icon-left\">\n\t\t\t\t\t\t\t\t\t\t\t\t\t\t2024\t\t\t\t\t\t\t\t\t\t\t\t\t<\/div>\n\t\t\t\t\t\t<div class=\"sow-accordion-open-close-button\">\n\t\t\t\t\t\t\t<div class=\"sow-accordion-open-button\">\n\t\t\t\t\t\t\t\t<span class=\"sow-icon-ionicons\" data-sow-icon=\"&#xf218;\"\n\t\t \n\t\taria-hidden=\"true\"><\/span>\t\t\t\t\t\t\t<\/div>\n\t\t\t\t\t\t\t<div class=\"sow-accordion-close-button\">\n\t\t\t\t\t\t\t\t<span class=\"sow-icon-ionicons\" data-sow-icon=\"&#xf209;\"\n\t\t \n\t\taria-hidden=\"true\"><\/span>\t\t\t\t\t\t\t<\/div>\n\t\t\t\t\t\t<\/div>\n\t\t\t\t\t<\/div>\n\t\t\t\t<\/div>\n\n\t\t\t<div\n\t\t\t\tclass=\"sow-accordion-panel-content\"\n\t\t\t\trole=\"region\"\n\t\t\t\taria-labelledby=\"accordion-label-2024\"\n\t\t\t\tid=\"accordion-content-2024\"\n\t\t\t\tstyle=\"display: none;\"\t\t\t>\n\t\t\t\t<div class=\"sow-accordion-panel-border\" tabindex=\"0\">\n\t\t\t\t\t<p>2024-2<\/p>\n<p>Realiza\u00e7\u00e3o: 10\/11\/2024<\/p>\n<p>Inscri\u00e7\u00f5es: 20\/09\/2024 a 20\/10\/2024<\/p>\n<p>2024-1<\/p>\n<p>Realiza\u00e7\u00e3o: 02\/06\/2024<\/p>\n\t\t\t\t<\/div>\n\t\t\t<\/div>\n\t\t<\/div>\n\t\t<\/div>\n<\/div>\n<\/div><\/div><\/div><\/div><\/div><\/div><div id=\"pg-6-1\"  class=\"panel-grid panel-has-style\" ><div class=\"siteorigin-panels-stretch panel-row-style panel-row-style-for-6-1\" data-stretch-type=\"full\" ><div id=\"pgc-6-1-0\"  class=\"panel-grid-cell\" ><div id=\"panel-6-1-0-0\" class=\"so-panel widget widget_sow-editor panel-first-child panel-last-child\" data-index=\"2\" ><div class=\"panel-widget-style panel-widget-style-for-6-1-0-0\" ><div\n\t\t\t\n\t\t\tclass=\"so-widget-sow-editor so-widget-sow-editor-base\"\n\t\t\t\n\t\t>\n<div class=\"siteorigin-widget-tinymce textwidget\">\n\t<h2 style=\"text-align: center\"><span style=\"color: #ffffff\">Sobre a Prova<\/span><\/h2>\n<\/div>\n<\/div><\/div><\/div><\/div><div id=\"pgc-6-1-1\"  class=\"panel-grid-cell\" ><div id=\"panel-6-1-1-0\" class=\"so-panel widget widget_sow-editor panel-first-child panel-last-child\" data-index=\"3\" ><div class=\"panel-widget-style panel-widget-style-for-6-1-1-0\" ><div\n\t\t\t\n\t\t\tclass=\"so-widget-sow-editor so-widget-sow-editor-base\"\n\t\t\t\n\t\t>\n<div class=\"siteorigin-widget-tinymce textwidget\">\n\t<p><span style=\"color: #ffffff\">A Prova de Profici\u00eancia em Leitura em L\u00edngua Estrangeira (PPLE) da UEPG tem por objetivo aferir a habilidade de leitura em l\u00edngua estrangeira.<\/span><\/p>\n<p><span style=\"color: #ffffff\"> Increva-se <a href=\"https:\/\/siseve.apps.uepg.br\/pt_BR\/provaproficiencia2026\">aqui.<\/a><\/span><\/p>\n<p>&nbsp;<\/p>\n<\/div>\n<\/div><\/div><\/div><\/div><\/div><\/div><div id=\"pg-6-2\"  class=\"panel-grid panel-has-style\" ><div class=\"siteorigin-panels-stretch panel-row-style panel-row-style-for-6-2\" data-stretch-type=\"full-stretched\" ><div id=\"pgc-6-2-0\"  class=\"panel-grid-cell\" ><div id=\"panel-6-2-0-0\" class=\"so-panel widget widget_sow-image panel-first-child panel-last-child\" data-index=\"4\" ><div\n\t\t\t\n\t\t\tclass=\"so-widget-sow-image so-widget-sow-image-default-17bc2272b535-6\"\n\t\t\t\n\t\t>\n\n<div class=\"sow-image-container\">\n\t\t<img src=\"https:\/\/www2.uepg.br\/prova-proficiencia\/wp-content\/uploads\/sites\/266\/2023\/03\/Ilustracao-Tarja-Amarela-Fundo-Linguas.png\" width=\"700\" height=\"406\" srcset=\"https:\/\/www2.uepg.br\/prova-proficiencia\/wp-content\/uploads\/sites\/266\/2023\/03\/Ilustracao-Tarja-Amarela-Fundo-Linguas.png 1657w, https:\/\/www2.uepg.br\/prova-proficiencia\/wp-content\/uploads\/sites\/266\/2023\/03\/Ilustracao-Tarja-Amarela-Fundo-Linguas-300x174.png 300w, https:\/\/www2.uepg.br\/prova-proficiencia\/wp-content\/uploads\/sites\/266\/2023\/03\/Ilustracao-Tarja-Amarela-Fundo-Linguas-1024x595.png 1024w, https:\/\/www2.uepg.br\/prova-proficiencia\/wp-content\/uploads\/sites\/266\/2023\/03\/Ilustracao-Tarja-Amarela-Fundo-Linguas-768x446.png 768w, https:\/\/www2.uepg.br\/prova-proficiencia\/wp-content\/uploads\/sites\/266\/2023\/03\/Ilustracao-Tarja-Amarela-Fundo-Linguas-1536x892.png 1536w, https:\/\/www2.uepg.br\/prova-proficiencia\/wp-content\/uploads\/sites\/266\/2023\/03\/Ilustracao-Tarja-Amarela-Fundo-Linguas-1232x715.png 1232w\" sizes=\"(max-width: 700px) 100vw, 700px\" title=\"Ilustra\u00e7\u00e3o Tarja Amarela Fundo L\u00ednguas\" alt=\"\" loading=\"lazy\" \t\tclass=\"so-widget-image\"\/>\n\t<\/div>\n\n<\/div><\/div><\/div><div id=\"pgc-6-2-1\"  class=\"panel-grid-cell\" ><div id=\"panel-6-2-1-0\" class=\"so-panel widget widget_sow-editor panel-first-child panel-last-child\" data-index=\"5\" ><div\n\t\t\t\n\t\t\tclass=\"so-widget-sow-editor so-widget-sow-editor-base\"\n\t\t\t\n\t\t>\n<div class=\"siteorigin-widget-tinymce textwidget\">\n\t<h3><span style=\"color: #ffffff\"><strong>L\u00ednguas<\/strong><\/span><\/h3>\n<p><span style=\"color: #ffffff\">As l\u00ednguas oferecidas regularmente s\u00e3o Espanhol e Ingl\u00eas.<\/span><\/p>\n<p><span style=\"color: #ffffff\"> Provas de Franc\u00eas, Portugu\u00eas para Estrangeiro e Espanhol para Ind\u00edgenas s\u00e3o oferecidas a depender da demanda.<\/span><\/p>\n<h3><span style=\"color: #ffffff\"><strong>Exemplares das provas<\/strong><\/span><\/h3>\n<p><span style=\"color: #ffffff\">- Prova de Espanhol (<a href=\"https:\/\/www2.uepg.br\/prova-proficiencia\/wp-content\/uploads\/sites\/266\/2024\/04\/2023_1_PPLLE-Espanhol.pdf\">Link para a prova<\/a>)<\/span><\/p>\n<p><span style=\"color: #ffffff\">- Prova de Ingl\u00eas (<a href=\"https:\/\/www2.uepg.br\/prova-proficiencia\/wp-content\/uploads\/sites\/266\/2024\/04\/PPLLE_2022-2-INGLES.pdf\">Link para a prova<\/a>)<\/span><\/p>\n<p><span style=\"color: #ffffff\">- Prova de Franc\u00eas (<a href=\"https:\/\/www2.uepg.br\/prova-proficiencia\/wp-content\/uploads\/sites\/266\/2024\/04\/2023_1_PPLLE_FRANCES.pdf\">Link para a prova<\/a>)<\/span><\/p>\n<p><span style=\"color: #ffffff\">- Prova de Portugu\u00eas para Estrangeiros (<a href=\"https:\/\/www2.uepg.br\/prova-proficiencia\/wp-content\/uploads\/sites\/266\/2024\/04\/PROTUGUES-LE_.pdf\">Link para a prova<\/a>)<\/span><\/p>\n<\/div>\n<\/div><\/div><\/div><\/div><\/div><div id=\"pg-6-3\"  class=\"panel-grid panel-no-style\" ><div id=\"pgc-6-3-0\"  class=\"panel-grid-cell\" ><div id=\"panel-6-3-0-0\" class=\"so-panel widget widget_sow-editor panel-first-child panel-last-child\" data-index=\"6\" ><div\n\t\t\t\n\t\t\tclass=\"so-widget-sow-editor so-widget-sow-editor-base\"\n\t\t\t\n\t\t>\n<div class=\"siteorigin-widget-tinymce textwidget\">\n\t<h3><strong><span style=\"color: #fdbd12\">P\u00fablico-alvo<\/span><\/strong><\/h3>\n<p>A prova \u00e9 oferecida para alunos da UEPG e para a comunidade externa (alunos de outras institui\u00e7\u00f5es).<\/p>\n<p>&nbsp;<\/p>\n<h3><strong><span style=\"color: #ed164b\">Certifica\u00e7\u00e3o<\/span><\/strong><\/h3>\n<p>A nota m\u00ednima para aprova\u00e7\u00e3o \u00e9 7,0.<\/p>\n<p>Somente receber\u00e3o certificado candidatos aprovados.<\/p>\n<p>&nbsp;<\/p>\n<h3><strong><span style=\"color: #000080\">Valor<\/span><\/strong><\/h3>\n<p>O valor da prova \u00e9 R$150,00 (cento e cinquenta reais).<\/p>\n<\/div>\n<\/div><\/div><\/div><div id=\"pgc-6-3-1\"  class=\"panel-grid-cell\" ><div id=\"panel-6-3-1-0\" class=\"so-panel widget widget_sow-editor panel-first-child panel-last-child\" data-index=\"7\" ><div\n\t\t\t\n\t\t\tclass=\"so-widget-sow-editor so-widget-sow-editor-base\"\n\t\t\t\n\t\t>\n<div class=\"siteorigin-widget-tinymce textwidget\">\n\t<h3><strong><span style=\"color: #00a8ca\">Isen\u00e7\u00e3o<\/span><\/strong><\/h3>\n<p>S\u00e3o isentos de pagamento da taxa de inscri\u00e7\u00e3o da PPLLE os alunos ind\u00edgenas e os candidatos regularmente inscritos no CADUNICO. A isen\u00e7\u00e3o dever\u00e1 ser solicitada de acordo com as normas do edital vigente.<\/p>\n<p>&nbsp;<\/p>\n<p>Acesse aqui o <a href=\"https:\/\/drive.google.com\/file\/d\/1lS8-MPkXjReAenuoSGBfbh2LnxRdWxxO\/view?usp=sharing\"><span style=\"color: #fdbd12\">Manual do Candidato<\/span><\/a><\/p>\n<p>&nbsp;<\/p>\n<p>Para outras informa\u00e7\u00f5es, clique em Edital (normas) e Agenda (datas)<\/p>\n<p>&nbsp;<\/p>\n<h3><a href=\"https:\/\/www2.uepg.br\/prova-proficiencia\/faq\/\"><strong><span style=\"color: #fdbd12\">FAQ<\/span><\/strong><\/a><\/h3>\n<\/div>\n<\/div><\/div><\/div><\/div><div id=\"pg-6-4\"  class=\"panel-grid panel-has-style\" ><div class=\"panel-row-style panel-row-style-for-6-4\" ><div id=\"pgc-6-4-0\"  class=\"panel-grid-cell\" ><div id=\"panel-6-4-0-0\" class=\"so-panel widget widget_sow-editor panel-first-child panel-last-child\" data-index=\"8\" ><div class=\"panel-widget-style panel-widget-style-for-6-4-0-0\" ><div\n\t\t\t\n\t\t\tclass=\"so-widget-sow-editor so-widget-sow-editor-base\"\n\t\t\t\n\t\t>\n<div class=\"siteorigin-widget-tinymce textwidget\">\n\t<h4 style=\"text-align: center\"><strong>\u00daltimos Certificados<\/strong><\/h4>\n\t\t<div class=\"wppsac-slick-carousel-wrp wppsac-clearfix \">\r\n\t\t\t<div id=\"wppsac-post-carousel-1\" class=\"wppsac-post-slider-init wppsac-post-carousel design-1\">\r\n\t\t\t\t\r\n<div class=\"wppsac-carousel-slides\">\r\n\t\t<div class=\"wppsac-post-content-position\">\r\n\t\t\t\t\t<div class=\"wppsac-post-categories\"><ul class=\"wppsac-post-categories-list\"><li><a href=\"https:\/\/www2.uepg.br\/prova-proficiencia\/category\/noticias\/\" rel=\"category\"> Not\u00edcias <\/a><\/li><\/ul><\/div>\r\n\t\t\t  \t<h2 class=\"wppsac-post-title\">\r\n\t\t\t<a href=\"https:\/\/www2.uepg.br\/prova-proficiencia\/certificados\/\">CERTIFICADOS<\/a>\r\n\t\t<\/h2>\r\n\t\t\t\t\t<div class=\"wppsac-post-date\">\r\n\t\t\t\t29 de abril de 2024\t\t\t<\/div>\r\n\t\t\t\t\t<\/div>\r\n<\/div>\t\t\t<\/div>\r\n\t\t\t<div class=\"wppsac-carousel-conf wppsac-hide\" data-conf=\"{&quot;slides_to_show&quot;:&quot;4&quot;,&quot;slides_to_scroll&quot;:1,&quot;dots&quot;:&quot;false&quot;,&quot;arrows&quot;:&quot;true&quot;,&quot;autoplay&quot;:&quot;true&quot;,&quot;autoplay_interval&quot;:&quot;19500&quot;,&quot;speed&quot;:500,&quot;rtl&quot;:&quot;false&quot;,&quot;lazyload&quot;:&quot;&quot;}\"><\/div>\r\n\t\t<\/div>\r\n\t\n<\/div>\n<\/div><\/div><\/div><\/div><\/div><\/div><div id=\"pg-6-5\"  class=\"panel-grid panel-has-style\" ><div class=\"panel-row-style panel-row-style-for-6-5\" ><div id=\"pgc-6-5-0\"  class=\"panel-grid-cell\" ><div id=\"panel-6-5-0-0\" class=\"so-panel widget widget_sow-button panel-first-child panel-last-child\" data-index=\"9\" ><div class=\"panel-widget-style panel-widget-style-for-6-5-0-0\" ><div\n\t\t\t\n\t\t\tclass=\"so-widget-sow-button so-widget-sow-button-atom-f28947f507e4-288\"\n\t\t\t\n\t\t><div class=\"ow-button-base ow-button-align-center\">\n\t<a href=\"https:\/\/www2.uepg.br\/prova-proficiencia\/certificados\/\" class=\"ow-icon-placement-left ow-button-hover\" \t\t>\n\t\t<span>\n\t\t\t\n\t\t\tveja todos os certificados\t\t<\/span>\n\t<\/a>\n<\/div>\n<\/div><\/div><\/div><\/div><\/div><\/div><\/div>","protected":false},"excerpt":{"rendered":"<p>Para emitir seu certificado\u00a0clique aqui Orienta\u00e7\u00f5es:<\/p>\n","protected":false},"author":24,"featured_media":0,"parent":0,"menu_order":0,"comment_status":"closed","ping_status":"closed","template":"","meta":[],"_links":{"self":[{"href":"https:\/\/www2.uepg.br\/prova-proficiencia\/wp-json\/wp\/v2\/pages\/6"}],"collection":[{"href":"https:\/\/www2.uepg.br\/prova-proficiencia\/wp-json\/wp\/v2\/pages"}],"about":[{"href":"https:\/\/www2.uepg.br\/prova-proficiencia\/wp-json\/wp\/v2\/types\/page"}],"author":[{"embeddable":true,"href":"https:\/\/www2.uepg.br\/prova-proficiencia\/wp-json\/wp\/v2\/users\/24"}],"replies":[{"embeddable":true,"href":"https:\/\/www2.uepg.br\/prova-proficiencia\/wp-json\/wp\/v2\/comments?post=6"}],"version-history":[{"count":68,"href":"https:\/\/www2.uepg.br\/prova-proficiencia\/wp-json\/wp\/v2\/pages\/6\/revisions"}],"predecessor-version":[{"id":396,"href":"https:\/\/www2.uepg.br\/prova-proficiencia\/wp-json\/wp\/v2\/pages\/6\/revisions\/396"}],"wp:attachment":[{"href":"https:\/\/www2.uepg.br\/prova-proficiencia\/wp-json\/wp\/v2\/media?parent=6"}],"curies":[{"name":"wp","href":"https:\/\/api.w.org\/{rel}","templated":true}]}}