{"id":91,"date":"2019-02-26T11:39:05","date_gmt":"2019-02-26T14:39:05","guid":{"rendered":"http:\/\/www2.uepg.br\/rondon\/?page_id=91"},"modified":"2024-07-31T15:00:06","modified_gmt":"2024-07-31T18:00:06","slug":"projeto-rondon","status":"publish","type":"page","link":"https:\/\/www2.uepg.br\/rondon\/projeto-rondon\/","title":{"rendered":"PROJETO RONDON"},"content":{"rendered":"<div class=\"mbr-section__container container mbr-section__container--first\">\n<div class=\"mbr-header mbr-header--wysiwyg row\">\n<h2 class=\"col-sm-8 col-sm-offset-2\" style=\"text-align: center\"><strong>PROJETO RONDON<\/strong><\/h2>\n<h2 class=\"col-sm-8 col-sm-offset-2\" style=\"text-align: center\"><strong>MINIST\u00c9RIO DA DEFESA<\/strong><\/h2>\n<\/div>\n<\/div>\n<div class=\"mbr-section__container container mbr-section__container--last\">\n<div class=\"row\">\n<p>&nbsp;<\/p>\n<p>O PROJETO RONDON, \u00e9 um projeto de integra\u00e7\u00e3o social que envolve a participa\u00e7\u00e3o volunt\u00e1ria de estudantes universit\u00e1rios na busca de solu\u00e7\u00f5es que contribuam para o desenvolvimento sustent\u00e1vel de comunidades carentes e ampliem o bem-estar da popula\u00e7\u00e3o. Hoje, o Projeto Rondon \u00e9 mais que um projeto educacional e social, \u00e9 uma poderosa ferramenta de transforma\u00e7\u00e3o social, na medida em que conscientiza jovens que ter\u00e3o nas m\u00e3os o destino deste pa\u00eds e da import\u00e2ncia do seu papel de protagonista na busca de uma sociedade mais justa.<\/p>\n<h4 style=\"text-align: center\">Informa\u00e7\u00f5es acessar:\u00a0<a href=\"http:\/\/www.projetorondon.defesa.gov.br\/portal\/\" target=\"_blank\" rel=\"noopener\">Portal Projeto Rondon MD<\/a><\/h4>\n<\/div>\n<\/div>\n<h3 style=\"text-align: center\"><\/h3>\n\n\t\t<style type=\"text\/css\">\n\t\t\t#gallery-1 {\n\t\t\t\tmargin: auto;\n\t\t\t}\n\t\t\t#gallery-1 .gallery-item {\n\t\t\t\tfloat: left;\n\t\t\t\tmargin-top: 10px;\n\t\t\t\ttext-align: center;\n\t\t\t\twidth: 33%;\n\t\t\t}\n\t\t\t#gallery-1 img {\n\t\t\t\tborder: 2px solid #cfcfcf;\n\t\t\t}\n\t\t\t#gallery-1 .gallery-caption {\n\t\t\t\tmargin-left: 0;\n\t\t\t}\n\t\t\t\/* see gallery_shortcode() in wp-includes\/media.php *\/\n\t\t<\/style>\n\t\t<div id='gallery-1' class='gallery galleryid-91 gallery-columns-3 gallery-size-medium'><dl class='gallery-item'>\n\t\t\t<dt class='gallery-icon landscape'>\n\t\t\t\t<a href='https:\/\/www2.uepg.br\/rondon\/projeto-rondon\/rondonmd1\/'><img width=\"300\" height=\"300\" src=\"https:\/\/www2.uepg.br\/rondon\/wp-content\/uploads\/sites\/10\/2024\/07\/rondonmd1.png\" class=\"attachment-medium size-medium\" alt=\"\" loading=\"lazy\" \/><\/a>\n\t\t\t<\/dt><\/dl><dl class='gallery-item'>\n\t\t\t<dt class='gallery-icon landscape'>\n\t\t\t\t<a href='https:\/\/www2.uepg.br\/rondon\/projeto-rondon\/rondonmd3\/'><img width=\"300\" height=\"162\" src=\"https:\/\/www2.uepg.br\/rondon\/wp-content\/uploads\/sites\/10\/2024\/07\/rondonmd3.png\" class=\"attachment-medium size-medium\" alt=\"\" loading=\"lazy\" \/><\/a>\n\t\t\t<\/dt><\/dl><dl class='gallery-item'>\n\t\t\t<dt class='gallery-icon portrait'>\n\t\t\t\t<a href='https:\/\/www2.uepg.br\/rondon\/projeto-rondon\/rondonmd2\/'><img width=\"298\" height=\"300\" src=\"https:\/\/www2.uepg.br\/rondon\/wp-content\/uploads\/sites\/10\/2024\/07\/rondonmd2.png\" class=\"attachment-medium size-medium\" alt=\"\" loading=\"lazy\" \/><\/a>\n\t\t\t<\/dt><\/dl><br style=\"clear: both\" \/>\n\t\t<\/div>\n\n<p>&nbsp;<\/p>\n<div class=\"mbr-section__container container mbr-section__container--last\">\n<div class=\"row\">\n<h3 style=\"text-align: center\">Participa\u00e7\u00f5es da UEPG<\/h3>\n<p style=\"text-align: center\">At\u00e9 o momento a UEPG teve participa\u00e7\u00e3o nas Opera\u00e7\u00f5es indicadas a seguir:<\/p>\n<p>&nbsp;<\/p>\n<ul>\n<li><strong>Opera\u00e7\u00e3o Vale do Ribeira<\/strong><\/li>\n<\/ul>\n<p>Desenvolvida na regi\u00e3o entre os Estados de S\u00e3o Paulo e Paran\u00e1, no per\u00edodo de 15 a 29 de julho de 2006 no munic\u00edpio de Bocai\u00fava do Sul no Paran\u00e1 em parceria com a UNIOESTE &#8211; Universidade Estadual do Oeste do Paran\u00e1, com a\u00e7\u00f5es do grupo A.<\/p>\n<ul>\n<li><strong>Opera\u00e7\u00e3o Gr\u00e3o-Par\u00e1<\/strong><\/li>\n<\/ul>\n<p>Realizada no per\u00edodo de 11 a 27 de janeiro de 2008, no munic\u00edpio de Ipixuna do Par\u00e1 no Par\u00e1 em parceria com a FAMA &#8211; Faculdade Amaz\u00f4nia, com a\u00e7\u00f5es do grupo B.<\/p>\n<ul>\n<li><strong>Opera\u00e7\u00e3o Centro-Norte<\/strong><\/li>\n<\/ul>\n<p>Desenvolvida entre os dias 23 de janeiro e 15 de fevereiro de 2009, no munic\u00edpio de Mimoso de Goi\u00e1s no estado de Goi\u00e1s em parceria com a UEMG \u2013 Universidade do Estado de Minas Gerais, com a\u00e7\u00f5es do grupo B.<\/p>\n<ul>\n<li><strong>Opera\u00e7\u00e3o Nordeste-Sul<\/strong><\/li>\n<\/ul>\n<p>Desenvolvida entre os dias 10 de julho e 02 de agosto de 2009, no Estado do Estado do Rio Grande do Sul no munic\u00edpio de Para\u00edso do Sul em parceria coma a ESALQ &#8211; Escola Superior de Agricultura Luiz de Queiroz, com a\u00e7\u00f5es do grupo A.<\/p>\n<ul>\n<li><strong>Opera\u00e7\u00e3o Centro-Nordeste<\/strong><\/li>\n<\/ul>\n<p>Foi desenvolvida entre os dias 16 de janeiro e 07 de fevereiro de 2010, no munic\u00edpio de Pium no Estado do Tocantins em parceria com a FESP &#8211; Funda\u00e7\u00e3o de Ensino Superior de Passos, com a\u00e7\u00f5es do grupo A.<\/p>\n<ul>\n<li><strong>Opera\u00e7\u00e3o Rei do Bai\u00e3o<\/strong><\/li>\n<\/ul>\n<p>Foi desenvolvida entre os dias 09 e 25 de julho de 2010, no Estado de Pernambuco no munic\u00edpio de Verdejante em parceria com a UFV &#8211; Universidade Federal de Vi\u00e7osa, com a\u00e7\u00f5es do grupo A.<\/p>\n<ul>\n<li><strong>Opera\u00e7\u00e3o Caraj\u00e1s<\/strong><\/li>\n<\/ul>\n<p>Ocorreu nos Estados do Par\u00e1 e Tocantins, no per\u00edodo de 14 a 30 de janeiro de 2011 no munic\u00edpio de Baba\u00e7ul\u00e2ndia no estado do Tocantins em parceria com a UNP &#8211; Universidade Potiguar, com a\u00e7\u00f5es do grupo A.<\/p>\n<ul>\n<li><strong>Opera\u00e7\u00e3o Zabel\u00ea<\/strong><\/li>\n<\/ul>\n<p>Ocorreu no Estado do Piau\u00ed, no per\u00edodo de 15 a 31 de janeiro de 2011, no munic\u00edpio de JAIC\u00d3S no estado do Piau\u00ed em parceria coma a FMRP &#8211; Faculdade de Medicina de Ribeir\u00e3o Preto, com a\u00e7\u00f5es do grupo A.<\/p>\n<ul>\n<li><strong>Opera\u00e7\u00e3o Rio dos Siris<\/strong><\/li>\n<\/ul>\n<p>Ocorreu no Estado de Sergipe, no per\u00edodo de 22 de janeiro a 6 de fevereiro de 2011 no munic\u00edpio de Santa Luzia do Itanhy em parceria com a FTC\/ITABUNA &#8211; Faculdade de Tecnologia e Ci\u00eancias de Itabuna, com a\u00e7\u00f5es do grupo B.<\/p>\n<ul>\n<li><strong>Opera\u00e7\u00e3o Retorno &#8211; Nordeste\/Sul<\/strong><\/li>\n<\/ul>\n<p>No munic\u00edpio de Para\u00edso do Sul no estado do Rio Grande do Sul de 17 a 27 de julho de 2011.<\/p>\n<ul>\n<li><strong>Opera\u00e7\u00e3o Pai Francisco<\/strong><\/li>\n<\/ul>\n<p>Foi realizada no estado do Maranh\u00e3o, no per\u00edodo de 20 de janeiro a 5 de fevereiro de 2012 no munic\u00edpio de Apicum-A\u00e7u em parceria com a UNICAMP &#8211; Universidade Estadual de Campinas, com a\u00e7\u00f5es do grupo A.<\/p>\n<ul>\n<li><strong>Opera\u00e7\u00e3o A\u00e7a\u00ed<\/strong><\/li>\n<\/ul>\n<p>Foi realizada no per\u00edodo de 6 a 22 de julho de 2012, no Estado do Par\u00e1 no munic\u00edpio de Cachoeira do Arari em parceria coma a UEMG &#8211; Universidade do Estado de Minas Gerais, com a\u00e7\u00f5es do grupo A.<\/p>\n<ul>\n<li><strong>Opera\u00e7\u00e3o Canudos<\/strong><\/li>\n<\/ul>\n<p>Desenvolvida entre os dias 11 e 27 de janeiro de 2013, no munic\u00edpio de S\u00e3o Raimundo Nonato no Piau\u00ed em parceria com a FSJ &#8211; Faculdade S\u00e3o Jos\u00e9, com a\u00e7\u00f5es do grupo A.<\/p>\n<ul>\n<li><strong>Opera\u00e7\u00e3o 2 de Julho<\/strong><\/li>\n<\/ul>\n<p>Desenvolvida entre os dias 18 de janeiro e 03 de fevereiro de 2013, no munic\u00edpio de Cip\u00f3 no Estado da Bahia em parceria com a FCFRP\/USP &#8211; Faculdade de Ci\u00eancias Farmac\u00eauticas de Ribeir\u00e3o Preto, com a\u00e7\u00f5es do grupo A.<\/p>\n<ul>\n<li><strong>Opera\u00e7\u00e3o Forte do Pres\u00e9pio<\/strong><\/li>\n<\/ul>\n<p>Realizada no per\u00edodo de 6 a 22 de julho de 2013, no munic\u00edpio de Conc\u00f3rdia do Par\u00e1 no estado do Par\u00e1 em parceria com a FZP &#8211; Faculdade Zumbi dos Palmares, com a\u00e7\u00f5es do grupo A.<\/p>\n<ul>\n<li><strong>Opera\u00e7\u00e3o Portal da Amaz\u00f4nia<\/strong><\/li>\n<\/ul>\n<p>Realizada no per\u00edodo de 25 de janeiro a 10 de fevereiro de 2014 no munic\u00edpio de Itinga do Maranh\u00e3o no estado do Maranh\u00e3o, em parceria com a UNESP &#8211; FC BAURU &#8211; Universidade Estadual Paulista J\u00falio de Mesquita Filho, com a\u00e7\u00f5es do grupo B.<\/p>\n<ul>\n<li><strong>A Opera\u00e7\u00e3o Guararapes<\/strong><\/li>\n<\/ul>\n<p>Foi entre os dias 18 de julho e 01 de agosto de 2014, no munic\u00edpio de Vertente do L\u00e9rio no estado de Pernambuco em parceria com a UCS &#8211; Universidade de Caxias do Sul, com a\u00e7\u00f5es do grupo A.<\/p>\n<ul>\n<li><strong>A Opera\u00e7\u00e3o Mandacaru<\/strong><\/li>\n<\/ul>\n<p>No per\u00edodo de 17 e 31 de janeiro de 2015 no munic\u00edpio de Irau\u00e7uba no estado do Cear\u00e1, em parceria com a UFAL &#8211; Universidade Federal de Alagoas e a USS &#8211; Universidade Severino Sombra, com a\u00e7\u00f5es do grupo A.<\/p>\n<ul>\n<li><strong>A Opera\u00e7\u00e3o Bororos<\/strong><\/li>\n<\/ul>\n<p>Realizada no Estado do Mato Grosso, no per\u00edodo de 10 a 26 de julho de 2015. Nessa opera\u00e7\u00e3o a UEPG esteve representada por uma equipe do curso de Comunica\u00e7\u00e3o Social &#8211; Jornalismo sendo respons\u00e1vel pela cobertura das a\u00e7\u00f5es desenvolvidas pelas demais IES participantes<\/p>\n<ul>\n<li><strong>A Opera\u00e7\u00e3o Itapemerim<\/strong><\/li>\n<\/ul>\n<p>Realizada no Estado do Esp\u00edrito Santo, no per\u00edodo de 15 de julho \u00e0 31 de julho de 2016. Nessa opera\u00e7\u00e3o a UEPG esteve representada por uma equipe do curso de Comunica\u00e7\u00e3o Social &#8211; Jornalismo sendo respons\u00e1vel pela cobertura das a\u00e7\u00f5es desenvolvidas pelas demais IES participantes.<\/p>\n<ul>\n<li><strong>Opera\u00e7\u00e3o Yaguaru<\/strong><\/li>\n<\/ul>\n<p>Realizada no estado do Paran\u00e1, aconteceu entre os dias 16 de janeiro e 02 de fevereiro de 2020. Nessa opera\u00e7\u00e3o a UEPG contou com quatro equipes, tr\u00eas no grupo A e uma equipe no grupo B nos munic\u00edpios de Braganey, Diamante do Oeste, S\u00e3o Pedro do Igua\u00e7u e C\u00e9u Azul. Foram parceiras da UEPG: Universidade Estadual do Oeste do Paran\u00e1 (UNIOESTE &#8211; Francisco Beltr\u00e3o), Instituto Federal do Paran\u00e1 (IFPR &#8211; Palmas), Centro Universit\u00e1rio UNIVEL (UNIVEL) e Faculdades Cristo Rei (FACREI-PR) respectivamente.<\/p>\n<ul>\n<li><strong>Opera\u00e7\u00e3o Amap\u00e1 Mais Forte<\/strong><\/li>\n<\/ul>\n<p style=\"text-align: left\">Prevista para o per\u00edodo de 03 e 20 de fevereiro de 2022 no munic\u00edpio de Cal\u00e7oene no estado do Amap\u00e1, em parceria com a UNITAU &#8211; Universidade de Taubat\u00e9, com a\u00e7\u00f5es do grupo B.<\/p>\n<\/div>\n<\/div>\n<p>&nbsp;<\/p>\n<p>&nbsp;<\/p>\n<p>&nbsp;<\/p>\n<div class=\"mbr-section__container container mbr-section__container--last\">\n<div class=\"row\">\n<p>Em cada uma dessas opera\u00e7\u00f5es a equipe da UEPG contou com dois professores coordenadores e de seis a oito acad\u00eamicos. Nesses \u00faltimos dezesseis anos a UEPG tem sido efetiva com 23 participa\u00e7\u00f5es o que possibilitou a 194 acad\u00eamicos compartilhar conhecimentos com comunidades com caracter\u00edsticas socioculturais das mais diversas, assim como de conhecer realidades geogr\u00e1ficas, sociais e econ\u00f4micas distintas daquelas que vivenciam diariamente.<\/p>\n<p>&nbsp;<\/p>\n<\/div>\n<\/div>\n","protected":false},"excerpt":{"rendered":"<p>PROJETO RONDON MINIST\u00c9RIO DA DEFESA &nbsp; O PROJETO RONDON, \u00e9 um projeto de integra\u00e7\u00e3o social que envolve a participa\u00e7\u00e3o volunt\u00e1ria de estudantes universit\u00e1rios na busca de solu\u00e7\u00f5es que contribuam para o desenvolvimento sustent\u00e1vel de comunidades carentes e ampliem o bem-estar da popula\u00e7\u00e3o. Hoje, o Projeto Rondon \u00e9 mais que um projeto educacional e social, \u00e9&nbsp;&hellip;<\/p>\n","protected":false},"author":22,"featured_media":321,"parent":0,"menu_order":0,"comment_status":"closed","ping_status":"closed","template":"","meta":[],"_links":{"self":[{"href":"https:\/\/www2.uepg.br\/rondon\/wp-json\/wp\/v2\/pages\/91"}],"collection":[{"href":"https:\/\/www2.uepg.br\/rondon\/wp-json\/wp\/v2\/pages"}],"about":[{"href":"https:\/\/www2.uepg.br\/rondon\/wp-json\/wp\/v2\/types\/page"}],"author":[{"embeddable":true,"href":"https:\/\/www2.uepg.br\/rondon\/wp-json\/wp\/v2\/users\/22"}],"replies":[{"embeddable":true,"href":"https:\/\/www2.uepg.br\/rondon\/wp-json\/wp\/v2\/comments?post=91"}],"version-history":[{"count":18,"href":"https:\/\/www2.uepg.br\/rondon\/wp-json\/wp\/v2\/pages\/91\/revisions"}],"predecessor-version":[{"id":639,"href":"https:\/\/www2.uepg.br\/rondon\/wp-json\/wp\/v2\/pages\/91\/revisions\/639"}],"wp:featuredmedia":[{"embeddable":true,"href":"https:\/\/www2.uepg.br\/rondon\/wp-json\/wp\/v2\/media\/321"}],"wp:attachment":[{"href":"https:\/\/www2.uepg.br\/rondon\/wp-json\/wp\/v2\/media?parent=91"}],"curies":[{"name":"wp","href":"https:\/\/api.w.org\/{rel}","templated":true}]}}