{"id":119,"date":"2021-04-13T11:30:19","date_gmt":"2021-04-13T14:30:19","guid":{"rendered":"https:\/\/www2.uepg.br\/sebisa\/?page_id=119"},"modified":"2025-10-30T15:25:03","modified_gmt":"2025-10-30T18:25:03","slug":"setor","status":"publish","type":"page","link":"https:\/\/www2.uepg.br\/sebisa\/setor\/","title":{"rendered":"Setor"},"content":{"rendered":"<div id=\"pl-119\"  class=\"panel-layout\" ><div id=\"pg-119-0\"  class=\"panel-grid panel-no-style\" ><div id=\"pgc-119-0-0\"  class=\"panel-grid-cell\" ><div id=\"panel-119-0-0-0\" class=\"so-panel widget widget_sow-editor panel-first-child panel-last-child\" data-index=\"0\" ><div\n\t\t\t\n\t\t\tclass=\"so-widget-sow-editor so-widget-sow-editor-base\"\n\t\t\t\n\t\t>\n<div class=\"siteorigin-widget-tinymce textwidget\">\n\t<h3 id=\"setor\" align=\"justify\">Sobre o Setor<a href=\"http:\/\/www2.uepg.br\/sebisa\/wp-content\/uploads\/sites\/183\/2021\/04\/LOGO-SEBISA5.png\"><img loading=\"lazy\" class=\"alignright wp-image-267 size-full\" src=\"http:\/\/www2.uepg.br\/sebisa\/wp-content\/uploads\/sites\/183\/2021\/04\/LOGO-SEBISA5.png\" alt=\"\" width=\"217\" height=\"115\" \/><\/a><\/h3>\n<p align=\"justify\">O Setor de Ci\u00eancias Biol\u00f3gicas e da Sa\u00fade fundado em maio de 1973, atrav\u00e9s da Designa\u00e7\u00e3o da Reitoria substanciada nos artigos 46 e 47 do Estatuto e do artigo 92 do Regimento Geral da UEPG, vigentes em 1972. A referida Designa\u00e7\u00e3o foi homologada pelo Regimento Geral da Universidade Estadual de Ponta Grossa, atrav\u00e9s do parecer de 7 de novembro de 1973, e publicado em Di\u00e1rio Oficial da Uni\u00e3o n\u00ba 234 de 10 de dezembro de 1973. O SEBISA tem por objetivo gerir os cursos de gradua\u00e7\u00e3o e p\u00f3s-gradua\u00e7\u00e3o (lato sensu e stricto sensu) nas \u00e1reas das ci\u00eancias biol\u00f3gicas e da sa\u00fade, bem como as atividades correlatas ligadas a essas \u00e1reas.<\/p>\n<p align=\"justify\">Os cursos de gradua\u00e7\u00e3o ofertados na modalidade presencial s\u00e3o: Bacharelados em Enfermagem, Farm\u00e1cia, Odontologia, Educa\u00e7\u00e3o F\u00edsica, Medicina, Ci\u00eancias Biol\u00f3gicas; e Licenciaturas em Ci\u00eancias Biol\u00f3gicas e Educa\u00e7\u00e3o F\u00edsica.<\/p>\n<p align=\"justify\">O curso de gradua\u00e7\u00e3o ofertado na modalidade a dist\u00e2ncia \u00e9 Licenciatura em Educa\u00e7\u00e3o F\u00edsica.<\/p>\n<p align=\"justify\">Dentre os cursos de p\u00f3s-gradua\u00e7\u00e3o ofertados, temos programas de Mestrado em Biologia Evolutiva, Odontologia, Ci\u00eancias Biom\u00e9dicas, Ci\u00eancias Farmac\u00eauticas e Ci\u00eancias da Sa\u00fade; programas de Doutorado em Odontologia e Ci\u00eancias Farmac\u00eauticas.<\/p>\n<p align=\"justify\">Em rela\u00e7\u00e3o aos cursos de p\u00f3s-gradua\u00e7\u00e3o lato sensu, s\u00e3o ofertados na \u00e1rea de Odontologia Especializa\u00e7\u00e3o em Ortodontia e Odontopediatria, bem como as Resid\u00eancias Multiprofissionais ofertadas em parceria com o Hospital Universit\u00e1rio Regional dos Campos Gerais.<\/p>\n<p align=\"justify\"><a name=\"_GoBack\"><\/a>O SEBISA conta ainda com alguns \u00f3rg\u00e3os suplementares que desenvolvem atividades de presta\u00e7\u00e3o de servi\u00e7o junto \u00e0 comunidade acad\u00eamica e comunidade externa, s\u00e3o eles: Farm\u00e1cia Escola Professor Hor\u00e1cio Droppa, Laborat\u00f3rio de An\u00e1lises Clinicas LUAC, Laborat\u00f3rio de Produ\u00e7\u00e3o de Medicamentos LAPMED, N\u00facleo Avan\u00e7ado de Estudos da Vida NAEVI.<\/p>\n<p align=\"justify\">Nos \u00faltimos tr\u00eas anos o Sebisa vem desenvolvendo atividades com foco human\u00edstico e tamb\u00e9m de integra\u00e7\u00e3o entre as \u00e1reas de estudo, atrav\u00e9s da gest\u00e3o 2014\/2018 tendo como gestores a Diretora Professora Dra. Fabiana Postiglione Mansani, e o Diretor Adjunto Professor Dr. Paulo Vitor Farago. Dentre as atividades desenvolvidas, destacam-se o ExpoSEBISA, Cerim\u00f4nia do Jaleco, Forum Multiprofissional SEBISA, Semana Integrada de Estudos.<\/p>\n<p align=\"justify\">O Setor ainda conta com algumas revistas cient\u00edficas, a Revista Public\u00e1tio e a Revista Brasileira de Medicina Interna.<\/p>\n<p align=\"justify\">A Dire\u00e7\u00e3o do\u00a0<strong>SEBISA<\/strong>\u00a0tem maior respeito por todos os servidores, professores, acad\u00eamicos e alunos que fazem do Setor de Ci\u00eancias Biol\u00f3gicas e da Sa\u00fade, o maior e mais destacado Setor da Universidade Estadual de Ponta Grossa.<\/p>\n<div id=\"attachment_269\" style=\"width: 1034px\" class=\"wp-caption aligncenter\"><a href=\"http:\/\/www2.uepg.br\/sebisa\/wp-content\/uploads\/sites\/183\/2021\/04\/painel-mestres-1024x683-1.jpg\"><img aria-describedby=\"caption-attachment-269\" loading=\"lazy\" class=\"wp-image-269 size-full\" src=\"http:\/\/www2.uepg.br\/sebisa\/wp-content\/uploads\/sites\/183\/2021\/04\/painel-mestres-1024x683-1.jpg\" alt=\"\" width=\"1024\" height=\"683\" srcset=\"https:\/\/www2.uepg.br\/sebisa\/wp-content\/uploads\/sites\/183\/2021\/04\/painel-mestres-1024x683-1.jpg 1024w, https:\/\/www2.uepg.br\/sebisa\/wp-content\/uploads\/sites\/183\/2021\/04\/painel-mestres-1024x683-1-300x200.jpg 300w, https:\/\/www2.uepg.br\/sebisa\/wp-content\/uploads\/sites\/183\/2021\/04\/painel-mestres-1024x683-1-768x512.jpg 768w, https:\/\/www2.uepg.br\/sebisa\/wp-content\/uploads\/sites\/183\/2021\/04\/painel-mestres-1024x683-1-272x182.jpg 272w\" sizes=\"(max-width: 1024px) 100vw, 1024px\" \/><\/a><p id=\"caption-attachment-269\" class=\"wp-caption-text\">Painel dos mestres<\/p><\/div>\n<h3 id=\"estrutura\"><strong>Estrutura Administrativa<\/strong><\/h3>\n<h5><strong>Dire\u00e7\u00e3o do Setor de Ci\u00eancias Biol\u00f3gicas e da Sa\u00fade<\/strong><\/h5>\n<p>Diretor: J\u00falio C\u00e9sar Min\u00e9<br \/>\nDiretor Adjunto: Gon\u00e7alo Cassins Moreira do Carmo<\/p>\n<h5><strong>Secret\u00e1rio:<\/strong><\/h5>\n<p>Oscar Neri de Mattos<\/p>\n<p>Jocelaine Nascimento Potchek<\/p>\n<p>Telefones: 3220-3101\/3220-3100\/3220-3102<\/p>\n<p><strong>Central de Apoio Did\u00e1tico \u2013 CAD<\/strong><\/p>\n<p>Oscar Neri de Mattos<\/p>\n<p>Jocelaine Nascimento Potchek<\/p>\n<p>Telefone: 3220-3776<\/p>\n<hr \/>\n<h3 id=\"organograma\">Organograma da Estrutura do Setor<\/h3>\n<p><img loading=\"lazy\" class=\"alignnone wp-image-1393 size-full\" src=\"http:\/\/www2.uepg.br\/sebisa\/wp-content\/uploads\/sites\/183\/2025\/10\/Organograma-30.jpg\" alt=\"\" width=\"1893\" height=\"807\" srcset=\"https:\/\/www2.uepg.br\/sebisa\/wp-content\/uploads\/sites\/183\/2025\/10\/Organograma-30.jpg 1893w, https:\/\/www2.uepg.br\/sebisa\/wp-content\/uploads\/sites\/183\/2025\/10\/Organograma-30-300x128.jpg 300w, https:\/\/www2.uepg.br\/sebisa\/wp-content\/uploads\/sites\/183\/2025\/10\/Organograma-30-1024x437.jpg 1024w, https:\/\/www2.uepg.br\/sebisa\/wp-content\/uploads\/sites\/183\/2025\/10\/Organograma-30-768x327.jpg 768w, https:\/\/www2.uepg.br\/sebisa\/wp-content\/uploads\/sites\/183\/2025\/10\/Organograma-30-1536x655.jpg 1536w, https:\/\/www2.uepg.br\/sebisa\/wp-content\/uploads\/sites\/183\/2025\/10\/Organograma-30-1232x525.jpg 1232w\" sizes=\"(max-width: 1893px) 100vw, 1893px\" \/><\/p>\n<\/div>\n<\/div><\/div><\/div><\/div><\/div>","protected":false},"excerpt":{"rendered":"<p>Sobre o Setor O Setor de Ci\u00eancias Biol\u00f3gicas e da Sa\u00fade fundado em maio de 1973, atrav\u00e9s da Designa\u00e7\u00e3o da Reitoria substanciada nos artigos 46 e 47 do Estatuto e do artigo 92 do Regimento Geral da UEPG, vigentes em 1972. A referida Designa\u00e7\u00e3o foi homologada pelo Regimento Geral da Universidade Estadual de Ponta Grossa,&nbsp;&hellip;<\/p>\n","protected":false},"author":305,"featured_media":0,"parent":0,"menu_order":0,"comment_status":"closed","ping_status":"closed","template":"","meta":[],"_links":{"self":[{"href":"https:\/\/www2.uepg.br\/sebisa\/wp-json\/wp\/v2\/pages\/119"}],"collection":[{"href":"https:\/\/www2.uepg.br\/sebisa\/wp-json\/wp\/v2\/pages"}],"about":[{"href":"https:\/\/www2.uepg.br\/sebisa\/wp-json\/wp\/v2\/types\/page"}],"author":[{"embeddable":true,"href":"https:\/\/www2.uepg.br\/sebisa\/wp-json\/wp\/v2\/users\/305"}],"replies":[{"embeddable":true,"href":"https:\/\/www2.uepg.br\/sebisa\/wp-json\/wp\/v2\/comments?post=119"}],"version-history":[{"count":13,"href":"https:\/\/www2.uepg.br\/sebisa\/wp-json\/wp\/v2\/pages\/119\/revisions"}],"predecessor-version":[{"id":1398,"href":"https:\/\/www2.uepg.br\/sebisa\/wp-json\/wp\/v2\/pages\/119\/revisions\/1398"}],"wp:attachment":[{"href":"https:\/\/www2.uepg.br\/sebisa\/wp-json\/wp\/v2\/media?parent=119"}],"curies":[{"name":"wp","href":"https:\/\/api.w.org\/{rel}","templated":true}]}}