{"id":133,"date":"2021-04-13T11:32:06","date_gmt":"2021-04-13T14:32:06","guid":{"rendered":"https:\/\/www2.uepg.br\/sebisa\/?page_id=133"},"modified":"2023-08-30T11:18:23","modified_gmt":"2023-08-30T14:18:23","slug":"declin","status":"publish","type":"page","link":"https:\/\/www2.uepg.br\/sebisa\/declin\/","title":{"rendered":"DECLIN"},"content":{"rendered":"<h1 class=\"entry-title\">DECLIN<\/h1>\n<div class=\"entry-content\">\n<h2>Departamento de An\u00e1lises Cl\u00ednicas e Toxicol\u00f3gicas<\/h2>\n<p><a href=\"http:\/\/pitangui.uepg.br\/departamentos\/declin\/\" target=\"_blank\" rel=\"noopener\">P\u00e1gina Oficial<\/a><\/p>\n<p><a href=\"http:\/\/www2.uepg.br\/sebisa\/wp-content\/uploads\/sites\/183\/2021\/04\/logo-declin-300x95-1.jpg\"><img loading=\"lazy\" class=\"size-full wp-image-304 alignright\" src=\"http:\/\/www2.uepg.br\/sebisa\/wp-content\/uploads\/sites\/183\/2021\/04\/logo-declin-300x95-1.jpg\" alt=\"\" width=\"300\" height=\"95\" \/><\/a><\/p>\n<h3 id=\"estrutura\">Estrutura do Departamento<\/h3>\n<p><strong>Chefe do Departamento<\/strong><br \/>\nM\u00e1rcia Viviane Marcon<\/p>\n<p><strong>Chefe Adjunto<\/strong><br \/>\nMariane de Faria Moss<\/p>\n<p><strong>Secret\u00e1rio<\/strong><br \/>\nNoel Antunes dos Santos \u2013 declin@uepg.br<\/p>\n<p><em>Per\u00edodo: 2023 \u2013 2025<\/em><\/p>\n<hr \/>\n<p>Professores<\/p>\n<div class=\"table-scroll\">\n<table width=\"840\">\n<tbody>\n<tr>\n<td colspan=\"4\" width=\"840\">EFETIVOS<\/td>\n<\/tr>\n<tr>\n<td width=\"206\"><strong>Nome<\/strong><\/td>\n<td width=\"123\"><strong>Titula\u00e7\u00e3o<\/strong><\/td>\n<td width=\"227\">\u00a0<strong>E-mail<\/strong><\/td>\n<td width=\"285\"><strong>Curr\u00edculo Lattes<\/strong><\/td>\n<\/tr>\n<tr>\n<td width=\"206\">Alceu de Oliveira Toledo Junior<\/td>\n<td width=\"123\">MESTRADO<\/td>\n<td width=\"227\">alceutoledo@hotmail.com<\/td>\n<td width=\"285\"><a href=\"http:\/\/lattes.cnpq.br\/1646570776806425\">http:\/\/lattes.cnpq.br\/1646570776806425<\/a><\/td>\n<\/tr>\n<tr>\n<td width=\"206\">Andrea Timoteo dos Santos<\/td>\n<td width=\"123\">DOUTORADO<\/td>\n<td width=\"227\">andclean@gmail.com<\/td>\n<td width=\"285\"><a href=\"http:\/\/lattes.cnpq.br\/8842599832175030\">http:\/\/lattes.cnpq.br\/8842599832175030<\/a><\/td>\n<\/tr>\n<tr>\n<td width=\"206\">Bruno Ribeiro Cruz<\/td>\n<td width=\"123\">DOUTORADO<\/td>\n<td width=\"227\">hemo_bruno@yahoo.com<\/td>\n<td width=\"285\"><a href=\"http:\/\/lattes.cnpq.br\/8232540579771480\">http:\/\/lattes.cnpq.br\/8232540579771480<\/a><\/td>\n<\/tr>\n<tr>\n<td width=\"206\">Carmen Ant\u00f4nia Sanches Ito<\/td>\n<td width=\"123\">DOUTORADO<\/td>\n<td width=\"227\">Itocar03@gmail.com<\/td>\n<td width=\"285\"><a href=\"http:\/\/lattes.cnpq.br\/2049785842751565\">http:\/\/lattes.cnpq.br\/2049785842751565<\/a><\/td>\n<\/tr>\n<tr>\n<td width=\"206\">Celso Luiz Borges<\/td>\n<td width=\"123\">MESTRADO<\/td>\n<td width=\"227\">celsoclb@gmail.com<\/td>\n<td width=\"285\"><a href=\"http:\/\/lattes.cnpq.br\/6424810069761051\">http:\/\/lattes.cnpq.br\/6424810069761051<\/a><\/td>\n<\/tr>\n<tr>\n<td width=\"206\">Cintia Regina Mezzomo Borges<\/td>\n<td width=\"123\">MESTRADO<\/td>\n<td width=\"227\">cintiaregina.mezzomo@gmail.com<\/td>\n<td width=\"285\"><a href=\"http:\/\/lattes.cnpq.br\/0433851920095430\">http:\/\/lattes.cnpq.br\/0433851920095430<\/a><\/td>\n<\/tr>\n<tr>\n<td width=\"206\">Danielle C. Kalva Borato<\/td>\n<td width=\"123\">DOUTORADO<\/td>\n<td width=\"227\">dckalva@hotmail.com<\/td>\n<td width=\"285\"><a href=\"http:\/\/lattes.cnpq.br\/1550916899076200\">http:\/\/lattes.cnpq.br\/1550916899076200<\/a><\/td>\n<\/tr>\n<tr>\n<td width=\"206\">Edneia Peres Machado<\/td>\n<td width=\"123\">MESTRADO<\/td>\n<td width=\"227\">edpmach@gmail.com<\/td>\n<td width=\"285\"><a href=\"http:\/\/lattes.cnpq.br\/9829673939302349\">http:\/\/lattes.cnpq.br\/9829673939302349<\/a><\/td>\n<\/tr>\n<tr>\n<td width=\"206\">Elisangela Gueiber Montes<\/td>\n<td width=\"123\">DOUTORADO<\/td>\n<td width=\"227\">elisangela.gueiber@uol.com.br<\/td>\n<td width=\"285\"><a href=\"http:\/\/lattes.cnpq.br\/5006417948279815\">http:\/\/lattes.cnpq.br\/5006417948279815<\/a><\/td>\n<\/tr>\n<tr>\n<td width=\"206\">Everson Augusto Krum<\/td>\n<td width=\"123\">DOUTORADO<\/td>\n<td width=\"227\">everson.krum@uol.com.br<\/td>\n<td width=\"285\"><a href=\"http:\/\/lattes.cnpq.br\/9071048850709637\">http:\/\/lattes.cnpq.br\/9071048850709637<\/a><\/td>\n<\/tr>\n<tr>\n<td width=\"206\">Jose Carlos Rebuglio Vellosa<\/td>\n<td width=\"123\">DOUTORADO<\/td>\n<td width=\"227\">josevellosa@yahoo.com.br<\/td>\n<td width=\"285\"><a href=\"http:\/\/lattes.cnpq.br\/1522293867934005\">http:\/\/lattes.cnpq.br\/1522293867934005<\/a><\/td>\n<\/tr>\n<tr>\n<td width=\"206\">J\u00falio C\u00e9sar Min\u00e9<\/td>\n<td width=\"123\">DOUTORADO<\/td>\n<td width=\"227\">minej@uepg.br<\/td>\n<td width=\"285\">http:\/\/lattes.cnpq.br\/8785848967346799<\/td>\n<\/tr>\n<tr>\n<td width=\"206\">Larissa Bail<\/td>\n<td width=\"123\">DOUTORADO<\/td>\n<td width=\"227\">larabail1010@hotmail.com<\/td>\n<td width=\"285\"><a href=\"http:\/\/lattes.cnpq.br\/2001243801780976\">http:\/\/lattes.cnpq.br\/2001243801780976<\/a><\/td>\n<\/tr>\n<tr>\n<td width=\"206\">Lu\u00eds Ant\u00f4nio Esmerino<\/td>\n<td width=\"123\">DOUTORADO<\/td>\n<td width=\"227\">esmerino@uepg.br<\/td>\n<td width=\"285\"><a href=\"http:\/\/lattes.cnpq.br\/6322084937422907\">http:\/\/lattes.cnpq.br\/6322084937422907<\/a><\/td>\n<\/tr>\n<tr>\n<td width=\"206\">Mackelly Simionatto<\/td>\n<td width=\"123\">DOUTORADO<\/td>\n<td width=\"227\">mackelly@uepg.br<\/td>\n<td width=\"285\"><a href=\"http:\/\/lattes.cnpq.br\/8725493123169200\">http:\/\/lattes.cnpq.br\/8725493123169200<\/a><\/td>\n<\/tr>\n<tr>\n<td width=\"206\">M\u00e1rcia Viviane Marcon<\/td>\n<td width=\"123\">MESTRADO<\/td>\n<td width=\"227\">marciavmarcon@uol.com.br<\/td>\n<td width=\"285\"><a href=\"http:\/\/lattes.cnpq.br\/7668480161086032\">http:\/\/lattes.cnpq.br\/7668480161086032<\/a><\/td>\n<\/tr>\n<tr>\n<td width=\"206\">Margarete Ap. Salina Maciel<\/td>\n<td width=\"123\">DOUTORADO<\/td>\n<td width=\"227\">msalina@uepg.br<\/td>\n<td width=\"285\"><a href=\"http:\/\/lattes.cnpq.br\/6972804785939322\">http:\/\/lattes.cnpq.br\/6972804785939322<\/a><\/td>\n<\/tr>\n<tr>\n<td width=\"206\">Mariane de Faria Moss<\/td>\n<td width=\"123\">DOUTORADO<\/td>\n<td width=\"227\">mariane.moss@gmail.com<\/td>\n<td width=\"285\"><a href=\"http:\/\/lattes.cnpq.br\/4872084887466835\">http:\/\/lattes.cnpq.br\/4872084887466835<\/a><\/td>\n<\/tr>\n<tr>\n<td width=\"206\">Priscilla Salles de Brito<\/td>\n<td width=\"123\">DOUTORADO<\/td>\n<td width=\"227\">priscillabrito@gmail.com<\/td>\n<td width=\"285\">http:\/\/lattes.cnpq.br\/8829630189407760<\/td>\n<\/tr>\n<tr>\n<td width=\"206\">Stella de Bortoli<\/td>\n<td width=\"123\">DOUTORADO<\/td>\n<td width=\"227\">sbortoli@uepg.br<\/td>\n<td width=\"285\"><a href=\"http:\/\/lattes.cnpq.br\/4632763685152716\">http:\/\/lattes.cnpq.br\/4632763685152716<\/a><\/td>\n<\/tr>\n<tr>\n<td width=\"206\">Victor Camera Pimentel<\/td>\n<td width=\"123\">DOUTORADO<\/td>\n<td width=\"227\">vcpimentel@gmail.com<\/td>\n<td width=\"285\">http:\/\/lattes.cnpq.br\/8245775510758198<\/td>\n<\/tr>\n<tr>\n<td colspan=\"4\" width=\"840\">COLABORADORES<\/td>\n<\/tr>\n<tr>\n<td width=\"206\">Laura Mattana Dion\u00edsio<\/td>\n<td width=\"123\">DOUTORADO<\/td>\n<td width=\"227\">mattana.laura@gmail.com<\/td>\n<td width=\"285\">http:\/\/lattes.cnpq.br\/4874695527756537<\/td>\n<\/tr>\n<tr>\n<td width=\"206\"><\/td>\n<td width=\"123\"><\/td>\n<td width=\"227\"><\/td>\n<td width=\"285\"><\/td>\n<\/tr>\n<\/tbody>\n<\/table>\n<p>&nbsp;<\/p>\n<\/div>\n<hr \/>\n<h3 id=\"disciplinas\">Disciplinas Ofertadas<\/h3>\n<ul>\n<li><a href=\"http:\/\/www.uepg.br\/catalogo\/cursos\/medicina.html\" target=\"_blank\" rel=\"noopener\">Link para a p\u00e1gina do cat\u00e1logo<\/a><\/li>\n<\/ul>\n<h3 id=\"cursos-atendidos\">Cursos de Gradua\u00e7\u00e3o e P\u00f3s-Gradua\u00e7\u00e3o Antendidos<\/h3>\n<ul>\n<li>Bacharelado do curso de Medicina<\/li>\n<li>Bacharelado do curso de Ci\u00eancias Biol\u00f3gicas<\/li>\n<li>Licenciatura do curso de Ci\u00eancias Biol\u00f3gicas<\/li>\n<li>Bacharelado do curso de Ci\u00eancias Farmac\u00eauticas<\/li>\n<\/ul>\n<hr \/>\n<h3 id=\"contato\">Contato<\/h3>\n<p><strong>Endere\u00e7o:<\/strong> Campus Uvaranas \u2013 Av. Gen. Carlos Cavalcanti, n\u00ba 4748 \u2013 Bloco M \u2013 Sala 92 &#8211;\u00a0 CEP: 84030-900 \u2013 Ponta Grossa-Paran\u00e1.<\/p>\n<p><strong>Telefone:<\/strong>\u00a0 (42) 3220-3113;<\/p>\n<p><strong>E-mail:<\/strong>\u00a0declin@uepg.br<\/p>\n<\/div>\n","protected":false},"excerpt":{"rendered":"<p>DECLIN Departamento de An\u00e1lises Cl\u00ednicas e Toxicol\u00f3gicas P\u00e1gina Oficial Estrutura do Departamento Chefe do Departamento M\u00e1rcia Viviane Marcon Chefe Adjunto Mariane de Faria Moss Secret\u00e1rio Noel Antunes dos Santos \u2013 declin@uepg.br Per\u00edodo: 2023 \u2013 2025 Professores EFETIVOS Nome Titula\u00e7\u00e3o \u00a0E-mail Curr\u00edculo Lattes Alceu de Oliveira Toledo Junior MESTRADO alceutoledo@hotmail.com http:\/\/lattes.cnpq.br\/1646570776806425 Andrea Timoteo dos Santos DOUTORADO&nbsp;&hellip;<\/p>\n","protected":false},"author":305,"featured_media":0,"parent":0,"menu_order":0,"comment_status":"closed","ping_status":"closed","template":"","meta":[],"_links":{"self":[{"href":"https:\/\/www2.uepg.br\/sebisa\/wp-json\/wp\/v2\/pages\/133"}],"collection":[{"href":"https:\/\/www2.uepg.br\/sebisa\/wp-json\/wp\/v2\/pages"}],"about":[{"href":"https:\/\/www2.uepg.br\/sebisa\/wp-json\/wp\/v2\/types\/page"}],"author":[{"embeddable":true,"href":"https:\/\/www2.uepg.br\/sebisa\/wp-json\/wp\/v2\/users\/305"}],"replies":[{"embeddable":true,"href":"https:\/\/www2.uepg.br\/sebisa\/wp-json\/wp\/v2\/comments?post=133"}],"version-history":[{"count":15,"href":"https:\/\/www2.uepg.br\/sebisa\/wp-json\/wp\/v2\/pages\/133\/revisions"}],"predecessor-version":[{"id":665,"href":"https:\/\/www2.uepg.br\/sebisa\/wp-json\/wp\/v2\/pages\/133\/revisions\/665"}],"wp:attachment":[{"href":"https:\/\/www2.uepg.br\/sebisa\/wp-json\/wp\/v2\/media?parent=133"}],"curies":[{"name":"wp","href":"https:\/\/api.w.org\/{rel}","templated":true}]}}