{"id":141,"date":"2021-04-13T11:32:56","date_gmt":"2021-04-13T14:32:56","guid":{"rendered":"https:\/\/www2.uepg.br\/sebisa\/?page_id=141"},"modified":"2024-10-03T13:37:02","modified_gmt":"2024-10-03T16:37:02","slug":"demed","status":"publish","type":"page","link":"https:\/\/www2.uepg.br\/sebisa\/demed\/","title":{"rendered":"DEMED"},"content":{"rendered":"<h2><img loading=\"lazy\" class=\"aligncenter wp-image-1369\" src=\"http:\/\/www2.uepg.br\/sebisa\/wp-content\/uploads\/sites\/183\/2024\/10\/7-demed.png\" alt=\"\" width=\"275\" height=\"194\" \/><\/h2>\n<h1 class=\"entry-title\">DEMED<\/h1>\n<div class=\"entry-content\">\n<h2>Departamento de Medicina<\/h2>\n<p><a href=\"http:\/\/pitangui.uepg.br\/departamentos\/demed\/\" target=\"_blank\" rel=\"noopener\">P\u00e1gina Oficial<\/a><\/p>\n<h3 id=\"estrutura\">Estrutura do Departamento<\/h3>\n<p><strong>Chefe do Departamento<\/strong><br \/>\nGilberto Baroni<\/p>\n<p><strong>Chefe Adjunto<\/strong><br \/>\nLeandro Cavalcante Lipinski<\/p>\n<p><strong>Secret\u00e1ria<\/strong><br \/>\nKeli Cristina Costa e Silva\u00a0 \u2013 demed@uepg.br<\/p>\n<p><em>Per\u00edodo: 2024 \u2013 2026<\/em><\/p>\n<hr \/>\n<h3 id=\"professores\">Professores<\/h3>\n<table width=\"1003\">\n<tbody>\n<tr>\n<td colspan=\"4\" width=\"1003\"><strong>EFETIVOS<\/strong><\/td>\n<\/tr>\n<tr>\n<td width=\"276\"><strong>Nome<\/strong><\/td>\n<td width=\"132\"><strong>Titula\u00e7\u00e3o<\/strong><\/td>\n<td width=\"274\"><strong>E-mail<\/strong><\/td>\n<td width=\"321\"><strong>Curr\u00edculo Lattes<\/strong><\/td>\n<\/tr>\n<tr>\n<td width=\"276\">Adriana F\u00e1tima Menegat Schuinski<\/td>\n<td width=\"132\">Mestrado<\/td>\n<td width=\"274\">adrimenegat2@gmail.com<\/td>\n<td width=\"321\">http:\/\/lattes.cnpq.br\/3221065449728887<\/td>\n<\/tr>\n<tr>\n<td width=\"276\">Ana Cl\u00e1udia Garabeli C. Klutcovski<\/td>\n<td width=\"132\">Doutorado<\/td>\n<td width=\"274\">anafabio2009@gmail.com<\/td>\n<td width=\"321\">http:\/\/lattes.cnpq.br\/5674952806913982<\/td>\n<\/tr>\n<tr>\n<td width=\"276\">Ana Paula Ditzel<\/td>\n<td width=\"132\">Mestrado<\/td>\n<td width=\"274\">prof.go.anapaula@gmail.com<\/td>\n<td width=\"321\">http:\/\/lattes.cnpq.br\/0928253680806449<\/td>\n<\/tr>\n<tr>\n<td width=\"276\">Ayrton Alves Aranha Junior<\/td>\n<td width=\"132\">Doutorado<\/td>\n<td width=\"274\">ayrtonaranha@gmail.com<\/td>\n<td width=\"321\">http:\/\/lattes.cnpq.br\/2377508496059197<\/td>\n<\/tr>\n<tr>\n<td width=\"276\">Bernardo Passos Sobreiro<\/td>\n<td width=\"132\">Doutorado<\/td>\n<td width=\"274\">bsobreiro@hotmail.com<\/td>\n<td width=\"321\">http:\/\/lattes.cnpq.br\/7056240169970693<\/td>\n<\/tr>\n<tr>\n<td width=\"276\">Carlos Alberto Lima Utrabo<\/td>\n<td width=\"132\">Doutorado<\/td>\n<td width=\"274\">climautrabo@gmail.com<\/td>\n<td width=\"321\">http:\/\/lattes.cnpq.br\/2669589318512272<\/td>\n<\/tr>\n<tr>\n<td width=\"276\">Delcio Caran Bertucci Filho<\/td>\n<td width=\"132\">Doutorado<\/td>\n<td width=\"274\">dbertucci@uol.com.br<\/td>\n<td width=\"321\">http:\/\/lattes.cnpq.br\/3353045823838515<\/td>\n<\/tr>\n<tr>\n<td width=\"276\">Elise Souza dos Santos Reis<\/td>\n<td width=\"132\">Doutorado<\/td>\n<td width=\"274\">relisesouzadossantos@gmail.com<\/td>\n<td width=\"321\">http:\/\/lattes.cnpq.br\/1023860854332218<\/td>\n<\/tr>\n<tr>\n<td width=\"276\">Eurico Cleto Ribeiro de Campos<\/td>\n<td width=\"132\">Doutorado<\/td>\n<td width=\"274\">ecrcampos@yahoo.com.br<\/td>\n<td width=\"321\">http:\/\/lattes.cnpq.br\/7184715149323018<\/td>\n<\/tr>\n<tr>\n<td width=\"276\">Fabiana Postiglione Mansani<\/td>\n<td width=\"132\">Doutorado<\/td>\n<td width=\"274\">fmansani@uepg.br<\/td>\n<td width=\"321\">http:\/\/lattes.cnpq.br\/0240004789714970<\/td>\n<\/tr>\n<tr>\n<td width=\"276\">F\u00e1bio Postiglione Mansani<\/td>\n<td width=\"132\">Mestrado<\/td>\n<td width=\"274\">fabiomansani@uol.com.br<\/td>\n<td width=\"321\">http:\/\/lattes.cnpq.br\/2937596932172025<\/td>\n<\/tr>\n<tr>\n<td width=\"276\">Fernando C Laforga<\/td>\n<td width=\"132\">Mestrado<\/td>\n<td width=\"274\">flaforga@uol.com.br<\/td>\n<td width=\"321\">http:\/\/lattes.cnpq.br\/5328809952134591<\/td>\n<\/tr>\n<tr>\n<td width=\"276\">Flamarion de Barros Cordeiro<\/td>\n<td width=\"132\">Mestrado<\/td>\n<td width=\"274\">flamacordeiro@uol.com.br<\/td>\n<td width=\"321\">http:\/\/lattes.cnpq.br\/2505754681241606<\/td>\n<\/tr>\n<tr>\n<td width=\"276\">Gianna Carla Alberti Schrut<\/td>\n<td width=\"132\">Mestrado<\/td>\n<td width=\"274\">gicaalberti@gmail.com<\/td>\n<td width=\"321\">http:\/\/lattes.cnpq.br\/5328809952134591<\/td>\n<\/tr>\n<tr>\n<td width=\"276\">Gilberto Baroni<\/td>\n<td width=\"132\">Mestrado<\/td>\n<td width=\"274\">gbaroninefro@gmail.com<\/td>\n<td width=\"321\">http:\/\/lattes.cnpq.br\/2505754681241606<\/td>\n<\/tr>\n<tr>\n<td width=\"276\">Helen Cristina Bruno de Barros<\/td>\n<td width=\"132\">Mestrado<\/td>\n<td width=\"274\">hcbbarros@hotmail.com<\/td>\n<td width=\"321\">http:\/\/lattes.cnpq.br\/3440796758691779<\/td>\n<\/tr>\n<tr>\n<td width=\"276\">Janete Machozeki<\/td>\n<td width=\"132\">Mestrado<\/td>\n<td width=\"274\">jmachozeki@hotmail.com<\/td>\n<td width=\"321\">http:\/\/lattes.cnpq.br\/6163095912700353<\/td>\n<\/tr>\n<tr>\n<td width=\"276\">Janiceli Blanca Carlotto Habli<\/td>\n<td width=\"132\">Mestrado<\/td>\n<td width=\"274\">jh.silvestre@hotmail.com<\/td>\n<td width=\"321\">http:\/\/lattes.cnpq.br\/9208767564637143<\/td>\n<\/tr>\n<tr>\n<td width=\"276\">Jos\u00e9 Koehler<\/td>\n<td width=\"132\">Mestrado<\/td>\n<td width=\"274\">j-koehler@uol.com.br<\/td>\n<td width=\"321\">http:\/\/lattes.cnpq.br\/0295285027880545<\/td>\n<\/tr>\n<tr>\n<td width=\"276\">La\u00eds Regina Rocha de Carvalho<\/td>\n<td width=\"132\">Mestrado<\/td>\n<td width=\"274\">laisrrcarvalho@gmail.com<\/td>\n<td width=\"321\">http:\/\/lattes.cnpq.br\/4343001843322694<\/td>\n<\/tr>\n<tr>\n<td width=\"276\">Leandro Cavalcante Lipinski<\/td>\n<td width=\"132\">Doutorado<\/td>\n<td width=\"274\">leandrolipinski@yahoo.com.br<\/td>\n<td width=\"321\">http:\/\/lattes.cnpq.br\/8776063396753167<\/td>\n<\/tr>\n<tr>\n<td width=\"276\">Leonardo Christiaan Welling<\/td>\n<td width=\"132\">Doutorado<\/td>\n<td width=\"274\">leonardowelling@yahoo.com.br<\/td>\n<td width=\"321\">http:\/\/lattes.cnpq.br\/7444042644475263<\/td>\n<\/tr>\n<tr>\n<td width=\"276\">Marcelo de Oliveira Dreweck<\/td>\n<td width=\"132\">Mestrado<\/td>\n<td width=\"274\">modreweck@gmail.com<\/td>\n<td width=\"321\">http:\/\/lattes.cnpq.br\/5515965561705103<\/td>\n<\/tr>\n<tr>\n<td width=\"276\">Marcelo Derbli Schafranski<\/td>\n<td width=\"132\">Doutorado<\/td>\n<td width=\"274\">marceloschafranski@yahoo.com.br<\/td>\n<td width=\"321\">http:\/\/lattes.cnpq.br\/2381317024922994<\/td>\n<\/tr>\n<tr>\n<td width=\"276\">Marcos Ricardo da Silva Rodrigues<\/td>\n<td width=\"132\">Doutorado<\/td>\n<td width=\"274\">marcos.rrod@uol.com.br<\/td>\n<td width=\"321\">http:\/\/lattes.cnpq.br\/8982150002732834<\/td>\n<\/tr>\n<tr>\n<td width=\"276\">Marcus Vinicius Thom\u00e9 Nora Guimar\u00e3es<\/td>\n<td width=\"132\">Mestrado<\/td>\n<td width=\"274\">drmarcusthome@gmail.com<\/td>\n<td width=\"321\">http:\/\/lattes.cnpq.br\/5178979375596744<\/td>\n<\/tr>\n<tr>\n<td width=\"276\">M\u00e1rio Augusto Cray da Costa<\/td>\n<td width=\"132\">Doutorado<\/td>\n<td width=\"274\">mariocraydacosta@gmail.com<\/td>\n<td width=\"321\">http:\/\/lattes.cnpq.br\/1099161614066217<\/td>\n<\/tr>\n<tr>\n<td width=\"276\">M\u00e1rio Cl\u00e1udio Soares Sturzenek<\/td>\n<td width=\"132\">Mestrado<\/td>\n<td width=\"274\">mcssturzeneker@gmail.com<\/td>\n<td width=\"321\">http:\/\/lattes.cnpq.br\/4519392851937583<\/td>\n<\/tr>\n<tr>\n<td width=\"276\">Mario Martins<\/td>\n<td width=\"132\">Doutorado<\/td>\n<td width=\"274\">mmangiouepg@gmail.com<\/td>\n<td width=\"321\">http:\/\/lattes.cnpq.br\/5839955733684142<\/td>\n<\/tr>\n<tr>\n<td width=\"276\">M\u00e1rio Rodrigues Montemor Netto<\/td>\n<td width=\"132\">Mestrado<\/td>\n<td width=\"274\">anatomiapatologica.uepg@gmail.com<\/td>\n<td width=\"321\">http:\/\/lattes.cnpq.br\/2104342758211758<\/td>\n<\/tr>\n<tr>\n<td width=\"276\">Morgana Cl\u00e1udia Aparecida Bergamo<\/td>\n<td width=\"132\">Mestrado<\/td>\n<td width=\"274\">mcortolan@gmail.com<\/td>\n<td width=\"321\">http:\/\/lattes.cnpq.br\/3089644387955997<\/td>\n<\/tr>\n<tr>\n<td width=\"276\">Paula Virginia Michelon Toledo<\/td>\n<td width=\"132\">Doutorado<\/td>\n<td width=\"274\">paulavmtoledo@yahoo.com.br<\/td>\n<td width=\"321\">http:\/\/lattes.cnpq.br\/2664868069771226<\/td>\n<\/tr>\n<tr>\n<td width=\"276\">Rafael Francisco dos Santos<\/td>\n<td width=\"132\">Mestrado<\/td>\n<td width=\"274\">otorrinorafael@gmail.com<\/td>\n<td width=\"321\">http:\/\/lattes.cnpq.br\/9851067452572515<\/td>\n<\/tr>\n<tr>\n<td width=\"276\">Rafael Pinto Rocha<\/td>\n<td width=\"132\">Mestrado<\/td>\n<td width=\"274\">rrochadoc@gmail.com<\/td>\n<td width=\"321\">http:\/\/lattes.cnpq.br\/6638198096415484<\/td>\n<\/tr>\n<tr>\n<td width=\"276\">Regina Celia Veiga da Fonseca<\/td>\n<td width=\"132\">Doutorado<\/td>\n<td width=\"274\">fonsecaregina@hotmail.com<\/td>\n<td width=\"321\">http:\/\/lattes.cnpq.br\/6481646390104091<\/td>\n<\/tr>\n<tr>\n<td width=\"276\">Renato Van Wilpe Bach<\/td>\n<td width=\"132\">Mestrado<\/td>\n<td width=\"274\">renatovwbach@gmail.com<\/td>\n<td width=\"321\">http:\/\/lattes.cnpq.br\/3173434756335349<\/td>\n<\/tr>\n<tr>\n<td width=\"276\">Ricardo Zanetti Gomes<\/td>\n<td width=\"132\">Doutorado<\/td>\n<td width=\"274\">zanetticons@uol.com.br<\/td>\n<td width=\"321\">http:\/\/lattes.cnpq.br\/8881832386198407<\/td>\n<\/tr>\n<tr>\n<td width=\"276\">Rodrigo Caldonazzo Favaro<\/td>\n<td width=\"132\">Mestrado<\/td>\n<td width=\"274\">rodrigo_caldonazzo@hotmail.com<\/td>\n<td width=\"321\">http:\/\/lattes.cnpq.br\/8166991877277910<\/td>\n<\/tr>\n<tr>\n<td width=\"276\">Tatiana Menezes Garcia Cordeiro<\/td>\n<td width=\"132\">Mestrado<\/td>\n<td width=\"274\">tatimenezes@hotmail.com<\/td>\n<td width=\"321\">http:\/\/lattes.cnpq.br\/0604275043524947<\/td>\n<\/tr>\n<\/tbody>\n<\/table>\n<table>\n<tbody>\n<tr>\n<td colspan=\"4\" width=\"1003\"><strong>COLABORADORES<\/strong><\/td>\n<\/tr>\n<tr>\n<td width=\"276\">Adriana Yuriko Koga Kozu<\/td>\n<td width=\"132\">Doutorado<\/td>\n<td width=\"265\">adri_yuriko@hotmail.com<\/td>\n<td width=\"331\">http:\/\/lattes.cnpq.br\/2245715959029457<\/td>\n<\/tr>\n<tr>\n<td width=\"276\">Ana Carolina Morabito de Barros<\/td>\n<td width=\"132\">Especializa\u00e7\u00e3o<\/td>\n<td width=\"265\">anac.mbarros@gmail.com<\/td>\n<td width=\"331\">http:\/\/lattes.cnpq.br\/0449335963470269<\/td>\n<\/tr>\n<tr>\n<td width=\"276\">Camila Marinelli Martins<\/td>\n<td width=\"132\">Doutorado<\/td>\n<td width=\"265\">cami.marinelli@gmail.com<\/td>\n<td width=\"331\">http:\/\/lattes.cnpq.br\/7794236796565015<\/td>\n<\/tr>\n<tr>\n<td width=\"276\">Diego Jos\u00e9 Schebelski<\/td>\n<td width=\"132\">Mestrado<\/td>\n<td width=\"265\">diego.ski@hotmail.com<\/td>\n<td width=\"331\">http:\/\/lattes.cnpq.br\/8171671332481213<\/td>\n<\/tr>\n<tr>\n<td width=\"276\">Fel\u00edcio Freitas Netto<\/td>\n<td width=\"132\">Gradua\u00e7\u00e3o<\/td>\n<td width=\"265\">feliciofnetto@gmail.com<\/td>\n<td width=\"331\">http:\/\/lattes.cnpq.br\/1671468480841732<\/td>\n<\/tr>\n<tr>\n<td width=\"276\">Gilmar Alves Nascimento<\/td>\n<td width=\"132\">Mestrado<\/td>\n<td width=\"265\">gilmarnas@hotmail.com<\/td>\n<td width=\"331\">http:\/\/lattes.cnpq.br\/9315941650355466<\/td>\n<\/tr>\n<tr>\n<td width=\"276\">Luciana de Paula Souza<\/td>\n<td width=\"132\">Mestrado<\/td>\n<td width=\"265\">lucianadepaula.neurologia@gmail.com<\/td>\n<td width=\"331\">http:\/\/lattes.cnpq.br\/1180089110171703<\/td>\n<\/tr>\n<tr>\n<td width=\"276\">Oct\u00e1vio Ant\u00f4nio Azevedo da Costa<\/td>\n<td width=\"132\">Doutorado<\/td>\n<td width=\"265\">octaviocostafilho@gmail.com<\/td>\n<td width=\"331\">http:\/\/lattes.cnpq.br\/6208893088765464<\/td>\n<\/tr>\n<tr>\n<td width=\"276\">Omar El-sayed<\/td>\n<td width=\"132\">Especializa\u00e7\u00e3o<\/td>\n<td width=\"265\">omarsyd@hotmail.com<\/td>\n<td width=\"331\">http:\/\/lattes.cnpq.br\/5868832905268077<\/td>\n<\/tr>\n<tr>\n<td width=\"276\">Pedro Ricardo Souza Compasso<\/td>\n<td width=\"132\">Mestrado<\/td>\n<td width=\"265\">fazendaaruanda@yahoo.com.br<\/td>\n<td width=\"331\">http:\/\/lattes.cnpq.br\/5956245244100030<\/td>\n<\/tr>\n<tr>\n<td width=\"276\">Renan Nunes Silva<\/td>\n<td width=\"132\">Especializa\u00e7\u00e3o<\/td>\n<td width=\"265\">renannunes0808@hotmail.com<\/td>\n<td width=\"331\"><\/td>\n<\/tr>\n<tr>\n<td width=\"276\">Rivair Gon\u00e7alves Junior<\/td>\n<td width=\"132\">Especializa\u00e7\u00e3o<\/td>\n<td width=\"265\">juniorgoncalvesvet@gmail.com<\/td>\n<td width=\"331\">http:\/\/lattes.cnpq.br\/1881917084217467<\/td>\n<\/tr>\n<tr>\n<td width=\"276\">Thais Dvulatk Marques Pan\u00e7an<\/td>\n<td width=\"132\">Especializa\u00e7\u00e3o<\/td>\n<td width=\"265\">thaisdm22@gmail.com<\/td>\n<td width=\"331\">http:\/\/lattes.cnpq.br\/4383688543100449<\/td>\n<\/tr>\n<tr>\n<td width=\"276\">Vanessa Scoss Kassai<\/td>\n<td width=\"132\">Especializa\u00e7\u00e3o<\/td>\n<td width=\"265\">vscoss@yahoo.com.br<\/td>\n<td width=\"331\"><\/td>\n<\/tr>\n<\/tbody>\n<\/table>\n<hr \/>\n<h3 id=\"laboratorios\">Laborat\u00f3rios<\/h3>\n<p><strong>Laborat\u00f3rio de T\u00e9cnica Operat\u00f3ria e Cirurgia Experimental<\/strong><br \/>\nCoordenador: Professor Leandro Cavalcante Lipinski<\/p>\n<p><strong>Laborat\u00f3rio de Simula\u00e7\u00e3o\u00a0<\/strong><br \/>\nRespons\u00e1vel: Lucas Rafael Sansana<\/p>\n<hr \/>\n<h3 id=\"disciplinas\">Disciplinas Ofertadas<\/h3>\n<ul>\n<li><a href=\"http:\/\/www.uepg.br\/catalogo\/cursos\/medicina.html\" target=\"_blank\" rel=\"noopener\">Link para a p\u00e1gina do cat\u00e1logo<\/a><\/li>\n<\/ul>\n<hr \/>\n<h3 id=\"cursos-atendidos\">Cursos de Gradua\u00e7\u00e3o e P\u00f3s-Gradua\u00e7\u00e3o Antendidos<\/h3>\n<ul>\n<li>Bacharelado do curso de Medicina<\/li>\n<li>Programa de P\u00f3s-Gradua\u00e7\u00e3o em Ci\u00eancias Biom\u00e9dicas<\/li>\n<li>Programa de P\u00f3s-Gradua\u00e7\u00e3o em Ci\u00eancias da Sa\u00fade<\/li>\n<\/ul>\n<hr \/>\n<h3 id=\"contato\">Contato<\/h3>\n<p><strong>Endere\u00e7o:<\/strong> Campus Uvaranas \u2013 Av. General Carlos Cavalcanti, 4748 \u2013 Bloco M &#8211; CEP 84030-900 \u2013 Ponta Grossa \u2013 Paran\u00e1.<br \/>\n<strong>Telefone:<\/strong>\u00a0(42) 3220-3793<br \/>\n<strong>E-mail:<\/strong>\u00a0demed@uepg.br<\/p>\n<\/div>\n","protected":false},"excerpt":{"rendered":"<p>DEMED Departamento de Medicina P\u00e1gina Oficial Estrutura do Departamento Chefe do Departamento Gilberto Baroni Chefe Adjunto Leandro Cavalcante Lipinski Secret\u00e1ria Keli Cristina Costa e Silva\u00a0 \u2013 demed@uepg.br Per\u00edodo: 2024 \u2013 2026 Professores EFETIVOS Nome Titula\u00e7\u00e3o E-mail Curr\u00edculo Lattes Adriana F\u00e1tima Menegat Schuinski Mestrado adrimenegat2@gmail.com http:\/\/lattes.cnpq.br\/3221065449728887 Ana Cl\u00e1udia Garabeli C. Klutcovski Doutorado anafabio2009@gmail.com http:\/\/lattes.cnpq.br\/5674952806913982 Ana Paula&nbsp;&hellip;<\/p>\n","protected":false},"author":305,"featured_media":0,"parent":0,"menu_order":0,"comment_status":"closed","ping_status":"closed","template":"","meta":[],"_links":{"self":[{"href":"https:\/\/www2.uepg.br\/sebisa\/wp-json\/wp\/v2\/pages\/141"}],"collection":[{"href":"https:\/\/www2.uepg.br\/sebisa\/wp-json\/wp\/v2\/pages"}],"about":[{"href":"https:\/\/www2.uepg.br\/sebisa\/wp-json\/wp\/v2\/types\/page"}],"author":[{"embeddable":true,"href":"https:\/\/www2.uepg.br\/sebisa\/wp-json\/wp\/v2\/users\/305"}],"replies":[{"embeddable":true,"href":"https:\/\/www2.uepg.br\/sebisa\/wp-json\/wp\/v2\/comments?post=141"}],"version-history":[{"count":13,"href":"https:\/\/www2.uepg.br\/sebisa\/wp-json\/wp\/v2\/pages\/141\/revisions"}],"predecessor-version":[{"id":1372,"href":"https:\/\/www2.uepg.br\/sebisa\/wp-json\/wp\/v2\/pages\/141\/revisions\/1372"}],"wp:attachment":[{"href":"https:\/\/www2.uepg.br\/sebisa\/wp-json\/wp\/v2\/media?parent=141"}],"curies":[{"name":"wp","href":"https:\/\/api.w.org\/{rel}","templated":true}]}}