{"id":191,"date":"2021-04-13T11:41:21","date_gmt":"2021-04-13T14:41:21","guid":{"rendered":"https:\/\/www2.uepg.br\/sebisa\/?page_id=191"},"modified":"2026-03-06T10:22:34","modified_gmt":"2026-03-06T13:22:34","slug":"cad","status":"publish","type":"page","link":"https:\/\/www2.uepg.br\/sebisa\/cad\/","title":{"rendered":"CAD"},"content":{"rendered":"<h1 class=\"entry-title\" style=\"text-align: center\">Centro de Apoio Did\u00e1tico<\/h1>\n<div class=\"entry-content\">\n<p>&nbsp;<\/p>\n<hr \/>\n<h3>Achados e Perdidos<\/h3>\n<ul>\n<li class=\"western\">Consulte aqui &#8211; <a href=\"https:\/\/sites.google.com\/uepg.br\/achadoseperdidos\/achados\">Cat\u00e1logo de Achados e Perdidos<\/a><\/li>\n<\/ul>\n<hr \/>\n<h3>Agendamento de Salas e Audit\u00f3rios pertencentes ao Bloco M<\/h3>\n<p><strong>Local:<\/strong> sala 113<\/p>\n<hr \/>\n<h3>Estrutura<\/h3>\n<ul>\n<li class=\"western\">Oscar Neri de Mattos<\/li>\n<li>Jocelaine Nascimento Potchek<\/li>\n<\/ul>\n<h3>Contato<\/h3>\n<p><strong>Telefone:<\/strong>\u00a0(42)\u00a03220-3776<\/p>\n<p><strong>E-mail:<\/strong> sebisasec@uepg.br<\/p>\n<\/div>\n","protected":false},"excerpt":{"rendered":"<p>Centro de Apoio Did\u00e1tico &nbsp; Achados e Perdidos Consulte aqui &#8211; Cat\u00e1logo de Achados e Perdidos Agendamento de Salas e Audit\u00f3rios pertencentes ao Bloco M Local: sala 113 Estrutura Oscar Neri de Mattos Jocelaine Nascimento Potchek Contato Telefone:\u00a0(42)\u00a03220-3776 E-mail: sebisasec@uepg.br<\/p>\n","protected":false},"author":305,"featured_media":0,"parent":0,"menu_order":0,"comment_status":"closed","ping_status":"closed","template":"","meta":[],"_links":{"self":[{"href":"https:\/\/www2.uepg.br\/sebisa\/wp-json\/wp\/v2\/pages\/191"}],"collection":[{"href":"https:\/\/www2.uepg.br\/sebisa\/wp-json\/wp\/v2\/pages"}],"about":[{"href":"https:\/\/www2.uepg.br\/sebisa\/wp-json\/wp\/v2\/types\/page"}],"author":[{"embeddable":true,"href":"https:\/\/www2.uepg.br\/sebisa\/wp-json\/wp\/v2\/users\/305"}],"replies":[{"embeddable":true,"href":"https:\/\/www2.uepg.br\/sebisa\/wp-json\/wp\/v2\/comments?post=191"}],"version-history":[{"count":25,"href":"https:\/\/www2.uepg.br\/sebisa\/wp-json\/wp\/v2\/pages\/191\/revisions"}],"predecessor-version":[{"id":1401,"href":"https:\/\/www2.uepg.br\/sebisa\/wp-json\/wp\/v2\/pages\/191\/revisions\/1401"}],"wp:attachment":[{"href":"https:\/\/www2.uepg.br\/sebisa\/wp-json\/wp\/v2\/media?parent=191"}],"curies":[{"name":"wp","href":"https:\/\/api.w.org\/{rel}","templated":true}]}}