{"id":203,"date":"2021-04-13T11:42:40","date_gmt":"2021-04-13T14:42:40","guid":{"rendered":"https:\/\/www2.uepg.br\/sebisa\/?page_id=203"},"modified":"2024-05-16T09:19:52","modified_gmt":"2024-05-16T12:19:52","slug":"laboratorio-escola","status":"publish","type":"page","link":"https:\/\/www2.uepg.br\/sebisa\/laboratorio-escola\/","title":{"rendered":"Universidade Estadual de Ponta Grossa"},"content":{"rendered":"<div class=\"entry-content\">\n<h1 style=\"text-align: center\"><span style=\"color: #3366ff\"><strong><img loading=\"lazy\" class=\"alignnone size-full wp-image-898\" src=\"http:\/\/www2.uepg.br\/sebisa\/wp-content\/uploads\/sites\/183\/2024\/05\/Banner-do-LinkedIn-para-promocao-de-evento-com-molduras-dinamicas-em-verde_20240510_012119_0000.jpg\" alt=\"\" width=\"1584\" height=\"396\" \/><\/strong><\/span><\/h1>\n<\/div>\n<p><img loading=\"lazy\" class=\"alignnone wp-image-905\" src=\"http:\/\/www2.uepg.br\/sebisa\/wp-content\/uploads\/sites\/183\/2024\/05\/Banner-do-LinkedIn-para-promocao-de-evento-com-molduras-dinamicas-em-verde_20240510_021430_0000.jpg\" alt=\"\" width=\"200\" height=\"50\" \/> \u00a0<a href=\"https:\/\/wa.me\/554232203751\" target=\"_blank\" rel=\"noopener\"><img loading=\"lazy\" class=\"alignnone wp-image-902\" src=\"http:\/\/www2.uepg.br\/sebisa\/wp-content\/uploads\/sites\/183\/2024\/05\/Banner-do-LinkedIn-para-promocao-de-evento-com-molduras-dinamicas-em-verde_20240510_020414_0000.jpg\" alt=\"\" width=\"200\" height=\"50\" \/><\/a><img loading=\"lazy\" class=\"alignnone wp-image-904\" src=\"http:\/\/www2.uepg.br\/sebisa\/wp-content\/uploads\/sites\/183\/2024\/05\/Banner-do-LinkedIn-para-promocao-de-evento-com-molduras-dinamicas-em-verde_20240510_021804_0000.jpg\" alt=\"\" width=\"200\" height=\"50\" \/><a href=\"https:\/\/www.google.com\/maps\/place\/Laborat%C3%B3rio+Universit%C3%A1rio+de+An%C3%A1lises+Cl%C3%ADnicas-+LUAC+-+UEPG\/@-25.0947081,-50.1032517,15z\/data=!4m6!3m5!1s0x94e81b478a66bcc7:0x2c30f20fe89cb424!8m2!3d-25.0947081!4d-50.1032517!16s%2Fg%2F11v6xw3wlf?entry=ttu\" target=\"_blank\" rel=\"noopener\"><img loading=\"lazy\" class=\"alignright wp-image-924\" src=\"http:\/\/www2.uepg.br\/sebisa\/wp-content\/uploads\/sites\/183\/2024\/05\/Banner-do-LinkedIn-para-promocao-de-evento-com-molduras-dinamicas-em-verde_20240510_033315_0000.jpg\" alt=\"\" width=\"200\" height=\"50\" \/><\/a><\/p>\n<div class=\"entry-content\">\n<hr \/>\n<h1><a href=\"https:\/\/www2.uepg.br\/sebisa\/exames-2\/\" target=\"_blank\" rel=\"noopener\"><img loading=\"lazy\" class=\"alignnone wp-image-913\" style=\"font-size: 16px\" src=\"http:\/\/www2.uepg.br\/sebisa\/wp-content\/uploads\/sites\/183\/2024\/05\/Banner-do-LinkedIn-para-promocao-de-evento-com-molduras-dinamicas-em-verde_20240510_030313_0000.png\" alt=\"\" width=\"200\" height=\"50\" \/><\/a><a href=\"https:\/\/www2.uepg.br\/sebisa\/resultados\/\" target=\"_blank\" rel=\"noopener\"><img loading=\"lazy\" class=\"alignnone wp-image-915\" src=\"http:\/\/www2.uepg.br\/sebisa\/wp-content\/uploads\/sites\/183\/2024\/05\/Banner-do-LinkedIn-para-promocao-de-evento-com-molduras-dinamicas-em-verde_20240510_030138_0000.png\" alt=\"\" width=\"200\" height=\"50\" \/><\/a> \u00a0<a href=\"https:\/\/wa.me\/554232203751\" target=\"_blank\" rel=\"noopener\"><img loading=\"lazy\" class=\"alignnone wp-image-919\" src=\"http:\/\/www2.uepg.br\/sebisa\/wp-content\/uploads\/sites\/183\/2024\/05\/Banner-do-LinkedIn-para-promocao-de-evento-com-molduras-dinamicas-em-verde_20240510_032818_0000.jpg\" alt=\"\" width=\"192\" height=\"48\" \/><\/a> \u00a0<a href=\"https:\/\/wa.me\/554232203751\" target=\"_blank\" rel=\"noopener\"><img loading=\"lazy\" class=\"alignnone wp-image-914\" style=\"text-align: center;font-size: 16px\" src=\"http:\/\/www2.uepg.br\/sebisa\/wp-content\/uploads\/sites\/183\/2024\/05\/Banner-do-LinkedIn-para-promocao-de-evento-com-molduras-dinamicas-em-verde_20240510_030227_0000.png\" alt=\"\" width=\"200\" height=\"50\" \/><\/a><\/h1>\n<\/div>\n<div class=\"entry-content\">\n<hr \/>\n<p>&nbsp;<\/p>\n<p style=\"text-align: center\"><img loading=\"lazy\" class=\"alignnone size-full wp-image-1244\" src=\"http:\/\/www2.uepg.br\/sebisa\/wp-content\/uploads\/sites\/183\/2024\/05\/Missao-e-valores-4.png\" alt=\"\" width=\"9216\" height=\"3456\" \/><\/p>\n<\/div>\n<div><\/div>\n<div><\/div>\n<div><\/div>\n<div><\/div>\n<div><\/div>\n<hr \/>\n<h2><\/h2>\n<p>&nbsp;<\/p>\n<h2 id=\"historia\" style=\"text-align: center\"><strong>HIST\u00d3RIA<\/strong><\/h2>\n<p style=\"text-align: center\">O Laborat\u00f3rio Universit\u00e1rio de An\u00e1lises Cl\u00ednicas, tamb\u00e9m conhecido como LUAC, atende a popula\u00e7\u00e3o desde setembro de 1969, quando funcionava no hospital Vicentino. Em 1973, o atendimento do laborat\u00f3rio passou para a sede da Rua Julia Wanderley, n\u00ba 980, no centro da cidade. A sede atual do laborat\u00f3rio, que se encontra no Campus de Uvaranas, foi inaugurada em outubro de 2004.<\/p>\n<p><img loading=\"lazy\" class=\"wp-image-1222 aligncenter\" src=\"http:\/\/www2.uepg.br\/sebisa\/wp-content\/uploads\/sites\/183\/2024\/05\/Aniversario-da-Empresa-Laranja-Memphis-Minimalista-Instagram-Post-5.png\" alt=\"\" width=\"713\" height=\"713\" \/><\/p>\n<p>&nbsp;<\/p>\n<hr \/>\n<h2 id=\"institucional\" style=\"text-align: center\"><strong>INSTITUCIONAL<\/strong><\/h2>\n<p><img loading=\"lazy\" class=\"size-full wp-image-1232 aligncenter\" src=\"http:\/\/www2.uepg.br\/sebisa\/wp-content\/uploads\/sites\/183\/2024\/05\/Missao-e-valores-2.png\" alt=\"\" width=\"6912\" height=\"3456\" \/><\/p>\n<p>&nbsp;<\/p>\n<hr \/>\n<h2 id=\"qualidade\" style=\"text-align: center\"><strong>QUALIDADE<\/strong><\/h2>\n<p style=\"text-align: center\">O LUAC realiza exames para diagn\u00f3stico atendendo as exig\u00eancias da legisla\u00e7\u00e3o espec\u00edfica vigente, utilizando equipamentos modernos e insumos dentro dos padr\u00f5es de qualidade em laborat\u00f3rio cl\u00ednico, bem como, participa do Programa Nacional de Controle de Qualidade (PNCQ) patrocinado pela Sociedade Brasileira de An\u00e1lises Cl\u00ednicas (SBAC).<\/p>\n<p>&nbsp;<\/p>\n<hr \/>\n<h2 id=\"equipe-tecnica\" style=\"text-align: center\"><strong>EQUIPE T\u00c9CNICA<\/strong><\/h2>\n<p><img loading=\"lazy\" class=\"alignnone size-full wp-image-1276\" src=\"http:\/\/www2.uepg.br\/sebisa\/wp-content\/uploads\/sites\/183\/2024\/05\/Equipe-1.png\" alt=\"\" width=\"6912\" height=\"3456\" \/><\/p>\n<div class=\"entry-content\">\n<hr \/>\n<\/div>\n<h6 style=\"text-align: center\"><strong>HOR\u00c1RIO DE ATENDIMENTO<\/strong><\/h6>\n<h6 style=\"text-align: center\">Segunda \u00e0 sexta-feira, das 7h \u00e0s 17h.<\/h6>\n<hr \/>\n<p><a href=\"https:\/\/www.google.com\/maps\/place\/Laborat%C3%B3rio+Universit%C3%A1rio+de+An%C3%A1lises+Cl%C3%ADnicas-+LUAC+-+UEPG\/@-25.0947081,-50.1032517,15z\/data=!4m6!3m5!1s0x94e81b478a66bcc7:0x2c30f20fe89cb424!8m2!3d-25.0947081!4d-50.1032517!16s%2Fg%2F11v6xw3wlf?entry=ttu\" target=\"_blank\" rel=\"noopener\"><img loading=\"lazy\" class=\"size-full wp-image-1257 aligncenter\" src=\"http:\/\/www2.uepg.br\/sebisa\/wp-content\/uploads\/sites\/183\/2024\/05\/Endereco.png\" alt=\"\" width=\"9216\" height=\"3456\" \/><\/a><img loading=\"lazy\" class=\"size-full wp-image-1242 aligncenter\" style=\"font-size: 10.72px;font-weight: bold;text-align: center\" src=\"http:\/\/www2.uepg.br\/sebisa\/wp-content\/uploads\/sites\/183\/2024\/05\/dUVIDAS-1.png\" alt=\"\" width=\"9216\" height=\"3456\" \/><\/p>\n<p>&nbsp;<\/p>\n<hr \/>\n<h2 id=\"precos\" style=\"text-align: center\">Tabela de pre\u00e7os aprovada segundo a Resolu\u00e7\u00e3o CA n\u00ba 257, de 30 de Outubro de 2017<\/h2>\n<p><img loading=\"lazy\" class=\"wp-image-843 aligncenter\" src=\"http:\/\/www2.uepg.br\/sebisa\/wp-content\/uploads\/sites\/183\/2024\/05\/lista-de-precos.png\" alt=\"\" width=\"76\" height=\"76\" \/><\/p>\n<p style=\"text-align: center\"><a href=\"http:\/\/www2.uepg.br\/sebisa\/wp-content\/uploads\/sites\/183\/2021\/04\/12572017-10-3025.pdf\">Clique aqui para ter acesso ao\u00a0PDF<\/a><\/p>\n<p>&nbsp;<\/p>\n<hr \/>\n<h3 id=\"fotos\" style=\"text-align: center\"><strong>GALERIA DE FOTOS<\/strong><\/h3>\n\n\t\t<style type=\"text\/css\">\n\t\t\t#gallery-1 {\n\t\t\t\tmargin: auto;\n\t\t\t}\n\t\t\t#gallery-1 .gallery-item {\n\t\t\t\tfloat: left;\n\t\t\t\tmargin-top: 10px;\n\t\t\t\ttext-align: center;\n\t\t\t\twidth: 20%;\n\t\t\t}\n\t\t\t#gallery-1 img {\n\t\t\t\tborder: 2px solid #cfcfcf;\n\t\t\t}\n\t\t\t#gallery-1 .gallery-caption {\n\t\t\t\tmargin-left: 0;\n\t\t\t}\n\t\t\t\/* see gallery_shortcode() in wp-includes\/media.php *\/\n\t\t<\/style>\n\t\t<div id='gallery-1' class='gallery galleryid-203 gallery-columns-5 gallery-size-medium'><dl class='gallery-item'>\n\t\t\t<dt class='gallery-icon landscape'>\n\t\t\t\t<a href='https:\/\/www2.uepg.br\/sebisa\/wp-content\/uploads\/sites\/183\/2024\/05\/20240509_133436.jpg'><img width=\"300\" height=\"225\" src=\"https:\/\/www2.uepg.br\/sebisa\/wp-content\/uploads\/sites\/183\/2024\/05\/20240509_133436.jpg\" class=\"attachment-medium size-medium\" alt=\"\" loading=\"lazy\" \/><\/a>\n\t\t\t<\/dt><\/dl><dl class='gallery-item'>\n\t\t\t<dt class='gallery-icon landscape'>\n\t\t\t\t<a href='https:\/\/www2.uepg.br\/sebisa\/wp-content\/uploads\/sites\/183\/2021\/04\/Biscaia-e-LUAC-setembro-2017-015-900x600-1.jpg'><img width=\"300\" height=\"200\" src=\"https:\/\/www2.uepg.br\/sebisa\/wp-content\/uploads\/sites\/183\/2021\/04\/Biscaia-e-LUAC-setembro-2017-015-900x600-1-300x200.jpg\" class=\"attachment-medium size-medium\" alt=\"\" loading=\"lazy\" srcset=\"https:\/\/www2.uepg.br\/sebisa\/wp-content\/uploads\/sites\/183\/2021\/04\/Biscaia-e-LUAC-setembro-2017-015-900x600-1-300x200.jpg 300w, https:\/\/www2.uepg.br\/sebisa\/wp-content\/uploads\/sites\/183\/2021\/04\/Biscaia-e-LUAC-setembro-2017-015-900x600-1-768x512.jpg 768w, https:\/\/www2.uepg.br\/sebisa\/wp-content\/uploads\/sites\/183\/2021\/04\/Biscaia-e-LUAC-setembro-2017-015-900x600-1-272x182.jpg 272w, https:\/\/www2.uepg.br\/sebisa\/wp-content\/uploads\/sites\/183\/2021\/04\/Biscaia-e-LUAC-setembro-2017-015-900x600-1.jpg 900w\" sizes=\"(max-width: 300px) 100vw, 300px\" \/><\/a>\n\t\t\t<\/dt><\/dl><dl class='gallery-item'>\n\t\t\t<dt class='gallery-icon landscape'>\n\t\t\t\t<a href='https:\/\/www2.uepg.br\/sebisa\/wp-content\/uploads\/sites\/183\/2024\/05\/20240515_162220.jpg'><img width=\"300\" height=\"160\" src=\"https:\/\/www2.uepg.br\/sebisa\/wp-content\/uploads\/sites\/183\/2024\/05\/20240515_162220.jpg\" class=\"attachment-medium size-medium\" alt=\"\" loading=\"lazy\" \/><\/a>\n\t\t\t<\/dt><\/dl><dl class='gallery-item'>\n\t\t\t<dt class='gallery-icon landscape'>\n\t\t\t\t<a href='https:\/\/www2.uepg.br\/sebisa\/wp-content\/uploads\/sites\/183\/2021\/04\/Biscaia-e-LUAC-setembro-2017-033-900x600-1.jpg'><img width=\"300\" height=\"200\" src=\"https:\/\/www2.uepg.br\/sebisa\/wp-content\/uploads\/sites\/183\/2021\/04\/Biscaia-e-LUAC-setembro-2017-033-900x600-1-300x200.jpg\" class=\"attachment-medium size-medium\" alt=\"\" loading=\"lazy\" srcset=\"https:\/\/www2.uepg.br\/sebisa\/wp-content\/uploads\/sites\/183\/2021\/04\/Biscaia-e-LUAC-setembro-2017-033-900x600-1-300x200.jpg 300w, https:\/\/www2.uepg.br\/sebisa\/wp-content\/uploads\/sites\/183\/2021\/04\/Biscaia-e-LUAC-setembro-2017-033-900x600-1-768x512.jpg 768w, https:\/\/www2.uepg.br\/sebisa\/wp-content\/uploads\/sites\/183\/2021\/04\/Biscaia-e-LUAC-setembro-2017-033-900x600-1-272x182.jpg 272w, https:\/\/www2.uepg.br\/sebisa\/wp-content\/uploads\/sites\/183\/2021\/04\/Biscaia-e-LUAC-setembro-2017-033-900x600-1.jpg 900w\" sizes=\"(max-width: 300px) 100vw, 300px\" \/><\/a>\n\t\t\t<\/dt><\/dl><dl class='gallery-item'>\n\t\t\t<dt class='gallery-icon landscape'>\n\t\t\t\t<a href='https:\/\/www2.uepg.br\/sebisa\/wp-content\/uploads\/sites\/183\/2024\/05\/1-3-1536x1024-1.jpg'><img width=\"300\" height=\"200\" src=\"https:\/\/www2.uepg.br\/sebisa\/wp-content\/uploads\/sites\/183\/2024\/05\/1-3-1536x1024-1.jpg\" class=\"attachment-medium size-medium\" alt=\"\" loading=\"lazy\" \/><\/a>\n\t\t\t<\/dt><\/dl><br style=\"clear: both\" \/><dl class='gallery-item'>\n\t\t\t<dt class='gallery-icon landscape'>\n\t\t\t\t<a href='https:\/\/www2.uepg.br\/sebisa\/wp-content\/uploads\/sites\/183\/2024\/05\/20240510_153809.jpg'><img width=\"300\" height=\"225\" src=\"https:\/\/www2.uepg.br\/sebisa\/wp-content\/uploads\/sites\/183\/2024\/05\/20240510_153809.jpg\" class=\"attachment-medium size-medium\" alt=\"\" loading=\"lazy\" \/><\/a>\n\t\t\t<\/dt><\/dl><dl class='gallery-item'>\n\t\t\t<dt class='gallery-icon landscape'>\n\t\t\t\t<a href='https:\/\/www2.uepg.br\/sebisa\/wp-content\/uploads\/sites\/183\/2021\/04\/Biscaia-e-LUAC-setembro-2017-023-900x600-1.jpg'><img width=\"300\" height=\"200\" src=\"https:\/\/www2.uepg.br\/sebisa\/wp-content\/uploads\/sites\/183\/2021\/04\/Biscaia-e-LUAC-setembro-2017-023-900x600-1-300x200.jpg\" class=\"attachment-medium size-medium\" alt=\"\" loading=\"lazy\" srcset=\"https:\/\/www2.uepg.br\/sebisa\/wp-content\/uploads\/sites\/183\/2021\/04\/Biscaia-e-LUAC-setembro-2017-023-900x600-1-300x200.jpg 300w, https:\/\/www2.uepg.br\/sebisa\/wp-content\/uploads\/sites\/183\/2021\/04\/Biscaia-e-LUAC-setembro-2017-023-900x600-1-768x512.jpg 768w, https:\/\/www2.uepg.br\/sebisa\/wp-content\/uploads\/sites\/183\/2021\/04\/Biscaia-e-LUAC-setembro-2017-023-900x600-1-272x182.jpg 272w, https:\/\/www2.uepg.br\/sebisa\/wp-content\/uploads\/sites\/183\/2021\/04\/Biscaia-e-LUAC-setembro-2017-023-900x600-1.jpg 900w\" sizes=\"(max-width: 300px) 100vw, 300px\" \/><\/a>\n\t\t\t<\/dt><\/dl><dl class='gallery-item'>\n\t\t\t<dt class='gallery-icon landscape'>\n\t\t\t\t<a href='https:\/\/www2.uepg.br\/sebisa\/wp-content\/uploads\/sites\/183\/2021\/04\/Biscaia-e-LUAC-setembro-2017-024-900x600-1.jpg'><img width=\"300\" height=\"200\" src=\"https:\/\/www2.uepg.br\/sebisa\/wp-content\/uploads\/sites\/183\/2021\/04\/Biscaia-e-LUAC-setembro-2017-024-900x600-1-300x200.jpg\" class=\"attachment-medium size-medium\" alt=\"\" loading=\"lazy\" srcset=\"https:\/\/www2.uepg.br\/sebisa\/wp-content\/uploads\/sites\/183\/2021\/04\/Biscaia-e-LUAC-setembro-2017-024-900x600-1-300x200.jpg 300w, https:\/\/www2.uepg.br\/sebisa\/wp-content\/uploads\/sites\/183\/2021\/04\/Biscaia-e-LUAC-setembro-2017-024-900x600-1-768x512.jpg 768w, https:\/\/www2.uepg.br\/sebisa\/wp-content\/uploads\/sites\/183\/2021\/04\/Biscaia-e-LUAC-setembro-2017-024-900x600-1-272x182.jpg 272w, https:\/\/www2.uepg.br\/sebisa\/wp-content\/uploads\/sites\/183\/2021\/04\/Biscaia-e-LUAC-setembro-2017-024-900x600-1.jpg 900w\" sizes=\"(max-width: 300px) 100vw, 300px\" \/><\/a>\n\t\t\t<\/dt><\/dl><dl class='gallery-item'>\n\t\t\t<dt class='gallery-icon landscape'>\n\t\t\t\t<a href='https:\/\/www2.uepg.br\/sebisa\/wp-content\/uploads\/sites\/183\/2021\/04\/Biscaia-e-LUAC-setembro-2017-027-900x600-1.jpg'><img width=\"300\" height=\"200\" src=\"https:\/\/www2.uepg.br\/sebisa\/wp-content\/uploads\/sites\/183\/2021\/04\/Biscaia-e-LUAC-setembro-2017-027-900x600-1-300x200.jpg\" class=\"attachment-medium size-medium\" alt=\"\" loading=\"lazy\" srcset=\"https:\/\/www2.uepg.br\/sebisa\/wp-content\/uploads\/sites\/183\/2021\/04\/Biscaia-e-LUAC-setembro-2017-027-900x600-1-300x200.jpg 300w, https:\/\/www2.uepg.br\/sebisa\/wp-content\/uploads\/sites\/183\/2021\/04\/Biscaia-e-LUAC-setembro-2017-027-900x600-1-768x512.jpg 768w, https:\/\/www2.uepg.br\/sebisa\/wp-content\/uploads\/sites\/183\/2021\/04\/Biscaia-e-LUAC-setembro-2017-027-900x600-1-272x182.jpg 272w, https:\/\/www2.uepg.br\/sebisa\/wp-content\/uploads\/sites\/183\/2021\/04\/Biscaia-e-LUAC-setembro-2017-027-900x600-1.jpg 900w\" sizes=\"(max-width: 300px) 100vw, 300px\" \/><\/a>\n\t\t\t<\/dt><\/dl><dl class='gallery-item'>\n\t\t\t<dt class='gallery-icon landscape'>\n\t\t\t\t<a href='https:\/\/www2.uepg.br\/sebisa\/wp-content\/uploads\/sites\/183\/2021\/04\/Biscaia-e-LUAC-setembro-2017-030-900x600-1.jpg'><img width=\"300\" height=\"200\" src=\"https:\/\/www2.uepg.br\/sebisa\/wp-content\/uploads\/sites\/183\/2021\/04\/Biscaia-e-LUAC-setembro-2017-030-900x600-1-300x200.jpg\" class=\"attachment-medium size-medium\" alt=\"\" loading=\"lazy\" srcset=\"https:\/\/www2.uepg.br\/sebisa\/wp-content\/uploads\/sites\/183\/2021\/04\/Biscaia-e-LUAC-setembro-2017-030-900x600-1-300x200.jpg 300w, https:\/\/www2.uepg.br\/sebisa\/wp-content\/uploads\/sites\/183\/2021\/04\/Biscaia-e-LUAC-setembro-2017-030-900x600-1-768x512.jpg 768w, https:\/\/www2.uepg.br\/sebisa\/wp-content\/uploads\/sites\/183\/2021\/04\/Biscaia-e-LUAC-setembro-2017-030-900x600-1-272x182.jpg 272w, https:\/\/www2.uepg.br\/sebisa\/wp-content\/uploads\/sites\/183\/2021\/04\/Biscaia-e-LUAC-setembro-2017-030-900x600-1.jpg 900w\" sizes=\"(max-width: 300px) 100vw, 300px\" \/><\/a>\n\t\t\t<\/dt><\/dl><br style=\"clear: both\" \/><dl class='gallery-item'>\n\t\t\t<dt class='gallery-icon landscape'>\n\t\t\t\t<a href='https:\/\/www2.uepg.br\/sebisa\/wp-content\/uploads\/sites\/183\/2021\/04\/Biscaia-e-LUAC-setembro-2017-031-900x600-1.jpg'><img width=\"300\" height=\"200\" src=\"https:\/\/www2.uepg.br\/sebisa\/wp-content\/uploads\/sites\/183\/2021\/04\/Biscaia-e-LUAC-setembro-2017-031-900x600-1-300x200.jpg\" class=\"attachment-medium size-medium\" alt=\"\" loading=\"lazy\" srcset=\"https:\/\/www2.uepg.br\/sebisa\/wp-content\/uploads\/sites\/183\/2021\/04\/Biscaia-e-LUAC-setembro-2017-031-900x600-1-300x200.jpg 300w, https:\/\/www2.uepg.br\/sebisa\/wp-content\/uploads\/sites\/183\/2021\/04\/Biscaia-e-LUAC-setembro-2017-031-900x600-1-768x512.jpg 768w, https:\/\/www2.uepg.br\/sebisa\/wp-content\/uploads\/sites\/183\/2021\/04\/Biscaia-e-LUAC-setembro-2017-031-900x600-1-272x182.jpg 272w, https:\/\/www2.uepg.br\/sebisa\/wp-content\/uploads\/sites\/183\/2021\/04\/Biscaia-e-LUAC-setembro-2017-031-900x600-1.jpg 900w\" sizes=\"(max-width: 300px) 100vw, 300px\" \/><\/a>\n\t\t\t<\/dt><\/dl><dl class='gallery-item'>\n\t\t\t<dt class='gallery-icon landscape'>\n\t\t\t\t<a href='https:\/\/www2.uepg.br\/sebisa\/wp-content\/uploads\/sites\/183\/2021\/04\/Biscaia-e-LUAC-setembro-2017-032-900x600-1.jpg'><img width=\"300\" height=\"200\" src=\"https:\/\/www2.uepg.br\/sebisa\/wp-content\/uploads\/sites\/183\/2021\/04\/Biscaia-e-LUAC-setembro-2017-032-900x600-1-300x200.jpg\" class=\"attachment-medium size-medium\" alt=\"\" loading=\"lazy\" srcset=\"https:\/\/www2.uepg.br\/sebisa\/wp-content\/uploads\/sites\/183\/2021\/04\/Biscaia-e-LUAC-setembro-2017-032-900x600-1-300x200.jpg 300w, https:\/\/www2.uepg.br\/sebisa\/wp-content\/uploads\/sites\/183\/2021\/04\/Biscaia-e-LUAC-setembro-2017-032-900x600-1-768x512.jpg 768w, https:\/\/www2.uepg.br\/sebisa\/wp-content\/uploads\/sites\/183\/2021\/04\/Biscaia-e-LUAC-setembro-2017-032-900x600-1-272x182.jpg 272w, https:\/\/www2.uepg.br\/sebisa\/wp-content\/uploads\/sites\/183\/2021\/04\/Biscaia-e-LUAC-setembro-2017-032-900x600-1.jpg 900w\" sizes=\"(max-width: 300px) 100vw, 300px\" \/><\/a>\n\t\t\t<\/dt><\/dl><dl class='gallery-item'>\n\t\t\t<dt class='gallery-icon landscape'>\n\t\t\t\t<a href='https:\/\/www2.uepg.br\/sebisa\/wp-content\/uploads\/sites\/183\/2021\/04\/Biscaia-e-LUAC-setembro-2017-025-900x600-1.jpg'><img width=\"300\" height=\"200\" src=\"https:\/\/www2.uepg.br\/sebisa\/wp-content\/uploads\/sites\/183\/2021\/04\/Biscaia-e-LUAC-setembro-2017-025-900x600-1-300x200.jpg\" class=\"attachment-medium size-medium\" alt=\"\" loading=\"lazy\" srcset=\"https:\/\/www2.uepg.br\/sebisa\/wp-content\/uploads\/sites\/183\/2021\/04\/Biscaia-e-LUAC-setembro-2017-025-900x600-1-300x200.jpg 300w, https:\/\/www2.uepg.br\/sebisa\/wp-content\/uploads\/sites\/183\/2021\/04\/Biscaia-e-LUAC-setembro-2017-025-900x600-1-768x512.jpg 768w, https:\/\/www2.uepg.br\/sebisa\/wp-content\/uploads\/sites\/183\/2021\/04\/Biscaia-e-LUAC-setembro-2017-025-900x600-1-272x182.jpg 272w, https:\/\/www2.uepg.br\/sebisa\/wp-content\/uploads\/sites\/183\/2021\/04\/Biscaia-e-LUAC-setembro-2017-025-900x600-1.jpg 900w\" sizes=\"(max-width: 300px) 100vw, 300px\" \/><\/a>\n\t\t\t<\/dt><\/dl><dl class='gallery-item'>\n\t\t\t<dt class='gallery-icon landscape'>\n\t\t\t\t<a href='https:\/\/www2.uepg.br\/sebisa\/wp-content\/uploads\/sites\/183\/2024\/05\/20240510_154124.jpg'><img width=\"300\" height=\"225\" src=\"https:\/\/www2.uepg.br\/sebisa\/wp-content\/uploads\/sites\/183\/2024\/05\/20240510_154124.jpg\" class=\"attachment-medium size-medium\" alt=\"\" loading=\"lazy\" \/><\/a>\n\t\t\t<\/dt><\/dl>\n\t\t\t<br style='clear: both' \/>\n\t\t<\/div>\n\n<p>&nbsp;<\/p>\n","protected":false},"excerpt":{"rendered":"<p>\u00a0 \u00a0 \u00a0 &nbsp; &nbsp; HIST\u00d3RIA O Laborat\u00f3rio Universit\u00e1rio de An\u00e1lises Cl\u00ednicas, tamb\u00e9m conhecido como LUAC, atende a popula\u00e7\u00e3o desde setembro de 1969, quando funcionava no hospital Vicentino. Em 1973, o atendimento do laborat\u00f3rio passou para a sede da Rua Julia Wanderley, n\u00ba 980, no centro da cidade. A sede atual do laborat\u00f3rio, que se&nbsp;&hellip;<\/p>\n","protected":false},"author":305,"featured_media":0,"parent":0,"menu_order":0,"comment_status":"closed","ping_status":"closed","template":"","meta":[],"_links":{"self":[{"href":"https:\/\/www2.uepg.br\/sebisa\/wp-json\/wp\/v2\/pages\/203"}],"collection":[{"href":"https:\/\/www2.uepg.br\/sebisa\/wp-json\/wp\/v2\/pages"}],"about":[{"href":"https:\/\/www2.uepg.br\/sebisa\/wp-json\/wp\/v2\/types\/page"}],"author":[{"embeddable":true,"href":"https:\/\/www2.uepg.br\/sebisa\/wp-json\/wp\/v2\/users\/305"}],"replies":[{"embeddable":true,"href":"https:\/\/www2.uepg.br\/sebisa\/wp-json\/wp\/v2\/comments?post=203"}],"version-history":[{"count":144,"href":"https:\/\/www2.uepg.br\/sebisa\/wp-json\/wp\/v2\/pages\/203\/revisions"}],"predecessor-version":[{"id":1256,"href":"https:\/\/www2.uepg.br\/sebisa\/wp-json\/wp\/v2\/pages\/203\/revisions\/1256"}],"wp:attachment":[{"href":"https:\/\/www2.uepg.br\/sebisa\/wp-json\/wp\/v2\/media?parent=203"}],"curies":[{"name":"wp","href":"https:\/\/api.w.org\/{rel}","templated":true}]}}