{"id":205,"date":"2022-02-08T14:49:49","date_gmt":"2022-02-08T17:49:49","guid":{"rendered":"https:\/\/www2.uepg.br\/secate\/?page_id=205"},"modified":"2022-02-09T10:59:28","modified_gmt":"2022-02-09T13:59:28","slug":"historia","status":"publish","type":"page","link":"https:\/\/www2.uepg.br\/secate\/es\/historia\/","title":{"rendered":"Historia"},"content":{"rendered":"<section id=\"hist\">\n<div class=\"outer_container\">\n<div class=\"container\">\n<div class=\"row\">\n<p style=\"text-align: center;\">El Sector de Ciencia y Tecnolog\u00eda Agropecuaria es responsable de la administraci\u00f3n Ense\u00f1anza, Investigaci\u00f3n y Extensi\u00f3n, constituidas y organizadas como prestaci\u00f3n Normas generales y disposiciones normativas del Consejo Superior de la Universidad Estadual de Ponta Grossa. Este sector del conocimiento fue establecido por resoluci\u00f3n Univ. No 026 del 14 de noviembre de 1990, y en ese momento estaba compuesto por Departamentos de Ingenier\u00eda Civil, Ciencias de la Computaci\u00f3n y Agronom\u00eda y Cursos Ingenier\u00eda Civil, Licenciatura en Inform\u00e1tica y Agronom\u00eda. La Resoluci\u00f3n Univ. N\u00ba 26, de 29 de diciembre 1992 cambi\u00f3 la estructura de la Sector de Ciencia y Tecnolog\u00eda Agropecuaria, ahora se re\u00fanen Departamentos Ingenier\u00eda Civil, Ciencias de la Computaci\u00f3n, Ciencias del Suelo e Ingenier\u00eda Agr\u00edcola, Vegetal y Sanidad Vegetal, Ciencia y Tecnolog\u00eda de los Alimentos. Y Cursos Pregrado Ingenier\u00eda Civil, Licenciado en Ciencias de la Computaci\u00f3n y Agronom\u00eda. La resoluci\u00f3n UNIV. 15 30 de septiembre 1993 se cre\u00f3 el Departamento de Ingenier\u00eda de Materiales.<\/p>\n<\/div>\n<\/div>\n<\/div>\n<\/section>\n","protected":false},"excerpt":{"rendered":"<p>El Sector de Ciencia y Tecnolog\u00eda Agropecuaria es responsable de la administraci\u00f3n Ense\u00f1anza, Investigaci\u00f3n y Extensi\u00f3n, constituidas y organizadas como prestaci\u00f3n Normas generales y disposiciones normativas del Consejo Superior de la Universidad Estadual de Ponta Grossa. Este sector del conocimiento fue establecido por resoluci\u00f3n Univ. No 026 del 14 de noviembre de 1990, y en&nbsp;&hellip;<\/p>\n","protected":false},"author":378,"featured_media":0,"parent":0,"menu_order":0,"comment_status":"closed","ping_status":"closed","template":"page-templates\/page-with-left-sidebar.php","meta":[],"_links":{"self":[{"href":"https:\/\/www2.uepg.br\/secate\/wp-json\/wp\/v2\/pages\/205"}],"collection":[{"href":"https:\/\/www2.uepg.br\/secate\/wp-json\/wp\/v2\/pages"}],"about":[{"href":"https:\/\/www2.uepg.br\/secate\/wp-json\/wp\/v2\/types\/page"}],"author":[{"embeddable":true,"href":"https:\/\/www2.uepg.br\/secate\/wp-json\/wp\/v2\/users\/378"}],"replies":[{"embeddable":true,"href":"https:\/\/www2.uepg.br\/secate\/wp-json\/wp\/v2\/comments?post=205"}],"version-history":[{"count":2,"href":"https:\/\/www2.uepg.br\/secate\/wp-json\/wp\/v2\/pages\/205\/revisions"}],"predecessor-version":[{"id":292,"href":"https:\/\/www2.uepg.br\/secate\/wp-json\/wp\/v2\/pages\/205\/revisions\/292"}],"wp:attachment":[{"href":"https:\/\/www2.uepg.br\/secate\/wp-json\/wp\/v2\/media?parent=205"}],"curies":[{"name":"wp","href":"https:\/\/api.w.org\/{rel}","templated":true}]}}