{"id":207,"date":"2022-02-08T14:49:49","date_gmt":"2022-02-08T17:49:49","guid":{"rendered":"https:\/\/www2.uepg.br\/secate\/?page_id=207"},"modified":"2022-02-09T10:57:42","modified_gmt":"2022-02-09T13:57:42","slug":"colegiales","status":"publish","type":"page","link":"https:\/\/www2.uepg.br\/secate\/es\/colegiales\/","title":{"rendered":"Colegiales"},"content":{"rendered":"<div class=\"col col-md-12 col-sm-12\" align=\"center\">\n<h1>Direcci\u00f3n del Sector<\/h1>\n<p>&nbsp;<\/p>\n<p>Maria Salete Marcon Gomes Vaz- Director<\/p>\n<p>Adilson Luiz Chinelatto &#8211; Director Asociado<\/p>\n<\/div>\n<div class=\"col col-md-12 col-sm-12\" align=\"center\">\n<p>&nbsp;<\/p>\n<h2>Jefe del Departamento<\/h2>\n<p>&nbsp;<\/p>\n<p>Arion de Campos Junior (Jefe) e Victor George Celinski (Jefe Adjunto) &#8211; Departamento de Inform\u00e1tica<\/p>\n<p>L\u00facio Marcos De Geus (Jefe) e Eduardo Pereira (Jefe Adjunto) &#8211; Departamento de Ingenier\u00eda Civil<\/p>\n<p>JAmanda Regina Godoy Baptist\u00e3o (Jefe) e David de Souza Jaccoud Filho &#8211; Departamento de Ciencia de Plantas y Sanidad Vegetal<\/p>\n<p>Benjamim de Melo Carvalho (Jefe) e Andr\u00e9 Luis Moreira de Carvalho (Jefe Adjunto) &#8211; Departamento de Ingenier\u00eda de Materiales<\/p>\n<p>Renata Dinnies Santos Salem (Jefe) e Alessandro Nogueira (Jefe Adjunto) &#8211; Departamento de Ingenier\u00eda de Alimentos<\/p>\n<p>Paulo Ferreira Carrilho (Jefe) e Pedro Henrique Weirich Neto (Jefe Adjunto) &#8211; Departamento de Ciencias del Suelo e Ingenier\u00eda Agr\u00edcola<\/p>\n<p>Maria Aparecida Gon\u00e7alves da Fonseca Martins (Jefe) e Ver\u00f4nica Oliveira Vianna (Jefe Adjunto) &#8211; Departamento de Ciencia Animal<\/p>\n<\/div>\n<div class=\"col col-md-12 col-sm-12\" align=\"center\">\n<p>&nbsp;<\/p>\n<h2>Coordinaci\u00f3n de los Cursos de Graduaci\u00f3n<\/h2>\n<p>&nbsp;<\/p>\n<p>S\u00e9rgio Luiz Schulz (Coordinador) e Lilian Ta\u00eds de Gouveia (vice-Coordinador) &#8211; Ingenier\u00eda Civil<\/p>\n<p>Marcelo Ferrasa (Coordinador) e Marcelo Bilobrovec (Vice-Coordinador)- Ingenier\u00eda de Software<\/p>\n<p>Marcio Augusto de Souza (Coordinador) e Jaime Cohen (Vice-Coordinador) &#8211; Ingenier\u00eda de Computaci\u00f3n<\/p>\n<p>Adriana Scoton Antonio Chinelatto (Coordinador) e Filomena Maria da Costa Nobrega Nadal (Vice-Coordinador) &#8211; Ingenier\u00eda de Materiales<\/p>\n<p>Marina Tolentino Caldeira (Coordinador) e Eliane Dalva Godoy (Vice Coordinador) &#8211; Ingenier\u00eda de Alimentos<\/p>\n<p>Jos\u00e9 Raulindo Gardingo (Coordinador) e Carlos Hugo Rocha (Vice Coordinador) &#8211; Ingenier\u00eda Agr\u00edcola<\/p>\n<p>Victor Breno Pedrosa (Coordinador) &#8211; Ciencia Animal<\/p>\n<\/div>\n<div class=\"col col-md-12 col-sm-12\" align=\"center\">\n<p>&nbsp;<\/p>\n<h2>Graduado de Coordinaci\u00f3n Stricto Senso<\/h2>\n<p>&nbsp;<\/p>\n<p>Neyde Fab\u00edola Balarezo Giarola (Coordinador) e Carolina Weigert Galv\u00e3o (vice Coordinador)- Masters y Doctorado en Agronom\u00eda<\/p>\n<p>Jos\u00e9 Carlos Ferreira da Rocha (Coordinador) e Alaine Margarete Guimar\u00e3es (Vice-Coordinador) &#8211; Maestr\u00eda en Inform\u00e1tica Aplicada<\/p>\n<p>M\u00e1rcio Ferreira Hupalo (Coordinador) e Adilson Luiz Chinelatto (Vice-Coordinador) &#8211; Maestr\u00eda en Ingenier\u00eda y Ciencias de los Materiales<\/p>\n<p>Giovana K\u00e1tie Wiecheteck (Coordinador) e Marcos Rog\u00e9rio Sz\u00e9liga (Vice-Coordinador) &#8211; Maestr\u00eda en Ingenier\u00eda Ambiental y Sanitaria<\/p>\n<p>Alessandro Nogueira (Coordinador) e Egon Schnitzler (Vice-Coordinador) &#8211; Maestr\u00eda y Doctorado en Ciencia y Tecnolog\u00eda de los Alimentos<\/p>\n<p>Wilson Massamitu Furuya (Coordinador) e Victor Breno Pedrosa (Vice-Coordinador) &#8211; Maestr\u00eda em Ciencia Animal<\/p>\n<\/div>\n<div class=\"col col-md-12 col-sm-12\" align=\"center\">\n<p>&nbsp;<\/p>\n<h2>Representaci\u00f3n Docente<\/h2>\n<p>&nbsp;<\/p>\n<p>Maria Marta Loddi<\/p>\n<p>Idomar Augusto Cerutti<\/p>\n<p>Osvaldo Mitsuyuki Cintho<\/p>\n<\/div>\n","protected":false},"excerpt":{"rendered":"<p>Direcci\u00f3n del Sector &nbsp; Maria Salete Marcon Gomes Vaz- Director Adilson Luiz Chinelatto &#8211; Director Asociado &nbsp; Jefe del Departamento &nbsp; Arion de Campos Junior (Jefe) e Victor George Celinski (Jefe Adjunto) &#8211; Departamento de Inform\u00e1tica L\u00facio Marcos De Geus (Jefe) e Eduardo Pereira (Jefe Adjunto) &#8211; Departamento de Ingenier\u00eda Civil JAmanda Regina Godoy Baptist\u00e3o&nbsp;&hellip;<\/p>\n","protected":false},"author":378,"featured_media":0,"parent":0,"menu_order":0,"comment_status":"closed","ping_status":"closed","template":"page-templates\/page-with-left-sidebar.php","meta":[],"_links":{"self":[{"href":"https:\/\/www2.uepg.br\/secate\/wp-json\/wp\/v2\/pages\/207"}],"collection":[{"href":"https:\/\/www2.uepg.br\/secate\/wp-json\/wp\/v2\/pages"}],"about":[{"href":"https:\/\/www2.uepg.br\/secate\/wp-json\/wp\/v2\/types\/page"}],"author":[{"embeddable":true,"href":"https:\/\/www2.uepg.br\/secate\/wp-json\/wp\/v2\/users\/378"}],"replies":[{"embeddable":true,"href":"https:\/\/www2.uepg.br\/secate\/wp-json\/wp\/v2\/comments?post=207"}],"version-history":[{"count":5,"href":"https:\/\/www2.uepg.br\/secate\/wp-json\/wp\/v2\/pages\/207\/revisions"}],"predecessor-version":[{"id":301,"href":"https:\/\/www2.uepg.br\/secate\/wp-json\/wp\/v2\/pages\/207\/revisions\/301"}],"wp:attachment":[{"href":"https:\/\/www2.uepg.br\/secate\/wp-json\/wp\/v2\/media?parent=207"}],"curies":[{"name":"wp","href":"https:\/\/api.w.org\/{rel}","templated":true}]}}