{"id":22,"date":"2019-11-19T13:30:03","date_gmt":"2019-11-19T16:30:03","guid":{"rendered":"http:\/\/www2.uepg.br\/secijur\/?page_id=22"},"modified":"2024-06-26T16:48:09","modified_gmt":"2024-06-26T19:48:09","slug":"departamentos","status":"publish","type":"page","link":"https:\/\/www2.uepg.br\/secijur\/departamentos\/","title":{"rendered":"Departamentos"},"content":{"rendered":"<h4 style=\"text-align: center\"><strong>Departamento de Direito do Estado<\/strong><\/h4>\n<p style=\"text-align: center\">Chefe de Departamento &#8211; Alexandre Almeida Rocha<\/p>\n<p style=\"text-align: center\">Chefe Adjunto &#8211; Angela de Quadros Mongruel<\/p>\n<h5 style=\"text-align: center\">Professores<\/h5>\n<p style=\"text-align: center\">Adel\u00e2ngela de Arruda Moura<br \/>\nAdriana de F\u00aa Pilatti Ferreira Campagnoli<br \/>\nAlexandre Almeida Rocha<br \/>\nAllan Ricardo Guimar\u00e3es Porto<br \/>\n\u00c2ngela de Quadros Mongruel<br \/>\nChristina Miranda Ribas<br \/>\nCl\u00f3vis Airton de Quadros<br \/>\nFabr\u00edcio Bittencourt da Cruz<br \/>\nGuilherme Amaral Alves<br \/>\nIgor Sporch da Costa<br \/>\nJefferson Marcos Biagini Medina<br \/>\nMarcelo Alves da Silva<br \/>\nMurilo Duarte Costa Correa<br \/>\nPablo Milanese<br \/>\nRicardo Pav\u00e3o Tuma<br \/>\nVicente Paulo Hajaki Ribas<\/p>\n<p>&nbsp;<\/p>\n<h4 style=\"text-align: center\"><strong>Departamento de Direito Processual<\/strong><\/h4>\n<p style=\"text-align: center\">Chefe de Departamento &#8211; Jos\u00e9 Jairo Baluta<\/p>\n<p style=\"text-align: center\">Chefe Adjunto &#8211; Paola Damo Comel Gormanns<\/p>\n<h5 style=\"text-align: center\">Professores<\/h5>\n<p style=\"text-align: center\">Adriana Tim\u00f3teo dos Santos Zagurski<\/p>\n<p style=\"text-align: center\">Andressa Pacenko Malucelli<\/p>\n<p style=\"text-align: center\">Cl\u00e1udia Aparecida Colla Taques Ribas<\/p>\n<p style=\"text-align: center\">Dirc\u00e9ia Moreira<\/p>\n<p style=\"text-align: center\">Eliezer Gomes da Silva<\/p>\n<p style=\"text-align: center\">F\u00e1bio Marcondes Leite<\/p>\n<p style=\"text-align: center\">Flavio Renato Correia de Almeida<\/p>\n<p style=\"text-align: center\">Irio Jos\u00e9 Tabela Krunn<\/p>\n<p style=\"text-align: center\">Jos\u00e9 Jairo Baluta<\/p>\n<p style=\"text-align: center\">Julia Maria Milanese Buffara<\/p>\n<p style=\"text-align: center\">Klebler Cazzaro<\/p>\n<p style=\"text-align: center\">Luana M\u00e1rcia de OOLiveira Billerbeck<\/p>\n<p style=\"text-align: center\">Ludmilo Sene<\/p>\n<p style=\"text-align: center\">Luis Carlos Simionato J\u00fanior<\/p>\n<p style=\"text-align: center\">Maria Cristina Baluta<\/p>\n<p style=\"text-align: center\">Maria Cristina Rauch Baranoski<\/p>\n<p style=\"text-align: center\">Paola Damo Comel Gormamms<\/p>\n<p style=\"text-align: center\">Rauli Gross J\u00fanior<\/p>\n<p style=\"text-align: center\">Ubirajara Carlos Mendes<\/p>\n<p>&nbsp;<\/p>\n<h4 style=\"text-align: center\"><strong>Departamento de Direito das Rela\u00e7\u00f5es Sociais<\/strong><\/h4>\n<p style=\"text-align: center\">Chefe de Departamento \u2013 \u00c9verson Manjinski<\/p>\n<p style=\"text-align: center\">Chefe Adjunto \u2013 Jo\u00e3o Manoel Grott<\/p>\n<h5 style=\"text-align: center\">Professores<\/h5>\n<p style=\"text-align: center\">Adriana Sant&#8217;Anna<\/p>\n<p style=\"text-align: center\">Alc\u00eddio Soares J\u00fanior<\/p>\n<p style=\"text-align: center\">Ana Paula Parra Leite<\/p>\n<p style=\"text-align: center\">Dirce Pereira do Nascimento<\/p>\n<p style=\"text-align: center\">Elisabeth M\u00f4nica Hasse Becker Neiverth<\/p>\n<p style=\"text-align: center\">Everson Manjiski<\/p>\n<p style=\"text-align: center\">Jeaneth Nunes Stefaniak<\/p>\n<p style=\"text-align: center\">Jo\u00e3o Irineu de Resende Miranda<\/p>\n<p style=\"text-align: center\">Jo\u00e3o Manoel Grott<\/p>\n<p style=\"text-align: center\">Jo\u00e3o Paulo Capella Nascimento<\/p>\n<p style=\"text-align: center\">Jos\u00e9 Leoc\u00e1dio da Cruz<\/p>\n<p style=\"text-align: center\">Jos\u00e9 Robson da Silva<\/p>\n<p style=\"text-align: center\">Jos\u00e9 Schell J\u00fanior<\/p>\n<p style=\"text-align: center\">Paulo Cesar de Lara<\/p>\n<p style=\"text-align: center\">Regina F\u00e1tima Wolochn<\/p>\n<p style=\"text-align: center\">Rodrigo Simionato<\/p>\n<p style=\"text-align: center\">Silvana Souza Netto Mandalozzo<\/p>\n<p style=\"text-align: center\">Vanderlei Scheneider de Lima<\/p>\n<p style=\"text-align: center\">Volney Campos dos Santos<\/p>\n<p style=\"text-align: center\">Zilda Mara Consalter<\/p>\n","protected":false},"excerpt":{"rendered":"<p>Departamento de Direito do Estado Chefe de Departamento &#8211; Alexandre Almeida Rocha Chefe Adjunto &#8211; Angela de Quadros Mongruel Professores Adel\u00e2ngela de Arruda Moura Adriana de F\u00aa Pilatti Ferreira Campagnoli Alexandre Almeida Rocha Allan Ricardo Guimar\u00e3es Porto \u00c2ngela de Quadros Mongruel Christina Miranda Ribas Cl\u00f3vis Airton de Quadros Fabr\u00edcio Bittencourt da Cruz Guilherme Amaral Alves&nbsp;&hellip;<\/p>\n","protected":false},"author":24,"featured_media":0,"parent":0,"menu_order":0,"comment_status":"closed","ping_status":"closed","template":"","meta":[],"_links":{"self":[{"href":"https:\/\/www2.uepg.br\/secijur\/wp-json\/wp\/v2\/pages\/22"}],"collection":[{"href":"https:\/\/www2.uepg.br\/secijur\/wp-json\/wp\/v2\/pages"}],"about":[{"href":"https:\/\/www2.uepg.br\/secijur\/wp-json\/wp\/v2\/types\/page"}],"author":[{"embeddable":true,"href":"https:\/\/www2.uepg.br\/secijur\/wp-json\/wp\/v2\/users\/24"}],"replies":[{"embeddable":true,"href":"https:\/\/www2.uepg.br\/secijur\/wp-json\/wp\/v2\/comments?post=22"}],"version-history":[{"count":3,"href":"https:\/\/www2.uepg.br\/secijur\/wp-json\/wp\/v2\/pages\/22\/revisions"}],"predecessor-version":[{"id":156,"href":"https:\/\/www2.uepg.br\/secijur\/wp-json\/wp\/v2\/pages\/22\/revisions\/156"}],"wp:attachment":[{"href":"https:\/\/www2.uepg.br\/secijur\/wp-json\/wp\/v2\/media?parent=22"}],"curies":[{"name":"wp","href":"https:\/\/api.w.org\/{rel}","templated":true}]}}