{"id":264,"date":"2022-04-18T14:05:49","date_gmt":"2022-04-18T17:05:49","guid":{"rendered":"https:\/\/www2.uepg.br\/secisa\/?page_id=264"},"modified":"2026-03-12T08:48:47","modified_gmt":"2026-03-12T11:48:47","slug":"reserva-de-salas-2","status":"publish","type":"page","link":"https:\/\/www2.uepg.br\/secisa\/reserva-de-salas-2\/","title":{"rendered":"Reserva de Salas"},"content":{"rendered":"<p><strong>AGENDAMENTO &#8211; SECISA favor ler com aten\u00e7\u00e3o o regulamento para o agendamento contido no Formul\u00e1rio<\/strong><\/p>\n<ul>\n<li>Formul\u00e1rio\u00a0 Sala(s) de Aulas\u00a0 &#8211; clique <a href=\"https:\/\/docs.google.com\/forms\/d\/e\/1FAIpQLScY1ly8y9HMIKEwJMQruFPxQ128BSjRSJiYFvvbw8BJ38X5GA\/viewform?usp=header\">aqui<\/a><\/li>\n<li>Formul\u00e1rio Audit\u00f3rio do SECISA sala A-17- clique <a href=\"https:\/\/docs.google.com\/forms\/d\/e\/1FAIpQLScY1ly8y9HMIKEwJMQruFPxQ128BSjRSJiYFvvbw8BJ38X5GA\/viewform?usp=header\">aqui<\/a><\/li>\n<\/ul>\n<p>&nbsp;<\/p>\n","protected":false},"excerpt":{"rendered":"<p>AGENDAMENTO &#8211; SECISA favor ler com aten\u00e7\u00e3o o regulamento para o agendamento contido no Formul\u00e1rio Formul\u00e1rio\u00a0 Sala(s) de Aulas\u00a0 &#8211; clique aqui Formul\u00e1rio Audit\u00f3rio do SECISA sala A-17- clique aqui &nbsp;<\/p>\n","protected":false},"author":378,"featured_media":0,"parent":0,"menu_order":0,"comment_status":"closed","ping_status":"closed","template":"","meta":[],"_links":{"self":[{"href":"https:\/\/www2.uepg.br\/secisa\/wp-json\/wp\/v2\/pages\/264"}],"collection":[{"href":"https:\/\/www2.uepg.br\/secisa\/wp-json\/wp\/v2\/pages"}],"about":[{"href":"https:\/\/www2.uepg.br\/secisa\/wp-json\/wp\/v2\/types\/page"}],"author":[{"embeddable":true,"href":"https:\/\/www2.uepg.br\/secisa\/wp-json\/wp\/v2\/users\/378"}],"replies":[{"embeddable":true,"href":"https:\/\/www2.uepg.br\/secisa\/wp-json\/wp\/v2\/comments?post=264"}],"version-history":[{"count":26,"href":"https:\/\/www2.uepg.br\/secisa\/wp-json\/wp\/v2\/pages\/264\/revisions"}],"predecessor-version":[{"id":618,"href":"https:\/\/www2.uepg.br\/secisa\/wp-json\/wp\/v2\/pages\/264\/revisions\/618"}],"wp:attachment":[{"href":"https:\/\/www2.uepg.br\/secisa\/wp-json\/wp\/v2\/media?parent=264"}],"curies":[{"name":"wp","href":"https:\/\/api.w.org\/{rel}","templated":true}]}}