{"id":173,"date":"2022-05-18T08:53:29","date_gmt":"2022-05-18T11:53:29","guid":{"rendered":"https:\/\/www2.uepg.br\/segecon\/?page_id=173"},"modified":"2026-04-07T17:29:58","modified_gmt":"2026-04-07T20:29:58","slug":"composicao-ca","status":"publish","type":"page","link":"https:\/\/www2.uepg.br\/segecon\/composicao-ca\/","title":{"rendered":"Composi\u00e7\u00e3o Conselho de Administra\u00e7\u00e3o"},"content":{"rendered":"<h4 style=\"text-align: center\" align=\"right\"><strong>UNIVERSIDADE ESTADUAL DE PONTA GROSSA<\/strong><\/h4>\n<h4 style=\"text-align: center\" align=\"right\"><strong>SECRETARIA GERAL DOS CONSELHOS SUPERIORES<\/strong><\/h4>\n<h4 align=\"right\">(Regimento Interno Conselho de Administra\u00e7\u00e3o)<\/h4>\n<h4 align=\"center\"><strong>\u00a0<\/strong><\/h4>\n<h4 style=\"text-align: center\" align=\"center\"><strong>CAP\u00cdTULO I<\/strong><\/h4>\n<h4 style=\"text-align: center\"><em><strong>DO CONSELHO DE ADMINISTRA\u00c7\u00c3O<\/strong><\/em><\/h4>\n<h4><\/h4>\n<h4><strong>Art.\u00a0<\/strong><strong>2\u00ba\u00a0<\/strong>O Conselho de Administra\u00e7\u00e3o, \u00f3rg\u00e3o consultivo e deliberativo em mat\u00e9ria concernente a quest\u00f5es no \u00e2mbito administrativo, tem a seguinte constitui\u00e7\u00e3o:<\/h4>\n<h4>I &#8211; Reitor;<\/h4>\n<h4>II &#8211; Vice-Reitor;<\/h4>\n<h4>III &#8211; Pr\u00f3-Reitor de Assuntos Administrativos;<\/h4>\n<h4>IV &#8211; Pr\u00f3-Reitor de Gradua\u00e7\u00e3o;<\/h4>\n<h4>V &#8211; Pr\u00f3-Reitor de Pesquisa e P\u00f3s-Gradua\u00e7\u00e3o;<\/h4>\n<h4>VI &#8211; Pr\u00f3-Reitor de Extens\u00e3o e Assuntos Culturais;<\/h4>\n<h4>VII &#8211; Pr\u00f3-Reitor de Gest\u00e3o de Pessoas;<\/h4>\n<h4>VIII &#8211; Pr\u00f3-Reitor de Planejamento;<\/h4>\n<h4>IX &#8211; Pr\u00f3-Reitor de Assuntos Estudantis;<\/h4>\n<h4>X &#8211; Diretores dos Setores de Conhecimento;<\/h4>\n<h4>XI &#8211; 2 (dois) representantes do Corpo Docente, eleitos por sufr\u00e1gio direto, com mandato de 2 (dois) anos;<\/h4>\n<h4>XII &#8211; 2 (dois) representantes do Corpo T\u00e9cnico-Universit\u00e1rio, eleitos por sufr\u00e1gio direto, com mandato de 2 (dois) anos;<\/h4>\n<h4>XIII &#8211; 2 (dois) representantes do Corpo Discente dos Cursos de Gradua\u00e7\u00e3o, regularmente matriculados nesta Universidade, escolhidos por seus pares em processo eletivo, atrav\u00e9s do voto direto, nomeados pelo Reitor, para o mandato de 1 (um) ano;<\/h4>\n<h4>XIV &#8211; 1 (um) representante do Corpo Discente dos Programas de P\u00f3s-Gradua\u00e7\u00e3o <em>Stricto sensu\u00a0<\/em>, escolhido em processo eletivo, atrav\u00e9s do voto direto, nomeado pelo Reitor para o mandato de um (1) ano.<\/h4>\n<h4>XV &#8211; Diretora da Biblioteca Central da UEPG.<\/h4>\n<h4>\u00a7 1\u00ba Ter\u00e3o assento e voz no Conselho de Administra\u00e7\u00e3o, mas sem direito a voto, os titulares dos seguintes \u00f3rg\u00e3os:<\/h4>\n<h4>\u2022\u00a0 Procuradoria Jur\u00eddica &#8211; PROJUR;<\/h4>\n<h4>\u2022\u00a0 N\u00facleo de Tecnologia de Informa\u00e7\u00e3o &#8211; NTI;<\/h4>\n<h4>\u2022\u00a0 Prefeitura do Campus &#8211; PRECAM;<\/h4>\n<h4>\u2022\u00a0 Coordenadoria de Comunica\u00e7\u00e3o Social &#8211; CCOM;<\/h4>\n<h4>\u2022\u00a0 Controladoria Geral.<\/h4>\n<h4><strong>\u00a0<\/strong>\u00a7 2\u00ba A representa\u00e7\u00e3o de que tratam os incisos XI e XII deste artigo ser\u00e1 renovada, anualmente, em 50% (cinquenta por cento) de sua composi\u00e7\u00e3o, abrangendo o titular e seu suplente.<\/h4>\n<p>&nbsp;<\/p>\n<p align=\"center\"><strong><span style=\"font-size: large\">COMPOSI\u00c7\u00c3O<\/span><\/strong><\/p>\n<p style=\"text-align: center\">REITOR\/PRESID\u00caNCIA: Miguel Sanches Neto<\/p>\n<p style=\"text-align: center\">Vice-Reitor\/Vice-Presid\u00eancia:\u00a0Ivo Mottin Demiate<\/p>\n<p>&nbsp;<\/p>\n<p style=\"text-align: center\">PR\u00d3-REITORIA DE ASSUNTOS ADMINISTRATIVOS &#8211; PROAD<\/p>\n<p style=\"text-align: center\"><em>Emerson Martins Hilgemberg &#8211; Titular<\/em><\/p>\n<p style=\"text-align: center\"><em>Ana Paula de Freitas Pacheco &#8211; Suplente<\/em><\/p>\n<p style=\"text-align: center\">PR\u00d3-REITORIA DE GRADUA\u00c7\u00c3O &#8211; PROGRAD<\/p>\n<p style=\"text-align: center\"><em>Miguel Archanjo de Freitas J\u00fanior &#8211; Titular<\/em><\/p>\n<p style=\"text-align: center\"><em>Cristiane Aparecida Woytichoski &#8211; Suplente<\/em><\/p>\n<p style=\"text-align: center\">PR\u00d3-REITORIA DE PESQUISA E P\u00d3S-GRADUA\u00c7\u00c3O &#8211; PROPESP<\/p>\n<p style=\"text-align: center\"><em>Ren\u00ea Francisco Hellman &#8211; Titular<\/em><\/p>\n<p style=\"text-align: center\"><em>Barbara Cel\u00e2nia Fiorin &#8211; Suplente<\/em><\/p>\n<p style=\"text-align: center\">PR\u00d3-REITORIA DE EXTENS\u00c3O E ASSUNTOS CULTURAIS &#8211; PROEX<\/p>\n<p style=\"text-align: center\"><em>Beatriz Gomes Nadal &#8211; Titular<\/em><\/p>\n<p style=\"text-align: center\"><em>Marina Tolentino Marinho &#8211; Suplente<\/em><\/p>\n<p style=\"text-align: center\">PR\u00d3-REITORIA DE GEST\u00c3O DE PESSOAS &#8211; PROGESP<\/p>\n<p style=\"text-align: center\"><em>Eliane de F\u00e1tima Rauski &#8211; Titular<\/em><\/p>\n<p style=\"text-align: center\"><em>Joel de Oliveira Correia J\u00fanior &#8211; Suplente<\/em><\/p>\n<p style=\"text-align: center\">PR\u00d3-REITORIA DE PLANEJAMENTO &#8211; PROPLAN<\/p>\n<p style=\"text-align: center\"><em>Andrea Tedesco &#8211; Titular<\/em><\/p>\n<p style=\"text-align: center\"><em>Guilherme Araujo Vuitik &#8211; Suplente<\/em><\/p>\n<p style=\"text-align: center\">PR\u00d3-REITORIA DE ASSUNTOS ESTUDANTIS &#8211; PRAE<\/p>\n<p style=\"text-align: center\"><em>Ione da Silva Jovino &#8211; Titular<\/em><\/p>\n<p style=\"text-align: center\"><em>Gilmara de C\u00e1ssia Ventura &#8211; Suplente<\/em><\/p>\n<p style=\"text-align: center\">SETOR DE ENGENHARIAS, CI\u00caNCIAS AGR\u00c1RIAS E DE TECNOLOGIA &#8211; SECATE<\/p>\n<p style=\"text-align: center\"><em>Adilson Luiz Chinelatto &#8211; Titular<\/em><\/p>\n<p style=\"text-align: center\"><em>Ana Cl\u00e1udia Barana &#8211; Suplente<\/em><\/p>\n<p style=\"text-align: center\">SETOR DE CI\u00caNCIAS BIOL\u00d3GICAS E DA SA\u00daDE &#8211; SEBISA<\/p>\n<p style=\"text-align: center\"><em>J\u00falio C\u00e9sar Min\u00e9 &#8211; Titular<\/em><\/p>\n<p style=\"text-align: center\"><em>Gon\u00e7alo Cassins Moreira do Carmo &#8211; Suplente<\/em><\/p>\n<p style=\"text-align: center\">SETOR DE CI\u00caNCIAS EXATAS E NATURAIS &#8211; SEXATAS<\/p>\n<p style=\"text-align: center\"><em>Adriano Gon\u00e7alves Viana &#8211; Titular<\/em><\/p>\n<p style=\"text-align: center\"><em>Margarete Aparecida dos Santos &#8211; Suplente<\/em><\/p>\n<p style=\"text-align: center\">SETOR DE CI\u00caNCIAS HUMANAS, LETRAS E ARTES &#8211; SECIHLA<\/p>\n<p style=\"text-align: center\"><em>Silvana Oliveira &#8211; Titular<\/em><\/p>\n<p style=\"text-align: center\"><em>Ros\u00e2ngela Maria Silva Petuba &#8211; Suplente<\/em><\/p>\n<p style=\"text-align: center\">SETOR DE CI\u00caNCIAS JUR\u00cdDICAS &#8211; SECIJUR<\/p>\n<p style=\"text-align: center\"><em>Adriana Timoteo dos Santos &#8211; Titular<\/em><\/p>\n<p style=\"text-align: center\"><em>Marcelo Alves da Silva &#8211; Suplente<\/em><\/p>\n<p style=\"text-align: center\">SETOR DE CI\u00caNCIAS SOCIAIS APLICADAS &#8211; SECISA<\/p>\n<p style=\"text-align: center\"><em>Sandra Maria Scheffer &#8211; Titular<\/em><\/p>\n<p style=\"text-align: center\"><em>Gilmar Batista Mazurek &#8211; Suplente<\/em><\/p>\n<p style=\"text-align: center\">REPRESENTANTES DO CORPO DOCENTE<\/p>\n<p style=\"text-align: center\"><em>Carlos Ubiratan da Costa Schier &#8211; Titular<\/em><\/p>\n<p style=\"text-align: center\"><em>Natasha Santos Lise <\/em><em>\u00a0&#8211; Suplente<\/em><\/p>\n<p style=\"text-align: center\"><em>Sinvaldo Baglie<\/em><em>\u00a0&#8211; Titular<\/em><\/p>\n<p style=\"text-align: center\"><em>Valeska Gracioso Carlos <\/em><em>\u00a0&#8211; Suplente<\/em><\/p>\n<p style=\"text-align: center\">REPRESENTANTES DO CORPO T\u00c9CNICO UNIVERSIT\u00c1RIO<\/p>\n<p style=\"text-align: center\"><em>Felipe Thiago Wozniak Silva- Titular<\/em><\/p>\n<p style=\"text-align: center\"><em>Roseli Walus Nogueira &#8211; Suplente<\/em><\/p>\n<p style=\"text-align: center\"><em>Rog\u00e9rio Boita &#8211; Titular<\/em><\/p>\n<p style=\"text-align: center\"><em>Rosi Eliane de C\u00e1ssia Batista &#8211; Suplente<\/em><\/p>\n<p style=\"text-align: center\">REPRESENTANTES DO CORPO DISCENTE DOS CURSOS DE GRADUA\u00c7\u00c3O<\/p>\n<p style=\"text-align: center\"><em>\u00a0&#8211;<\/em><\/p>\n<p style=\"text-align: center\">DIRETORA DA BIBLIOTECA CENTRAL &#8211; BICEN<\/p>\n<p style=\"text-align: center\"><em>Maria L\u00facia Cazarin Beserra Madruga<\/em><\/p>\n<p style=\"text-align: center\">PROCURADORIA JUR\u00cdDICA &#8211; PROJUR<\/p>\n<p style=\"text-align: center\"><em>Adriana de F\u00e1tima Pilatti Ferreira Campagnoli<\/em><\/p>\n<p style=\"text-align: center\">N\u00daCLEO DE TECNOLOGIA DA INFORMA\u00c7\u00c3O &#8211; NTI<\/p>\n<p style=\"text-align: center\"><em>Luiz Gustavo Barros<\/em><\/p>\n<p style=\"text-align: center\">PREFEITURA DO CAMPUS UNIVERSIT\u00c1RIO &#8211; PRECAM<\/p>\n<p style=\"text-align: center\"><em>Elias Pereira<\/em><\/p>\n<p style=\"text-align: center\">COORDENADORIA DE COMUNICA\u00c7\u00c3O SOCIAL &#8211; CCOM<\/p>\n<p style=\"text-align: center\"><em>Luciane Pereira da Silva Navarro<\/em><\/p>\n<p style=\"text-align: center\">CONTROLADORIA GERAL<\/p>\n<p style=\"text-align: center\"><em>Cristiane Galv\u00e3o Fidelis<\/em><\/p>\n<p>&nbsp;<\/p>\n<p>(*) Atualizado em 07\/04\/2026<\/p>\n<p>&nbsp;<\/p>\n<p>&nbsp;<\/p>\n","protected":false},"excerpt":{"rendered":"<p>UNIVERSIDADE ESTADUAL DE PONTA GROSSA SECRETARIA GERAL DOS CONSELHOS SUPERIORES (Regimento Interno Conselho de Administra\u00e7\u00e3o) \u00a0 CAP\u00cdTULO I DO CONSELHO DE ADMINISTRA\u00c7\u00c3O Art.\u00a02\u00ba\u00a0O Conselho de Administra\u00e7\u00e3o, \u00f3rg\u00e3o consultivo e deliberativo em mat\u00e9ria concernente a quest\u00f5es no \u00e2mbito administrativo, tem a seguinte constitui\u00e7\u00e3o: I &#8211; Reitor; II &#8211; Vice-Reitor; III &#8211; Pr\u00f3-Reitor de Assuntos Administrativos; IV&nbsp;&hellip;<\/p>\n","protected":false},"author":378,"featured_media":0,"parent":0,"menu_order":0,"comment_status":"closed","ping_status":"closed","template":"","meta":[],"_links":{"self":[{"href":"https:\/\/www2.uepg.br\/segecon\/wp-json\/wp\/v2\/pages\/173"}],"collection":[{"href":"https:\/\/www2.uepg.br\/segecon\/wp-json\/wp\/v2\/pages"}],"about":[{"href":"https:\/\/www2.uepg.br\/segecon\/wp-json\/wp\/v2\/types\/page"}],"author":[{"embeddable":true,"href":"https:\/\/www2.uepg.br\/segecon\/wp-json\/wp\/v2\/users\/378"}],"replies":[{"embeddable":true,"href":"https:\/\/www2.uepg.br\/segecon\/wp-json\/wp\/v2\/comments?post=173"}],"version-history":[{"count":37,"href":"https:\/\/www2.uepg.br\/segecon\/wp-json\/wp\/v2\/pages\/173\/revisions"}],"predecessor-version":[{"id":2371,"href":"https:\/\/www2.uepg.br\/segecon\/wp-json\/wp\/v2\/pages\/173\/revisions\/2371"}],"wp:attachment":[{"href":"https:\/\/www2.uepg.br\/segecon\/wp-json\/wp\/v2\/media?parent=173"}],"curies":[{"name":"wp","href":"https:\/\/api.w.org\/{rel}","templated":true}]}}