{"id":177,"date":"2022-05-18T08:53:29","date_gmt":"2022-05-18T11:53:29","guid":{"rendered":"https:\/\/www2.uepg.br\/segecon\/?page_id=177"},"modified":"2022-06-03T15:21:15","modified_gmt":"2022-06-03T18:21:15","slug":"competencia-cepe","status":"publish","type":"page","link":"https:\/\/www2.uepg.br\/segecon\/competencia-cepe\/","title":{"rendered":"Compet\u00eancia do CEPE"},"content":{"rendered":"<h4 class=\"style4\" align=\"center\"><strong>CONSELHO ENSINO, PESQUISA E EXTENS\u00c3O\u00a0<\/strong><\/h4>\n<h4><\/h4>\n<h4 class=\"style5\" align=\"justify\">\u00a0\u00a0\u00a0\u00a0\u00a0\u00a0\u00a0\u00a0\u00a0\u00a0 O Conselho de Ensino, Pesquisa e Extens\u00e3o, previsto no Estatuto da Universidade Estadual de Ponta Grossa, como \u00f3rg\u00e3o consultivo e deliberativo em mat\u00e9ria concernente, rege-se pelas disposi\u00e7\u00f5es do Regimento Interno aprovado pela Resolu\u00e7\u00e3o UNIV. n\u00ba 44 de 18 de dezembro de 2014, que no seu Art. 3\u00ba elenca as seguintes compet\u00eancias:<\/h4>\n<h4 class=\"style5\" align=\"center\"><strong><br \/>\nCAP\u00cdTULO II<br \/>\nDA COMPET\u00caNCIA DO CONSELHO<\/strong><\/h4>\n<h4><strong>Art. 3\u00ba<\/strong><em>\u00a0Compete ao Conselho de Ensino, Pesquisa e Extens\u00e3o:<\/em><\/h4>\n<h4>\u00a0I &#8211; deliberar sobre o ensino superior nas suas diversas modalidades e atividades de pesquisa e extens\u00e3o;<br \/>\nII &#8211; aprovar e submeter \u00e0 delibera\u00e7\u00e3o do Conselho de Administra\u00e7\u00e3o as propostas de cria\u00e7\u00e3o, modifica\u00e7\u00e3o, agrega\u00e7\u00e3o, amplia\u00e7\u00e3o e supress\u00e3o de Setores de Conhecimento e Departamentos;<br \/>\nIII &#8211; aprovar e submeter \u00e0 delibera\u00e7\u00e3o do Conselho de Administra\u00e7\u00e3o, as propostas de cria\u00e7\u00e3o, organiza\u00e7\u00e3o, modifica\u00e7\u00e3o e extin\u00e7\u00e3o de cursos;<br \/>\nIV &#8211; propor, para a delibera\u00e7\u00e3o do Conselho de Administra\u00e7\u00e3o, o n\u00famero de vagas anuais para cada curso;<br \/>\nV &#8211; aprovar os curr\u00edculos plenos de forma\u00e7\u00e3o profissional e acad\u00eamica, fixando o elenco de disciplinas, obedecido o curr\u00edculo m\u00ednimo;<br \/>\nVI &#8211; homologar a constitui\u00e7\u00e3o dos colegiados destinados \u00e0 coordena\u00e7\u00e3o did\u00e1tica de cada curso;<br \/>\nVII &#8211; baixar normas sobre a forma de ingresso de candidatos aos cursos de gradua\u00e7\u00e3o e p\u00f3s-gradua\u00e7\u00e3o, respeitada a legisla\u00e7\u00e3o pertinente;<br \/>\nVIII &#8211; indicar e aprovar normas de avalia\u00e7\u00e3o de ensino e de promo\u00e7\u00e3o de alunos;<br \/>\nIX &#8211; conceituar e uniformizar os crit\u00e9rios referentes \u00e0s unidades de estudos;<br \/>\nX &#8211; regulamentar o aproveitamento de estudos relativos a disciplinas j\u00e1 cursadas;<br \/>\nXI &#8211; regulamentar a transfer\u00eancia de alunos;<br \/>\nXII &#8211; regulamentar os cursos de especializa\u00e7\u00e3o, aperfei\u00e7oamento e extens\u00e3o universit\u00e1ria;<br \/>\nXIII &#8211; deliberar anualmente sobre o Calend\u00e1rio Universit\u00e1rio, referente \u00e0s atividades acad\u00eamicas;<br \/>\nXIV &#8211; regulamentar a monitoria;<br \/>\nXV &#8211; aprovar normas gerais e as comiss\u00f5es julgadoras dos concursos para ingresso e promo\u00e7\u00e3o no magist\u00e9rio da Universidade;<br \/>\nXVI &#8211; fornecer subs\u00eddios para a fixa\u00e7\u00e3o do quadro docente da Universidade;<br \/>\nXVII &#8211; estabelecer crit\u00e9rios para apresenta\u00e7\u00e3o de memoriais descritivos necess\u00e1rios para promo\u00e7\u00e3o de classe ou ascens\u00e3o de n\u00edvel na classe para os docentes;<br \/>\nXVIII &#8211; manifestar-se sobre a contrata\u00e7\u00e3o de Professor visitante;<br \/>\nXIX &#8211; estabelecer normas para o afastamento de docentes em caso de<br \/>\naperfei\u00e7oamento em Institui\u00e7\u00f5es nacionais ou estrangeiras e colabora\u00e7\u00e3o tempor\u00e1ria em outras Institui\u00e7\u00f5es de Ensino Superior;<br \/>\nXX &#8211; propor, para a delibera\u00e7\u00e3o do Conselho de Administra\u00e7\u00e3o, a relota\u00e7\u00e3o de cargo ou fun\u00e7\u00e3o docente, ouvidas as partes interessadas;<br \/>\nXXI &#8211; deliberar sobre seu Regimento Interno;<br \/>\nXXII &#8211; propor altera\u00e7\u00f5es em seu Regimento Interno por delibera\u00e7\u00e3o de 2\/3 (dois ter\u00e7os) dos seus Conselheiros.<\/h4>\n","protected":false},"excerpt":{"rendered":"<p>CONSELHO ENSINO, PESQUISA E EXTENS\u00c3O\u00a0 \u00a0\u00a0\u00a0\u00a0\u00a0\u00a0\u00a0\u00a0\u00a0\u00a0 O Conselho de Ensino, Pesquisa e Extens\u00e3o, previsto no Estatuto da Universidade Estadual de Ponta Grossa, como \u00f3rg\u00e3o consultivo e deliberativo em mat\u00e9ria concernente, rege-se pelas disposi\u00e7\u00f5es do Regimento Interno aprovado pela Resolu\u00e7\u00e3o UNIV. n\u00ba 44 de 18 de dezembro de 2014, que no seu Art. 3\u00ba elenca as&nbsp;&hellip;<\/p>\n","protected":false},"author":378,"featured_media":0,"parent":0,"menu_order":0,"comment_status":"closed","ping_status":"closed","template":"","meta":[],"_links":{"self":[{"href":"https:\/\/www2.uepg.br\/segecon\/wp-json\/wp\/v2\/pages\/177"}],"collection":[{"href":"https:\/\/www2.uepg.br\/segecon\/wp-json\/wp\/v2\/pages"}],"about":[{"href":"https:\/\/www2.uepg.br\/segecon\/wp-json\/wp\/v2\/types\/page"}],"author":[{"embeddable":true,"href":"https:\/\/www2.uepg.br\/segecon\/wp-json\/wp\/v2\/users\/378"}],"replies":[{"embeddable":true,"href":"https:\/\/www2.uepg.br\/segecon\/wp-json\/wp\/v2\/comments?post=177"}],"version-history":[{"count":10,"href":"https:\/\/www2.uepg.br\/segecon\/wp-json\/wp\/v2\/pages\/177\/revisions"}],"predecessor-version":[{"id":672,"href":"https:\/\/www2.uepg.br\/segecon\/wp-json\/wp\/v2\/pages\/177\/revisions\/672"}],"wp:attachment":[{"href":"https:\/\/www2.uepg.br\/segecon\/wp-json\/wp\/v2\/media?parent=177"}],"curies":[{"name":"wp","href":"https:\/\/api.w.org\/{rel}","templated":true}]}}