{"id":126,"date":"2021-08-12T16:11:13","date_gmt":"2021-08-12T19:11:13","guid":{"rendered":"https:\/\/www2.uepg.br\/sexatas\/?page_id=126"},"modified":"2023-07-10T16:17:27","modified_gmt":"2023-07-10T19:17:27","slug":"cursos","status":"publish","type":"page","link":"https:\/\/www2.uepg.br\/sexatas\/cursos\/","title":{"rendered":"Cursos"},"content":{"rendered":"<p style=\"text-align: center\"><img loading=\"lazy\" class=\"wp-image-292 aligncenter\" src=\"https:\/\/www2.uepg.br\/sexatas\/wp-content\/uploads\/sites\/205\/2023\/05\/student-g1d01ac138_1280-300x200.jpg\" alt=\"\" width=\"372\" height=\"248\" srcset=\"https:\/\/www2.uepg.br\/sexatas\/wp-content\/uploads\/sites\/205\/2023\/05\/student-g1d01ac138_1280-300x200.jpg 300w, https:\/\/www2.uepg.br\/sexatas\/wp-content\/uploads\/sites\/205\/2023\/05\/student-g1d01ac138_1280-1024x682.jpg 1024w, https:\/\/www2.uepg.br\/sexatas\/wp-content\/uploads\/sites\/205\/2023\/05\/student-g1d01ac138_1280-768x512.jpg 768w, https:\/\/www2.uepg.br\/sexatas\/wp-content\/uploads\/sites\/205\/2023\/05\/student-g1d01ac138_1280-1232x821.jpg 1232w, https:\/\/www2.uepg.br\/sexatas\/wp-content\/uploads\/sites\/205\/2023\/05\/student-g1d01ac138_1280-272x182.jpg 272w, https:\/\/www2.uepg.br\/sexatas\/wp-content\/uploads\/sites\/205\/2023\/05\/student-g1d01ac138_1280.jpg 1280w\" sizes=\"(max-width: 372px) 100vw, 372px\" \/><\/p>\n<p style=\"text-align: center\">Os Cursos de Gradua\u00e7\u00e3o ofertados pelos departamentos do SEXATAS s\u00e3o presenciais e \u00e0 dist\u00e2ncia, tamb\u00e9m tendo Licenciaturas e Bacharelados, sendo eles:<\/p>\n<table style=\"height: 371px\" width=\"1452\">\n<tbody>\n<tr>\n<td width=\"142\"><strong><img loading=\"lazy\" class=\"alignnone wp-image-212 aligncenter\" src=\"https:\/\/www2.uepg.br\/sexatas\/wp-content\/uploads\/sites\/205\/2023\/04\/DEFIS.jpg\" alt=\"\" width=\"134\" height=\"116\" \/><\/strong><\/p>\n<p><strong style=\"text-align: center\">Departamento de F\u00edsica:<\/strong><\/p>\n<p><span style=\"text-align: center\">\u00a0<\/span><a style=\"text-align: center\" href=\"https:\/\/www.uepg.br\/bacharelado-em-fisica\/\">Bacharelado em F\u00edsica<\/a><span style=\"text-align: center\">\u00a0e<\/span><\/p>\n<p><span style=\"text-align: center\">\u00a0<\/span><a style=\"text-align: center\" href=\"https:\/\/www.uepg.br\/licenciatura-em-fisica\/\">Licenciatura em F\u00edsica<\/a><span style=\"text-align: center\">;<\/span><\/td>\n<td width=\"142\"><strong style=\"font-family: inherit;font-size: inherit;text-align: center\"><img loading=\"lazy\" class=\"wp-image-202 aligncenter\" src=\"https:\/\/www2.uepg.br\/sexatas\/wp-content\/uploads\/sites\/205\/2023\/04\/world-1348808_1280-300x300.png\" alt=\"\" width=\"134\" height=\"134\" srcset=\"https:\/\/www2.uepg.br\/sexatas\/wp-content\/uploads\/sites\/205\/2023\/04\/world-1348808_1280-300x300.png 300w, https:\/\/www2.uepg.br\/sexatas\/wp-content\/uploads\/sites\/205\/2023\/04\/world-1348808_1280-1024x1024.png 1024w, https:\/\/www2.uepg.br\/sexatas\/wp-content\/uploads\/sites\/205\/2023\/04\/world-1348808_1280-150x150.png 150w, https:\/\/www2.uepg.br\/sexatas\/wp-content\/uploads\/sites\/205\/2023\/04\/world-1348808_1280-768x768.png 768w, https:\/\/www2.uepg.br\/sexatas\/wp-content\/uploads\/sites\/205\/2023\/04\/world-1348808_1280-1232x1232.png 1232w, https:\/\/www2.uepg.br\/sexatas\/wp-content\/uploads\/sites\/205\/2023\/04\/world-1348808_1280-1080x1080.png 1080w, https:\/\/www2.uepg.br\/sexatas\/wp-content\/uploads\/sites\/205\/2023\/04\/world-1348808_1280.png 1280w\" sizes=\"(max-width: 134px) 100vw, 134px\" \/><\/strong><\/p>\n<p><strong style=\"text-align: center\">Departamento de Geoci\u00eancias:<\/strong><\/p>\n<p><span style=\"text-align: center\">\u00a0<\/span><a style=\"text-align: center\" href=\"https:\/\/www.uepg.br\/bacharelado-em-geografia\/\">Bacharelado em Geografia<\/a><span style=\"text-align: center\">,<\/span><\/p>\n<p><span style=\"text-align: center\">\u00a0<\/span><a style=\"text-align: center\" href=\"https:\/\/www.uepg.br\/licenciatura-em-geografia\/\">Licenciatura em Geografia<\/a><span style=\"text-align: center\">\u00a0e<\/span><\/p>\n<p><span style=\"text-align: center\">\u00a0<\/span><a style=\"text-align: center\" href=\"https:\/\/www2.uepg.br\/prograd\/wp-content\/uploads\/sites\/19\/2021\/06\/Geografia-EAD.pdf\">Licenciatura em Geografia EaD<\/a><span style=\"text-align: center\">;<\/span><\/td>\n<td width=\"142\">&nbsp;<\/p>\n<p><strong style=\"text-align: center\"><img loading=\"lazy\" class=\"wp-image-213 aligncenter\" src=\"https:\/\/www2.uepg.br\/sexatas\/wp-content\/uploads\/sites\/205\/2023\/04\/Logo2-300x111.png\" alt=\"\" width=\"189\" height=\"70\" srcset=\"https:\/\/www2.uepg.br\/sexatas\/wp-content\/uploads\/sites\/205\/2023\/04\/Logo2-300x111.png 300w, https:\/\/www2.uepg.br\/sexatas\/wp-content\/uploads\/sites\/205\/2023\/04\/Logo2.png 765w\" sizes=\"(max-width: 189px) 100vw, 189px\" \/><\/strong><\/p>\n<p><strong style=\"font-family: inherit;font-size: inherit;text-align: center\">Dep. de Matem\u00e1tica e Estat\u00edstica:<\/strong><\/p>\n<p><span style=\"font-family: inherit;font-size: inherit;text-align: center\">\u00a0<\/span><a style=\"font-family: inherit;font-size: inherit;text-align: center\" href=\"https:\/\/www.uepg.br\/bacharelado-em-matematica-aplicada\/\">Bacharelado em Matem\u00e1tica Aplicada<\/a><span style=\"font-family: inherit;font-size: inherit;text-align: center\">,<\/span><\/p>\n<p><span style=\"font-family: inherit;font-size: inherit;text-align: center\">\u00a0<\/span><a style=\"font-family: inherit;font-size: inherit;text-align: center\" href=\"https:\/\/www.uepg.br\/licenciatura-em-matematica\/\">Licenciatura em Matem\u00e1tica<\/a><span style=\"font-family: inherit;font-size: inherit;text-align: center\">\u00a0e<\/span><\/p>\n<p><span style=\"font-family: inherit;font-size: inherit;text-align: center\">\u00a0<\/span><a style=\"font-family: inherit;font-size: inherit;text-align: center\" href=\"https:\/\/www2.uepg.br\/prograd\/wp-content\/uploads\/sites\/19\/2021\/06\/Matriz-Matematica-EAD_Curr_1.pdf\">Licenciatura em Matem\u00e1tica EaD<\/a><span style=\"font-family: inherit;font-size: inherit;text-align: center\">;<\/span><\/td>\n<td width=\"142\">\n<p style=\"text-align: center\"><strong><img loading=\"lazy\" class=\"alignnone wp-image-299\" src=\"https:\/\/www2.uepg.br\/sexatas\/wp-content\/uploads\/sites\/205\/2023\/05\/periodic-table-g713fac69a_1280-300x169.jpg\" alt=\"\" width=\"195\" height=\"110\" srcset=\"https:\/\/www2.uepg.br\/sexatas\/wp-content\/uploads\/sites\/205\/2023\/05\/periodic-table-g713fac69a_1280-300x169.jpg 300w, https:\/\/www2.uepg.br\/sexatas\/wp-content\/uploads\/sites\/205\/2023\/05\/periodic-table-g713fac69a_1280-1024x576.jpg 1024w, https:\/\/www2.uepg.br\/sexatas\/wp-content\/uploads\/sites\/205\/2023\/05\/periodic-table-g713fac69a_1280-768x432.jpg 768w, https:\/\/www2.uepg.br\/sexatas\/wp-content\/uploads\/sites\/205\/2023\/05\/periodic-table-g713fac69a_1280-1232x693.jpg 1232w, https:\/\/www2.uepg.br\/sexatas\/wp-content\/uploads\/sites\/205\/2023\/05\/periodic-table-g713fac69a_1280.jpg 1280w\" sizes=\"(max-width: 195px) 100vw, 195px\" \/><\/strong><\/p>\n<p style=\"text-align: left\"><strong>Departamento de Qu\u00edmica:<\/strong><\/p>\n<p style=\"text-align: left\">\u00a0<a href=\"https:\/\/www.uepg.br\/bacharelado-em-quimica-tecnologica\/\">Bacharelado em Qu\u00edmica Tecnol\u00f3gica<\/a>,<\/p>\n<p style=\"text-align: left\"><a href=\"https:\/\/www.uepg.br\/licenciatura-em-quimica\/\">Licenciatura em Qu\u00edmica<\/a>.<\/p>\n<\/td>\n<\/tr>\n<\/tbody>\n<\/table>\n<p>&nbsp;<\/p>\n<p>&nbsp;<\/p>\n","protected":false},"excerpt":{"rendered":"<p>Os Cursos de Gradua\u00e7\u00e3o ofertados pelos departamentos do SEXATAS s\u00e3o presenciais e \u00e0 dist\u00e2ncia, tamb\u00e9m tendo Licenciaturas e Bacharelados, sendo eles: Departamento de F\u00edsica: \u00a0Bacharelado em F\u00edsica\u00a0e \u00a0Licenciatura em F\u00edsica; Departamento de Geoci\u00eancias: \u00a0Bacharelado em Geografia, \u00a0Licenciatura em Geografia\u00a0e \u00a0Licenciatura em Geografia EaD; &nbsp; Dep. de Matem\u00e1tica e Estat\u00edstica: \u00a0Bacharelado em Matem\u00e1tica Aplicada, \u00a0Licenciatura em&nbsp;&hellip;<\/p>\n","protected":false},"author":378,"featured_media":0,"parent":0,"menu_order":0,"comment_status":"closed","ping_status":"closed","template":"","meta":[],"_links":{"self":[{"href":"https:\/\/www2.uepg.br\/sexatas\/wp-json\/wp\/v2\/pages\/126"}],"collection":[{"href":"https:\/\/www2.uepg.br\/sexatas\/wp-json\/wp\/v2\/pages"}],"about":[{"href":"https:\/\/www2.uepg.br\/sexatas\/wp-json\/wp\/v2\/types\/page"}],"author":[{"embeddable":true,"href":"https:\/\/www2.uepg.br\/sexatas\/wp-json\/wp\/v2\/users\/378"}],"replies":[{"embeddable":true,"href":"https:\/\/www2.uepg.br\/sexatas\/wp-json\/wp\/v2\/comments?post=126"}],"version-history":[{"count":46,"href":"https:\/\/www2.uepg.br\/sexatas\/wp-json\/wp\/v2\/pages\/126\/revisions"}],"predecessor-version":[{"id":339,"href":"https:\/\/www2.uepg.br\/sexatas\/wp-json\/wp\/v2\/pages\/126\/revisions\/339"}],"wp:attachment":[{"href":"https:\/\/www2.uepg.br\/sexatas\/wp-json\/wp\/v2\/media?parent=126"}],"curies":[{"name":"wp","href":"https:\/\/api.w.org\/{rel}","templated":true}]}}