{"id":128,"date":"2021-08-12T16:12:23","date_gmt":"2021-08-12T19:12:23","guid":{"rendered":"https:\/\/www2.uepg.br\/sexatas\/?page_id=128"},"modified":"2023-07-10T16:35:53","modified_gmt":"2023-07-10T19:35:53","slug":"pos-graduacoes","status":"publish","type":"page","link":"https:\/\/www2.uepg.br\/sexatas\/pos-graduacoes\/","title":{"rendered":"P\u00f3s-gradua\u00e7\u00f5es"},"content":{"rendered":"<p>&nbsp;<\/p>\n<table style=\"height: 1391px\" width=\"1030\">\n<tbody>\n<tr>\n<td width=\"284\">\n<p style=\"text-align: left\">Os cursos de p\u00f3s-gradua\u00e7\u00e3o servem para aperfei\u00e7oar os profissionais em \u00e1reas mais espec\u00edficas de atua\u00e7\u00e3o, seja no meio acad\u00eamico ou no mercado de trabalho ent\u00e3o, p\u00f3s-gradua\u00e7\u00e3o \u00e9 uma forma\u00e7\u00e3o posterior \u00e0 obten\u00e7\u00e3o do diploma de bacharel, licenciado ou tecn\u00f3logo.<\/p>\n<p style=\"text-align: left\">Em geral, basta ter um diploma de gradua\u00e7\u00e3o para ingressar em qualquer programa de p\u00f3s-gradua\u00e7\u00e3o, desde que seja aceito pelo mesmo segundo seus crit\u00e9rios de sele\u00e7\u00e3o.<\/p>\n<p style=\"text-align: left\">O principal objetivo da p\u00f3s-gradua\u00e7\u00e3o \u00e9 proporcionar ao aluno maior profundidade de conhecimentos na sua \u00e1rea de forma\u00e7\u00e3o. Mas os motivos para isso s\u00e3o diversos, com o desenvolvimento pessoal de habilidades para manter seu espa\u00e7o no mercado de trabalho. Muitos profissionais buscam na p\u00f3s-gradua\u00e7\u00e3o compet\u00eancias que, na \u00e9poca da gradua\u00e7\u00e3o, n\u00e3o eram exigidas, mas hoje s\u00e3o.<\/p>\n<p style=\"text-align: left\">De origem latina, as palavras Lato Sensu e Stricto Sensu significam \u2018sentido amplo\u2019 e \u2018sentido restrito\u2019, respectivamente.<\/p>\n<p style=\"text-align: left\">Lato Sensu se refere ao conhecimento que pode ser imediatamente aplicado no dia a dia profissional. N\u00e3o tem por objetivo conhecer em detalhes as teorias por tr\u00e1s dos conhecimentos, pois o foco est\u00e1 nas t\u00e9cnicas, modelos e metodologias para serem compreendidas de forma aplicada.<\/p>\n<p style=\"text-align: left\">J\u00e1 as p\u00f3s-gradua\u00e7\u00f5es Stricto Sensu abordam os conhecimentos de forma mais explorat\u00f3ria com foco na sua contribui\u00e7\u00e3o cient\u00edfica e acad\u00eamica. A partir destes dois n\u00edveis, foram pensadas as p\u00f3s-gradua\u00e7\u00f5es e para quem se destinam.<\/p>\n<p style=\"text-align: left\">Mestrado e doutorado s\u00e3o duas op\u00e7\u00f5es de cursos Stricto Sensu. Estas p\u00f3s-gradua\u00e7\u00f5es s\u00e3o conhecidas por terem longa dura\u00e7\u00e3o, al\u00e9m de serem voltados para quem busca abordar o conhecimento de forma explorat\u00f3ria.<\/p>\n<p style=\"text-align: left\">Conhe\u00e7a nossos Programas de Mestrado e Doutorado.<\/p>\n<\/td>\n<td width=\"284\"><img loading=\"lazy\" class=\"alignnone wp-image-290 aligncenter\" style=\"font-family: inherit;font-size: inherit\" src=\"https:\/\/www2.uepg.br\/sexatas\/wp-content\/uploads\/sites\/205\/2023\/05\/a-book-ge05c57fd1_1280-300x112.jpg\" alt=\"\" width=\"640\" height=\"239\" srcset=\"https:\/\/www2.uepg.br\/sexatas\/wp-content\/uploads\/sites\/205\/2023\/05\/a-book-ge05c57fd1_1280-300x112.jpg 300w, https:\/\/www2.uepg.br\/sexatas\/wp-content\/uploads\/sites\/205\/2023\/05\/a-book-ge05c57fd1_1280-1024x382.jpg 1024w, https:\/\/www2.uepg.br\/sexatas\/wp-content\/uploads\/sites\/205\/2023\/05\/a-book-ge05c57fd1_1280-768x286.jpg 768w, https:\/\/www2.uepg.br\/sexatas\/wp-content\/uploads\/sites\/205\/2023\/05\/a-book-ge05c57fd1_1280-1232x459.jpg 1232w, https:\/\/www2.uepg.br\/sexatas\/wp-content\/uploads\/sites\/205\/2023\/05\/a-book-ge05c57fd1_1280.jpg 1280w\" sizes=\"(max-width: 640px) 100vw, 640px\" \/><\/p>\n<p style=\"text-align: center\">MESTRADOS<\/p>\n<p style=\"text-align: center\"><a href=\"https:\/\/www2.uepg.br\/profmat\/\">Mestrado Profissional em Matem\u00e1tica em Rede Nacional<\/a><\/p>\n<p style=\"text-align: center\"><a href=\"https:\/\/www2.uepg.br\/ppgfisica\/\">Programa de P\u00f3s-Gradua\u00e7\u00e3o em Ci\u00eancias\/F\u00edsica<\/a><\/p>\n<p style=\"text-align: center\"><a href=\"https:\/\/www2.uepg.br\/ppgecem\/\">Programa de P\u00f3s-Gradua\u00e7\u00e3o em Ensino de Ci\u00eancias e Educa\u00e7\u00e3o Matem\u00e1tica<\/a><\/p>\n<p style=\"text-align: center\"><a href=\"https:\/\/www2.uepg.br\/ppgef\/\">Programa de P\u00f3s-Gradua\u00e7\u00e3o em Ensino de F\u00edsica<\/a><\/p>\n<p style=\"text-align: center\"><a href=\"https:\/\/www2.uepg.br\/ppgg\/\">Programa de P\u00f3s-Gradua\u00e7\u00e3o em Geografia<\/a><\/p>\n<p style=\"text-align: center\"><a href=\"https:\/\/www2.uepg.br\/ppgquim\/\">Programa de P\u00f3s-Gradua\u00e7\u00e3o em Qu\u00edmica<\/a><\/p>\n<p style=\"text-align: center\">DOUTORADOS<\/p>\n<p style=\"text-align: center\"><a href=\"https:\/\/www2.uepg.br\/ppgq\/\">Programa Associado de P\u00f3s-Gradua\u00e7\u00e3o em Qu\u00edmica\u00a0<\/a><\/p>\n<p style=\"text-align: center\"><a href=\"https:\/\/www2.uepg.br\/ppgfisica\/\">Programa de P\u00f3s-Gradua\u00e7\u00e3o em Ci\u00eancias\/F\u00edsica<\/a><\/p>\n<p style=\"text-align: center\"><a href=\"https:\/\/www2.uepg.br\/ppgg\/\">Programa de P\u00f3s-Gradua\u00e7\u00e3o em Geografia<\/a><\/p>\n<p>&nbsp;<\/td>\n<\/tr>\n<\/tbody>\n<\/table>\n","protected":false},"excerpt":{"rendered":"<p>&nbsp; Os cursos de p\u00f3s-gradua\u00e7\u00e3o servem para aperfei\u00e7oar os profissionais em \u00e1reas mais espec\u00edficas de atua\u00e7\u00e3o, seja no meio acad\u00eamico ou no mercado de trabalho ent\u00e3o, p\u00f3s-gradua\u00e7\u00e3o \u00e9 uma forma\u00e7\u00e3o posterior \u00e0 obten\u00e7\u00e3o do diploma de bacharel, licenciado ou tecn\u00f3logo. Em geral, basta ter um diploma de gradua\u00e7\u00e3o para ingressar em qualquer programa de p\u00f3s-gradua\u00e7\u00e3o,&nbsp;&hellip;<\/p>\n","protected":false},"author":378,"featured_media":0,"parent":0,"menu_order":0,"comment_status":"closed","ping_status":"closed","template":"","meta":[],"_links":{"self":[{"href":"https:\/\/www2.uepg.br\/sexatas\/wp-json\/wp\/v2\/pages\/128"}],"collection":[{"href":"https:\/\/www2.uepg.br\/sexatas\/wp-json\/wp\/v2\/pages"}],"about":[{"href":"https:\/\/www2.uepg.br\/sexatas\/wp-json\/wp\/v2\/types\/page"}],"author":[{"embeddable":true,"href":"https:\/\/www2.uepg.br\/sexatas\/wp-json\/wp\/v2\/users\/378"}],"replies":[{"embeddable":true,"href":"https:\/\/www2.uepg.br\/sexatas\/wp-json\/wp\/v2\/comments?post=128"}],"version-history":[{"count":10,"href":"https:\/\/www2.uepg.br\/sexatas\/wp-json\/wp\/v2\/pages\/128\/revisions"}],"predecessor-version":[{"id":346,"href":"https:\/\/www2.uepg.br\/sexatas\/wp-json\/wp\/v2\/pages\/128\/revisions\/346"}],"wp:attachment":[{"href":"https:\/\/www2.uepg.br\/sexatas\/wp-json\/wp\/v2\/media?parent=128"}],"curies":[{"name":"wp","href":"https:\/\/api.w.org\/{rel}","templated":true}]}}