{"id":3012,"date":"2024-11-11T09:43:41","date_gmt":"2024-11-11T12:43:41","guid":{"rendered":"https:\/\/www2.uepg.br\/tecnologias-no-campo\/?page_id=3012"},"modified":"2026-04-15T11:13:17","modified_gmt":"2026-04-15T14:13:17","slug":"coordenacao","status":"publish","type":"page","link":"https:\/\/www2.uepg.br\/tecnologias-no-campo\/coordenacao\/","title":{"rendered":"Coordena\u00e7\u00e3o"},"content":{"rendered":"<div style=\"align-items: center;text-align: justify\">\n<p><!-- Informa\u00e7\u00f5es sobre a coordenadora e o texto principal --><\/p>\n<div>\n<p><!-- Espa\u00e7o para a foto da coordenadora --><\/p>\n<div style=\"width: 100px;height: 100px;border-radius: 50%;overflow: hidden;border: 2px solid #008000\"><img style=\"width: 100%;height: 100%;object-fit: cover\" src=\"https:\/\/www2.uepg.br\/tecnologias-no-campo\/wp-content\/uploads\/sites\/280\/2024\/11\/SALETE.jpg\" alt=\"Foto da Coordenadora\" \/><\/div>\n<p><!-- Informa\u00e7\u00f5es sobre a coordenadora e o texto principal --><\/p>\n<div>\n<div style=\"margin-bottom: 8px\"><span style=\"color: #008000\"><span style=\"font-weight: bold\">COORDENADORA:<\/span> Dr\u00aa. Maria Salete Marcon Gomes Vaz<\/span><br \/>\n<span style=\"color: #008000\"><span style=\"font-weight: bold\">CONTATO:<\/span> (42) 99915-5737<br \/>\n<span style=\"font-weight: bold\">EMAIL: <\/span>salete@uepg.br<br \/>\n<\/span><\/div>\n<div><\/div>\n<p style=\"color: #008000;text-align: justify\">Bacharel em Inform\u00e1tica pela Universidade Estadual de Ponta Grossa &#8211; UEPG (1988). Mestrado (1994) e Doutorado (2000) em Ci\u00eancias da Computa\u00e7\u00e3o pelo Centro de Inform\u00e1tica, Universidade Federal de Pernambuco &#8211; UFPE. Professora Associada da UEPG. Professora Permanente e Coordenadora do Programa de Mestrado em Computa\u00e7\u00e3o Aplicada da UEPG. Foi Pr\u00f3-Reitora de Extens\u00e3o e Assuntos Culturais. Foi Diretora do Setor de Engenharias, Ci\u00eancias Agr\u00e1rias e de Tecnologia, da UEPG. Avaliadora de Curso e Institucional, pelo Minist\u00e9rio da Educa\u00e7\u00e3o &#8211; MEC. Perita do Conselho Estadual de Educa\u00e7\u00e3o\/Secretaria de Estado da Ci\u00eancia, Tecnologia e Ensino Superior &#8211; CEE\/SETI, para avalia\u00e7\u00e3o de curso superior no Estado do Paran\u00e1. Perita para verifica\u00e7\u00e3o de Viola\u00e7\u00e3o de Direito Autoral de Propriedade Intelectual\/Industrial. Experi\u00eancia na \u00e1rea de Ci\u00eancia da Computa\u00e7\u00e3o, com \u00eanfase em Banco de Dados, atuando principalmente nos seguintes temas: banco de dados n\u00e3o convencionais, metadados, internet e sistema de informa\u00e7\u00e3o.<\/p>\n<\/div>\n<p>&nbsp;<\/p>\n<\/div>\n<\/div>\n","protected":false},"excerpt":{"rendered":"<p>COORDENADORA: Dr\u00aa. Maria Salete Marcon Gomes Vaz CONTATO: (42) 99915-5737 EMAIL: salete@uepg.br Bacharel em Inform\u00e1tica pela Universidade Estadual de Ponta Grossa &#8211; UEPG (1988). Mestrado (1994) e Doutorado (2000) em Ci\u00eancias da Computa\u00e7\u00e3o pelo Centro de Inform\u00e1tica, Universidade Federal de Pernambuco &#8211; UFPE. Professora Associada da UEPG. Professora Permanente e Coordenadora do Programa de Mestrado&nbsp;&hellip;<\/p>\n","protected":false},"author":661,"featured_media":0,"parent":0,"menu_order":0,"comment_status":"closed","ping_status":"closed","template":"","meta":[],"_links":{"self":[{"href":"https:\/\/www2.uepg.br\/tecnologias-no-campo\/wp-json\/wp\/v2\/pages\/3012"}],"collection":[{"href":"https:\/\/www2.uepg.br\/tecnologias-no-campo\/wp-json\/wp\/v2\/pages"}],"about":[{"href":"https:\/\/www2.uepg.br\/tecnologias-no-campo\/wp-json\/wp\/v2\/types\/page"}],"author":[{"embeddable":true,"href":"https:\/\/www2.uepg.br\/tecnologias-no-campo\/wp-json\/wp\/v2\/users\/661"}],"replies":[{"embeddable":true,"href":"https:\/\/www2.uepg.br\/tecnologias-no-campo\/wp-json\/wp\/v2\/comments?post=3012"}],"version-history":[{"count":22,"href":"https:\/\/www2.uepg.br\/tecnologias-no-campo\/wp-json\/wp\/v2\/pages\/3012\/revisions"}],"predecessor-version":[{"id":3135,"href":"https:\/\/www2.uepg.br\/tecnologias-no-campo\/wp-json\/wp\/v2\/pages\/3012\/revisions\/3135"}],"wp:attachment":[{"href":"https:\/\/www2.uepg.br\/tecnologias-no-campo\/wp-json\/wp\/v2\/media?parent=3012"}],"curies":[{"name":"wp","href":"https:\/\/api.w.org\/{rel}","templated":true}]}}

Coordenação

<div style="align-items: center;text-align: justify">
<p><!-- Informações sobre a coordenadora e o texto principal --></p>
<div>
<p><!-- Espaço para a foto da coordenadora --></p>
<div style="width: 100px;height: 100px;border-radius: 50%;overflow: hidden;border: 2px solid #008000"><img style="width: 100%;height: 100%;object-fit: cover" src="https://www2.uepg.br/tecnologias-no-campo/wp-content/uploads/sites/280/2024/11/SALETE.jpg" alt="Foto da Coordenadora" /></div>
<p><!-- Informações sobre a coordenadora e o texto principal --></p>
<div>
<div style="margin-bottom: 8px"><span style="color: #008000"><span style="font-weight: bold">COORDENADORA:</span> Drª. Maria Salete Marcon Gomes Vaz</span><br />
<span style="color: #008000"><span style="font-weight: bold">CONTATO:</span> (42) 99915-5737<br />
<span style="font-weight: bold">EMAIL: </span>salete@uepg.br<br />
</span></div>
<div></div>
<p style="color: #008000;text-align: justify">Bacharel em Informática pela Universidade Estadual de Ponta Grossa &#8211; UEPG (1988). Mestrado (1994) e Doutorado (2000) em Ciências da Computação pelo Centro de Informática, Universidade Federal de Pernambuco &#8211; UFPE. Professora Associada da UEPG. Professora Permanente e Coordenadora do Programa de Mestrado em Computação Aplicada da UEPG. Foi Pró-Reitora de Extensão e Assuntos Culturais. Foi Diretora do Setor de Engenharias, Ciências Agrárias e de Tecnologia, da UEPG. Avaliadora de Curso e Institucional, pelo Ministério da Educação &#8211; MEC. Perita do Conselho Estadual de Educação/Secretaria de Estado da Ciência, Tecnologia e Ensino Superior &#8211; CEE/SETI, para avaliação de curso superior no Estado do Paraná. Perita para verificação de Violação de Direito Autoral de Propriedade Intelectual/Industrial. Experiência na área de Ciência da Computação, com ênfase em Banco de Dados, atuando principalmente nos seguintes temas: banco de dados não convencionais, metadados, internet e sistema de informação.</p>
</div>
<p>&nbsp;</p>
</div>
</div>

<p>COORDENADORA: Drª. Maria Salete Marcon Gomes Vaz CONTATO: (42) 99915-5737 EMAIL: salete@uepg.br Bacharel em Informática pela Universidade Estadual de Ponta Grossa &#8211; UEPG (1988). Mestrado (1994) e Doutorado (2000) em Ciências da Computação pelo Centro de Informática, Universidade Federal de Pernambuco &#8211; UFPE. Professora Associada da UEPG. Professora Permanente e Coordenadora do Programa de Mestrado&nbsp;&hellip;</p>
