{"id":3014,"date":"2024-11-11T09:43:49","date_gmt":"2024-11-11T12:43:49","guid":{"rendered":"https:\/\/www2.uepg.br\/tecnologias-no-campo\/?page_id=3014"},"modified":"2026-04-15T11:52:20","modified_gmt":"2026-04-15T14:52:20","slug":"equipe","status":"publish","type":"page","link":"https:\/\/www2.uepg.br\/tecnologias-no-campo\/equipe\/","title":{"rendered":"Equipe"},"content":{"rendered":"<div style=\"justify-content: space-between;text-align: justify\">\n<h3><span style=\"color: #008000\">EQUIPE DO PROJETO &#8220;TECNOLOGIAS DIGITAIS PARA PLANEJAMENTO E SUSTENTABILIDADE DA AGRICULTURA FAMILIAR NOS CAMPOS GERAIS&#8221;<\/span><\/h3>\n<div style=\"flex: 1;min-width: 230px;margin: 10px;padding: 10px;text-align: justify\"><img style=\"width: 150px;height: 150px;object-fit: cover;border-radius: 50%\" src=\"https:\/\/www2.uepg.br\/tecnologias-no-campo\/wp-content\/uploads\/sites\/280\/2026\/04\/WhatsApp-Image-2026-04-15-at-11.34.08-1.jpeg\" alt=\"\" \/><br \/>\n<a href=\"https:\/\/buscatextual.cnpq.br\/buscatextual\/visualizacv.do?id=K1562573E3&amp;tokenCaptchar=0cAFcWeA6ESWJxett6I51e934huy17yaN841wqfd96HgjzZ0fbBoHOZ0leC3NUqqMyxQfRuvTVRseR2c5tW4nLrJRzPMClIYx4YVB11SKOVUd8vEcxoQAdo_G67THGWP5C22o5KwMgx9G27TKq6IgHinFOyHpsAGst4ATn93mfqMc3apEasCAoCo8KALhsfl3_ruz8d-y2BZxitDmq2IkuW8-UAUV_DL-jYuetwcKtjgTyQsdUx4dmYAE1ZRp0l401JleJrUTr0EXn2UTqHETMi20FmE4auDLpMLszASn-moP2yWhAVnN8--7zgSuLBBtd41VJxQxGYuOLGfliVpZy0rGnFq-C8xdtc4gkfbEfzP0_7Ef3ITurRCxSFQ16fp1762i85w1Q-V2KXY8kKAGq22DC942D4vaEEUu0S14e92jc4OLYJPzQH1vNV1bfzttAEi9KcCyCH3_lLxS5u8otNzu_xSo1ALOqwyo9YbIu0aOt1Bm0tQhfaIfy73V1bhKm8WycG2isxJ5l97AkWx9iuYrXtgZzGUtxPry71ocJMqaxiOzjwQcfCSR79fygg3F5Bj9wxbuaYQoiGSjG4Me0HftgGqxAHR8Imj9jjgsIIlVOYJ-BcTuJCwHpgAq6u0ZI6G449lIS9i9jVG4uOWuHCWUUYNiLNbV10AW4x-4jo1H6G4e1eylH5Z-EGSTKG0AmnztLfQQ9BgBWA5or6fs7dYafMWKTgbqSDJ8uM5P6npW7PwBcBiRGviZQYhYVY6qzQ8yYDPjIIFB4zBFPg4Fee0d_17e7u2zQs23-FBPTNmaju94C-6AMtBTcpDimv3JABsLX2lXazVLOctZjvlbFXnhg7_WKZjVQiOcfEVbmH4tjJSxeputJV5twFI2QZTKHGc-WwfALXGgjxtuirCOBTMEpWwmkQS8YhEg6n9T5YFvrvh5PKnAjSCUCgNX1BYAUKTfQr7PkGO0wVj8XUr41CMojV4RYACS0hErTLT7vQUtOhOfY2OUvoRo04o-UKGEkWDFtTfe8DfENOS44v_gpv1b7IEPkQVduQw1rav49KPEt41AOqzOJ5X0bEyfccvUQc4tGXhWrUqkwiCXn2XH8O6NwvC1wJbpNLx-MLxDP7bXX84myd7f0SekXVS0mcRiF85YTXiLT6LMZ7yRb0SyGNKamW3DDyPSHSnknaMQg_bI5L6hFy6OxSRmsQJzBCTGASpmEsnKrHkuM9MKSAjLJKmCPWXglIOJeTUpqNikQFzCqbmIExBbyhZ6VRrxWnaQuWDgu0eDrXxoNAiGmI1viUduANS2NgSHf70PsdZFJW7Rt0KIxkSzryFL8dDFTZ58JozGwP4F92tEKa6H8tXC5-kAMuFVuII3sU9IhJOKiZzt6neyZMPYGjeZPSZIRU2ffrv33jkZF6-S8eIqnMxqX5-Bof2nGelh_SFXROwqurpH4nUXVSKcHpelLMe3BWC_kWRsiLgnYaHN7qa3qXCTR9F7BIwNpGS7nfGKfMY04PqtKbjclD_NBX1IfgSzGmVq_ymx0zjel4qIoATmNLN5z8j6745RnklladQLJTFQf-wM5_RCXRpZSjf9niskobBaOKM1bGG19Zt1-NiguBXqoPEOygFG5zGg9TzIII38lzaqNDaqi5ps0VSGSLZksU-CLKU1GEv4MmkQxOkgJ-JpQhshet8yiXYVLR7DoRMHfTXqqYqegMi1JdicWsDFtsBaOsz4Tfa3zVJnGbn9EuJt25uLzl-EaNSnjir7IC2g6oNnb8GrOELtYHImEeyQZZlOGNpSs46-i7ZFcc-oymfuwPNLyIfPMTLHovL5VvYOCpirksj-vE-EocFKVYaqkvQDHUKpz60y2p5lBVQKKzORmI0583uzdtDcmr2HVHeoMfh_0g86sG1z_gQGa6Gm5H0okNgwI2mAeuOt-aV_js-1WXZDg2v8DggsdPCIJgg3p-CMhmr45gu-y_hFZb7d38eFZJxFtMtQy8WGgVWXR8Yt2thrHjm9moZpF6DS8AoVM78pIgXeUg0HUH4hBf80kazUHK2n84Tib7qcuPDwkGI3EDHIH-bPVCnAHMuCtKS7mnhfsJsm-HoRKcHrz3VIEmW7NJm6vE0zXQuC-pikAjF431WUoJxUe4FKhFfSUU8ciK8Xe84k8G6CQgCmGvjcxBYkh5HcbUfakWPpypPOKLoQkPXQj5Mk_xM1JW9CUQIChO28zJzEIYmnBMN5tSsEJH_3EPhLH5jhhUx1o-82D0gFPvN2N5ngfcCc-5l2g1mGAcV4D4SAgTT-EmwXy54-X5LpoMBzosTjlV7Mz7CPlF9og_3Sp5MB9tcfH-ltGFH3KHQCZeVYGRyOAEAU\"><span style=\"color: #008000\"><b>Maguiane Gloden Lopes<\/b><\/span><\/a><\/p>\n<div><strong><em><span style=\"color: #008000\">Acad\u00eamica de Engenharia de Computa\u00e7\u00e3o<\/span><\/em><\/strong><\/div>\n<div><\/div>\n<div><span style=\"color: #008000\">Maguiane Gloden Lopes possui trajet\u00f3ria acad\u00eamica com v\u00ednculo \u00e0 Universidade Estadual de Ponta Grossa e participa\u00e7\u00e3o em atividades de ensino, pesquisa e extens\u00e3o. Destaca-se sua atua\u00e7\u00e3o no Projeto PROENZEM &#8211; Programa de Intera\u00e7\u00e3o das Engenharias e Zootecnia com o Ensino M\u00e9dio, contribuindo para a\u00e7\u00f5es de divulga\u00e7\u00e3o cient\u00edfica e incentivo \u00e0 forma\u00e7\u00e3o acad\u00eamica. Sua experi\u00eancia inclui envolvimento em atividades orientadas por docentes, evidenciando interesse no desenvolvimento educacional e na continuidade dos estudos em \u00e1reas t\u00e9cnico-cient\u00edficas. Al\u00e9m disso, apresenta produ\u00e7\u00e3o bibliogr\u00e1fica vinculada a trabalhos acad\u00eamicos e participa\u00e7\u00e3o em eventos cient\u00edficos, refletindo seu engajamento inicial com a pesquisa e a dissemina\u00e7\u00e3o do conhecimento. Tamb\u00e9m, participou do Projeto &#8220;Tecnologias no Campo e Capacita\u00e7\u00e3o de Pequenos e M\u00e9dios Produtores Rurais&#8221; na Cidade de Guamiranga, no Estado do Paran\u00e1.\u00a0<\/span><\/div>\n<\/div>\n<div style=\"flex: 1;min-width: 230px;margin: 10px;padding: 10px;text-align: justify\"><img style=\"width: 150px;height: 150px;object-fit: cover;border-radius: 50%\" src=\"https:\/\/www2.uepg.br\/tecnologias-no-campo\/wp-content\/uploads\/sites\/280\/2026\/04\/WhatsApp-Image-2026-04-15-at-11.45.07.jpeg\" alt=\"\" \/><br \/>\n<a href=\"https:\/\/buscatextual.cnpq.br\/buscatextual\/visualizacv.do?id=K9648297H6&amp;tokenCaptchar=0cAFcWeA5yBM_z7FtEvcE_i696QvD-NdzImht_Nkx2nI5mhWCOIqHiuGV19AV7ZEnf42stne2w7NSlbblLN4rnkutxPAgmW0Ct2k_lta7NJ0fcgv08kxeJvHbXupr0jEhf8KvgqORJ8_oSRAuwovLygcdClOJqtsW5ak3LmvxhDyzNyyfZ80m3CqQo7i28Qdofc_3eZ7mtv5eN7oukqlIOM_kISP61ac5IM-ZF96pPWIJW31rCZMoHY0UoC9vAeWR-K2CBMHhqBhzDQYVQceIzdqIm7PgkkYw85_Jlfhc7HrQAezMrpkOqMdtKiOrdqVbfBNz7Mase8b7W3Qc4szuqVUHitL2gBP1Q788RqKoN-GbVwsOjsFsNFilLNAus72pMOAxg8QFvzHaosGyY5XeEcYMEv948r4bfv7Bk8XFxsc6l14q018KNlduR-zEw2ID1lqv_LWUjAluktd3pVC6jKQYn9ok3dza7KJx32dCK1FuT0bBqd5QepUUA-a4B6ROZoDUolgueN97xDMCuIx_fRbsYYxXtyCL7PjqK3m6LcFMLxPOkG8QAAOVm8jbTaPNJCi18Q3Bq2j2q0JRgsPf8EROrhao6fhSOkAsWZQ4VZ5XddnTQyLzqC_Xnrfl9W5NRQxcvDNB2fZ6u_zHkHW7ZH9p4XshLitNega3l3NLYt8U7YfbmNrJsiqM82TrzVt_SgRQUUPnSgpwzhJSUUI7kkvgk7sTMyK4tRS4GOPXHCXzKR0z17GUJlYnwSkVu0Q_DlKOZHpWYuP5vKpGDGdxDvS-_zRSQJHdkE8ocNuckdv78vdF-qVyU-0bDvShLdxB6lEjMd4huebNef5aAiQNRjfzYUgpVskNMOqoTrLxIXSg3ESuVvOg4mkHZfa31bj012ujemVohOSOMRxtbUEF99bEDavLp0zNNfj9vVjLrS3VAfnPreyudCBTohRrZ-UZKRZZbbdZjA8LMhEpERkL8ZjBwjNf0J66jo3fb7i7RpLdJwt2M_dWuGFWLwNauQkqzwHe1_SgGPd3C55J1SiXyexDVgLmFx3a8PqgBajQb8tCO1TMLKKwVX3DBdI3CD-6WPbsAeW_shX85XQ8-c1xpbdxp0bnhK7u2iucVvi-dd7gq-lm5NaglpAr4XdUqX_OG6lSFf_vdncKLU1HXNdJak-Gsu4ZrzTzWOKuEAESaGuWebEdzGMshYyvG07YKgQaQXvyQVqJ2dF8rS32merKmLcb_YfT5AHqwSGachNs3fHrV07uigB3p3_u-9rI_1aIcZ8hcfGeSzWYqP4nzmLViNA9eA4frvSwcBWp87ge1wJNkADY1Dud1MtYOnJK95xafuxiZZEh6CKQ3J-eF64gC4O9Ix4G1LdwCplhKOK9nBdMt9LRNV375VOUhzEvhSHspXs6KXs-_dT8811umjqnMqQ8kkzYvu37XfLqeLX2_zjs9qgtnplrSYKdz39Owo-U2vA7KKfke9GAuAFude9muklT19pDnaKjJw7mpNkrYXr1R2Z5-jiXfyD51ry6ik0v4QffSfncXqi9KPapSS93gI2Nh80SVB9ht11sb20C_xIF4txRpcwNrWbx1UA8upMzmXct-_5J4kEvtXTEKJp2-qu8Vnsxv2FWHrWeRnDuNtDCtxM0nPH3xQNvV4GUkHkqTURIAmtElWIHcxFu1-46xA8SA7OxcRCmuo6sY8XIycS73Dnppi9YP6KzETsppJRadJi2QjuEjppF67cCMa92Xd8a74KL0lfVddID6Jmfywm_-wPVGpFaQ-gkE_H--U42YGfNIgf8_EIZftSkSxayrtEtR0gMIMJ_TTCmt60WadOiOB07AbIZrviKjjzWS-lwDUNfXf0AZEHKt4KMqJv2epBKuy3AQsGhkTePEAALr25zIXvMk7kfBzkVLwG2Sod0DonWm6GCL5zTq9hvpgPOMgAqLwmYwJzCtdnqGWyaBphRRGSghr8NjmcdehhvKCByWBuCFJ5j5nc_WQtRvydtzNFUjoqcxYilDbHvZGAO-v8nLgYl6z8_FLqhOMZJFUbZSJjXJJ1rtR-UAF61RCSSGPRyPSYPqNs3kWbAETHAFHem86ku2o2__jYseZJhR4G3Wb_uOnIYp8lphShA0IkhHeQIwnFPQQp4IS-1gRPEy_tkEeHFwufAYzx2czNIulW8hcDhSocsPUetodKUjE1RqknRv_iCFNxGckxtpGU5LTXCFBUB-5BUd3kOTECIMnGH-i6bQ2gkcPL-j6Oeo7ZOfsOurQPSnpJtNRRy9YkiSPevMggRU64OR-ywQtcjlFymhLlVbO_YpExH2o3p5bG62DhDOrOGjMLW2zDzZMfAzGfEgg028u7rcUcg41fWoWGxlc3RrHJjbrgdm\"><span style=\"color: #008000\"><b>Gustavo Zwar Farago<\/b><\/span><\/a><\/p>\n<div><strong><em><span style=\"color: #008000\">Acad\u00eamico de Engenharia de Computa\u00e7\u00e3o<\/span><\/em><\/strong><\/div>\n<div><\/div>\n<div><span style=\"color: #008000\">Gustavo Zwar Farago possui v\u00ednculo \u00e0 Universidade Estadual de Ponta Grossa e participa\u00e7\u00e3o em atividades de ensino, pesquisa e extens\u00e3o. Atuou no Projeto PROENZEM &#8211; Programa de Intera\u00e7\u00e3o das Engenharias e Zootecnia com o Ensino M\u00e9dio, contribuindo para a\u00e7\u00f5es de divulga\u00e7\u00e3o cient\u00edfica e incentivo \u00e0 forma\u00e7\u00e3o acad\u00eamica. Sua experi\u00eancia inclui envolvimento em atividades orientadas por docentes, evidenciando interesse em atividades extensionistas. Al\u00e9m disso, participou em eventos cient\u00edficos, refletindo seu engajamento com a pesquisa e a dissemina\u00e7\u00e3o do conhecimento. Tamb\u00e9m, participou do Projeto &#8220;Tecnologias no Campo e Capacita\u00e7\u00e3o de Pequenos e M\u00e9dios Produtores Rurais&#8221; na Cidade de Guamiranga, no Estado do Paran\u00e1.\u00a0<\/span><\/div>\n<div><\/div>\n<\/div>\n<h3><span style=\"color: #008000\">EQUIPE DO PROJETO &#8220;TECNOLOGIAS NO CAMPO E CAPACITA\u00c7\u00c3O DE PEQUENOS E M\u00c9DIOS PRODUTORES RURAIS &#8220;<\/span><\/h3>\n<div style=\"flex: 1;min-width: 230px;margin: 10px;padding: 10px;text-align: justify\"><img style=\"width: 150px;height: 150px;object-fit: cover;border-radius: 50%\" src=\"https:\/\/www2.uepg.br\/tecnologias-no-campo\/wp-content\/uploads\/sites\/280\/2025\/01\/emili.jpg\" alt=\"\" \/><br \/>\n<strong><span style=\"color: #008000\"><a style=\"color: #008000\" href=\"http:\/\/lattes.cnpq.br\/9358129710040186\">Emili Everz Golombi\u00e9ski<\/a><\/span><\/strong><\/p>\n<div><strong><em><span style=\"color: #008000\">Engenheira de Computa\u00e7\u00e3o\u00a0 <\/span><span style=\"color: #008000\">Rec\u00e9m-Formada<\/span><\/em><\/strong><\/div>\n<div><\/div>\n<div><span style=\"color: #008000\">Emili Everz Golombi\u00e9ski \u00e9 Engenheira de Computa\u00e7\u00e3o e Mestre em Computa\u00e7\u00e3o Aplicada, com foco em tecnologia para o agroneg\u00f3cio. Sua forma\u00e7\u00e3o com \u00eanfase em gest\u00e3o de dados clim\u00e1ticos e tecnologia para o agroneg\u00f3cio, demonstra um s\u00f3lido conhecimento t\u00e9cnico e acad\u00eamico na \u00e1rea. Suas principais \u00e1reas de atua\u00e7\u00e3o incluem banco de dados, metodologias e t\u00e9cnicas de computa\u00e7\u00e3o e energia limpa, com uma abordagem interdisciplinar focada em solu\u00e7\u00f5es para produ\u00e7\u00e3o de alimentos para toda a popula\u00e7\u00e3o. Com experi\u00eancia em pesquisa e projetos focados em tecnologia agr\u00edcola, Emili desenvolveu compet\u00eancias em geoprocessamento, intelig\u00eancia artificial, aprendizado de m\u00e1quina e an\u00e1lise de dados. Esses conhecimentos s\u00e3o \u00fateis para implementar solu\u00e7\u00f5es tecnol\u00f3gicas no campo e promover a capacita\u00e7\u00e3o de produtores. Al\u00e9m disso, suas atividades em classifica\u00e7\u00e3o de produtos vegetais, como soja e milho, e o desenvolvimento de sensores para classifica\u00e7\u00e3o de gr\u00e3os indicam um entendimento pr\u00e1tico das necessidades e regulamenta\u00e7\u00f5es do setor agr\u00edcola, aspectos essenciais para auxiliar pequenos e m\u00e9dios produtores no cumprimento das normas de qualidade. <\/span><span style=\"color: #008000\">A participa\u00e7\u00e3o de Emili em eventos t\u00e9cnicos e sua atua\u00e7\u00e3o em gest\u00e3o de projetos em agroneg\u00f3cio, aliadas ao seu engajamento em iniciativas de extens\u00e3o voltadas para a educa\u00e7\u00e3o e inclus\u00e3o social, refor\u00e7am sua capacidade de conduzir o projeto com uma abordagem pr\u00e1tica e orientada para resultados. Sua experi\u00eancia e forma\u00e7\u00e3o s\u00e3o perfeitamente alinhadas com os objetivos do projeto de promover a ado\u00e7\u00e3o de pr\u00e1ticas tecnol\u00f3gicas e a capacita\u00e7\u00e3o cont\u00ednua, visando melhorar a competitividade e a sustentabilidade dos pequenos e m\u00e9dios produtores rurais.Emili conquistou diversas premia\u00e7\u00f5es no CONAITEC e no Workshop de Computa\u00e7\u00e3o Aplicada no Agroneg\u00f3cio, destacando-se em temas de integra\u00e7\u00e3o de dados clim\u00e1ticos e intelig\u00eancia artificial para a agricultura. Sua produ\u00e7\u00e3o acad\u00eamica inclui artigos em peri\u00f3dicos, cap\u00edtulos de livros e trabalhos em congressos. Entre as publica\u00e7\u00f5es mais recentes est\u00e3o artigos sobre data mart para decis\u00f5es de financiamento, rastreabilidade agr\u00edcola via RFID, e uso de aprendizado de m\u00e1quina para gest\u00e3o de dados agr\u00edcolas.<\/span><\/div>\n<\/div>\n<div style=\"flex: 1;min-width: 230px;margin: 10px;padding: 10px;text-align: justify\"><img style=\"width: 150px;height: 150px;object-fit: cover;border-radius: 50%\" src=\"https:\/\/www2.uepg.br\/tecnologias-no-campo\/wp-content\/uploads\/sites\/280\/2024\/11\/guilherme.jpg\" alt=\"\" \/><br \/>\n<strong><span style=\"color: #008000\"><a style=\"color: #008000\" href=\"http:\/\/lattes.cnpq.br\/6224227868513927\">Guilherme Daneliv<\/a><\/span><\/strong><\/p>\n<div><strong><em><span style=\"color: #008000\">Acad\u00eamico de Engenharia de Software<\/span><\/em><\/strong><\/div>\n<div><\/div>\n<div><span style=\"color: #008000\">Guilherme Daneliv \u00e9 aluno do segundo ano de Engenharia de Software na UEPG. Ele integra o projeto de Inicia\u00e7\u00e3o em Desenvolvimento Tecnol\u00f3gico e Inova\u00e7\u00e3o, focado na \u00e1rea de Ci\u00eancias Humanas, intitulado: &#8220;Direitos Humanos, Desenvolvimento Sustent\u00e1vel e Cultura de Paz: an\u00e1lise de documentos de Organismos Internacionais \u00e0 luz das Ci\u00eancias Sociais.&#8221; Esse projeto busca analisar documentos internacionais para promover uma compreens\u00e3o cr\u00edtica de temas como cultura de paz e desenvolvimento sustent\u00e1vel, dentro do contexto social. Natural de Irati, uma cidade do interior do Paran\u00e1, traz ao projeto uma forma\u00e7\u00e3o t\u00e9cnica em Engenharia de Software e uma experi\u00eancia pessoal que o conecta profundamente com o universo rural, Guilherme alia o conhecimento acad\u00eamico com a viv\u00eancia pr\u00e1tica, compreendendo as necessidades e desafios enfrentados pelos produtores rurais. Com familiaridade com linguagens de programa\u00e7\u00e3o como C, C#, JavaScript e Python, ele est\u00e1 bem preparado para desenvolver solu\u00e7\u00f5es tecnol\u00f3gicas aplic\u00e1veis ao agroneg\u00f3cio, um diferencial importante para criar ferramentas acess\u00edveis e eficientes para produtores de pequeno e m\u00e9dio porte. Al\u00e9m disso, seu envolvimento em um projeto de Inicia\u00e7\u00e3o em Desenvolvimento Tecnol\u00f3gico e Inova\u00e7\u00e3o focado em direitos humanos e sustentabilidade reflete seu comprometimento com temas sociais, essenciais para promover o desenvolvimento sustent\u00e1vel e a cultura de paz.\u00a0 <\/span><span style=\"color: #008000\">A experi\u00eancia de Guilherme em eventos acad\u00eamicos, como as Olimp\u00edadas Brasileiras de Matem\u00e1tica (OBMEP), evidencia sua dedica\u00e7\u00e3o e habilidade em resolver problemas complexos, caracter\u00edsticas que agregam valor ao projeto. Com um olhar pr\u00e1tico e emp\u00e1tico sobre a vida no campo, Guilherme contribui para que o projeto ofere\u00e7a solu\u00e7\u00f5es realmente adequadas ao dia a dia dos produtores rurais, promovendo a capacita\u00e7\u00e3o e inova\u00e7\u00e3o para que possam competir de forma mais eficaz no mercado e alcan\u00e7ar melhores resultados.\u00a0<\/span><\/div>\n<\/div>\n<div style=\"flex: 1;min-width: 230px;margin: 10px;padding: 10px;text-align: justify\"><img style=\"width: 150px;height: 150px;object-fit: cover;border-radius: 50%\" src=\"https:\/\/www2.uepg.br\/tecnologias-no-campo\/wp-content\/uploads\/sites\/280\/2024\/11\/marcelle.jpg\" alt=\"\" \/><br \/>\n<strong><span style=\"color: #008000\"><a style=\"color: #008000\" href=\"http:\/\/lattes.cnpq.br\/4484996747507161\">Marcelle Fatel Muraki<\/a><\/span><\/strong><\/p>\n<div><strong><em><span style=\"color: #008000\">Acad\u00eamica de Engenharia de Computa\u00e7\u00e3o<\/span><\/em><\/strong><\/div>\n<div><\/div>\n<div><span style=\"color: #008000\">Marcelle Fatel Muraki, \u00e9 aluna do terceiro ano de Engenharia de Computa\u00e7\u00e3o na UEPG, \u00e9 uma aluna extremamente dedicada e engajada nas atividades acad\u00eamicas e de pesquisa, refletindo sua forte determina\u00e7\u00e3o em contribuir com o desenvolvimento tecnol\u00f3gico aplicado ao agroneg\u00f3cio. <\/span><span style=\"color: #008000\">Ela participa ativamente do projeto de Inicia\u00e7\u00e3o Cient\u00edfica &#8220;Integra\u00e7\u00e3o de T\u00e9cnicas de Intelig\u00eancia Artificial na Gest\u00e3o de Dados Agr\u00edcolas&#8221;, onde sua atua\u00e7\u00e3o \u00e9 fundamental para o desenvolvimento de um ambiente de gest\u00e3o de dados mais eficiente para agricultores e pesquisadores. Esse projeto visa solucionar a complexidade e diversidade dos dados agr\u00edcolas por meio de tecnologias de intelig\u00eancia artificial, permitindo maior rastreabilidade e competitividade no setor agr\u00edcola, especialmente para cooperativas que buscam aumentar sua sustentabilidade. Al\u00e9m de sua dedica\u00e7\u00e3o acad\u00eamica, Marcelle possui habilidades lingu\u00edsticas em portugu\u00eas, ingl\u00eas e no\u00e7\u00f5es de franc\u00eas, o que amplia sua capacidade de pesquisa e comunica\u00e7\u00e3o no meio cient\u00edfico. <\/span><span style=\"color: #008000\">Ela j\u00e1 publicou trabalhos em eventos importantes, como o I Workshop de Computa\u00e7\u00e3o Aplicada no Agroneg\u00f3cio e o CONAITEC 2024, onde apresentou estudos sobre os benef\u00edcios da intelig\u00eancia artificial e das pr\u00e1ticas ESG no agroneg\u00f3cio, refor\u00e7ando seu comprometimento em aplicar tecnologia para impactos positivos na sociedade. <\/span><span style=\"color: #008000\">Com um perfil t\u00e9cnico e multidisciplinar, Marcelle se destaca no projeto &#8220;Tecnologias no Campo e Capacita\u00e7\u00e3o de Pequenos e M\u00e9dios Produtores Rurais&#8221; n\u00e3o apenas por seu conhecimento acad\u00eamico, mas por seu compromisso com a inova\u00e7\u00e3o e por compreender a import\u00e2ncia de tecnologias acess\u00edveis para o setor agr\u00edcola. Sua experi\u00eancia, aliada \u00e0 dedica\u00e7\u00e3o e ao desejo de aprimorar as pr\u00e1ticas do agroneg\u00f3cio, torna-a uma integrante valiosa para o sucesso do projeto e para o desenvolvimento do setor rural.<\/span><\/div>\n<\/div>\n<div style=\"flex: 1;min-width: 230px;margin: 10px;padding: 10px;text-align: justify\"><img style=\"width: 150px;height: 150px;object-fit: cover;border-radius: 50%\" src=\"https:\/\/www2.uepg.br\/tecnologias-no-campo\/wp-content\/uploads\/sites\/280\/2024\/11\/sarah.jpg\" alt=\"\" \/><br \/>\n<strong><span style=\"color: #008000\"><a style=\"color: #008000\" href=\"http:\/\/lattes.cnpq.br\/6923474134231168\">Sarah Let\u00edcia Moreira Gabriel<\/a><\/span><\/strong><\/p>\n<div><strong><em><span style=\"color: #008000\">Acad\u00eamica de Engenharia de Software<\/span><\/em><\/strong><\/div>\n<div><\/div>\n<div><span style=\"color: #008000\">Sarah Let\u00edcia Moreira Gabriel \u00e9 aluna do segundo ano de Engenharia de Software, na UEPG. Sua forma\u00e7\u00e3o acad\u00eamica, aliada \u00e0 experi\u00eancia de lideran\u00e7a como representante de turma no ensino m\u00e9dio, a posiciona como uma profissional comprometida com a inova\u00e7\u00e3o e o desenvolvimento da tecnologia aplicada ao agroneg\u00f3cio. Sarah \u00e9 uma entusiasta da busca cont\u00ednua por aprendizado e novos desafios, caracter\u00edsticas que s\u00e3o fundamentais para seu papel no projeto, onde busca fomentar a ado\u00e7\u00e3o de pr\u00e1ticas tecnol\u00f3gicas avan\u00e7adas na agricultura. Seu envolvimento com o projeto reflete seu desejo de contribuir para o avan\u00e7o da ci\u00eancia e a melhoria da qualidade de vida nas comunidades rurais.Ao integrar a equipe deste projeto, ela tem como objetivo elevar a produtividade dos pequenos e m\u00e9dios produtores, promover pr\u00e1ticas agr\u00edcolas sustent\u00e1veis e melhorar a competitividade desses produtores no mercado.Sua participa\u00e7\u00e3o no projeto \u00e9 importante, pois al\u00e9m de coordenar, Sarah tamb\u00e9m contribui com suas habilidades em desenvolvimento de software para a cria\u00e7\u00e3o de solu\u00e7\u00f5es que atendam \u00e0s necessidades espec\u00edficas do setor agr\u00edcola.Seu compromisso\u00a0 e lidera\u00e7a em melhorar a produtividade e a sustentabilidade do agroneg\u00f3cio brasileiro demonstra seu papel essencial em um projeto com impactos\u00a0 para a agricultura e as comunidades rurais.<\/span><\/div>\n<\/div>\n<\/div>\n","protected":false},"excerpt":{"rendered":"<p>EQUIPE DO PROJETO &#8220;TECNOLOGIAS DIGITAIS PARA PLANEJAMENTO E SUSTENTABILIDADE DA AGRICULTURA FAMILIAR NOS CAMPOS GERAIS&#8221; Maguiane Gloden Lopes Acad\u00eamica de Engenharia de Computa\u00e7\u00e3o Maguiane Gloden Lopes possui trajet\u00f3ria acad\u00eamica com v\u00ednculo \u00e0 Universidade Estadual de Ponta Grossa e participa\u00e7\u00e3o em atividades de ensino, pesquisa e extens\u00e3o. Destaca-se sua atua\u00e7\u00e3o no Projeto PROENZEM &#8211; Programa de&nbsp;&hellip;<\/p>\n","protected":false},"author":661,"featured_media":0,"parent":0,"menu_order":0,"comment_status":"closed","ping_status":"closed","template":"","meta":[],"_links":{"self":[{"href":"https:\/\/www2.uepg.br\/tecnologias-no-campo\/wp-json\/wp\/v2\/pages\/3014"}],"collection":[{"href":"https:\/\/www2.uepg.br\/tecnologias-no-campo\/wp-json\/wp\/v2\/pages"}],"about":[{"href":"https:\/\/www2.uepg.br\/tecnologias-no-campo\/wp-json\/wp\/v2\/types\/page"}],"author":[{"embeddable":true,"href":"https:\/\/www2.uepg.br\/tecnologias-no-campo\/wp-json\/wp\/v2\/users\/661"}],"replies":[{"embeddable":true,"href":"https:\/\/www2.uepg.br\/tecnologias-no-campo\/wp-json\/wp\/v2\/comments?post=3014"}],"version-history":[{"count":31,"href":"https:\/\/www2.uepg.br\/tecnologias-no-campo\/wp-json\/wp\/v2\/pages\/3014\/revisions"}],"predecessor-version":[{"id":3155,"href":"https:\/\/www2.uepg.br\/tecnologias-no-campo\/wp-json\/wp\/v2\/pages\/3014\/revisions\/3155"}],"wp:attachment":[{"href":"https:\/\/www2.uepg.br\/tecnologias-no-campo\/wp-json\/wp\/v2\/media?parent=3014"}],"curies":[{"name":"wp","href":"https:\/\/api.w.org\/{rel}","templated":true}]}}