{"id":488,"date":"2022-06-27T15:24:22","date_gmt":"2022-06-27T18:24:22","guid":{"rendered":"https:\/\/www2.uepg.br\/transparencia\/?page_id=488"},"modified":"2022-06-27T15:48:28","modified_gmt":"2022-06-27T18:48:28","slug":"documentosuteis","status":"publish","type":"page","link":"https:\/\/www2.uepg.br\/transparencia\/documentosuteis\/","title":{"rendered":"Documentos \u00dateis"},"content":{"rendered":"<p><strong>Documentos \u00fateis<\/strong><\/p>\n<p>&nbsp;<\/p>\n<ul>\n<li><a href=\"https:\/\/repositorio.cgu.gov.br\/bitstream\/1\/46777\/12\/Manual_PAD_setembro_2020.pdf\">Manual do Processo Administrativo Disciplinar<\/a>\n<ul>\n<li>Publica\u00e7\u00e3o da Corregedoria-Geral da Uni\u00e3o &#8211; CGU<\/li>\n<\/ul>\n<\/li>\n<li><a href=\"https:\/\/drive.google.com\/file\/d\/1U0In0U4x9X57aJPHKTVIezpW0-0a02hP\/view?usp=sharing\">Orienta\u00e7\u00f5es quanto aos Atestados M\u00e9dicos (UEPG)<\/a><\/li>\n<li><a href=\"https:\/\/www2.uepg.br\/retornopresencial\/\">Estou com COVID, o que fa\u00e7o? (Ficha de Autonotifica\u00e7\u00e3o, Protocolo de Bioseguran\u00e7a)<\/a><\/li>\n<\/ul>\n","protected":false},"excerpt":{"rendered":"<p>Documentos \u00fateis &nbsp; Manual do Processo Administrativo Disciplinar Publica\u00e7\u00e3o da Corregedoria-Geral da Uni\u00e3o &#8211; CGU Orienta\u00e7\u00f5es quanto aos Atestados M\u00e9dicos (UEPG) Estou com COVID, o que fa\u00e7o? (Ficha de Autonotifica\u00e7\u00e3o, Protocolo de Bioseguran\u00e7a)<\/p>\n","protected":false},"author":247,"featured_media":0,"parent":0,"menu_order":0,"comment_status":"closed","ping_status":"closed","template":"","meta":[],"_links":{"self":[{"href":"https:\/\/www2.uepg.br\/transparencia\/wp-json\/wp\/v2\/pages\/488"}],"collection":[{"href":"https:\/\/www2.uepg.br\/transparencia\/wp-json\/wp\/v2\/pages"}],"about":[{"href":"https:\/\/www2.uepg.br\/transparencia\/wp-json\/wp\/v2\/types\/page"}],"author":[{"embeddable":true,"href":"https:\/\/www2.uepg.br\/transparencia\/wp-json\/wp\/v2\/users\/247"}],"replies":[{"embeddable":true,"href":"https:\/\/www2.uepg.br\/transparencia\/wp-json\/wp\/v2\/comments?post=488"}],"version-history":[{"count":3,"href":"https:\/\/www2.uepg.br\/transparencia\/wp-json\/wp\/v2\/pages\/488\/revisions"}],"predecessor-version":[{"id":496,"href":"https:\/\/www2.uepg.br\/transparencia\/wp-json\/wp\/v2\/pages\/488\/revisions\/496"}],"wp:attachment":[{"href":"https:\/\/www2.uepg.br\/transparencia\/wp-json\/wp\/v2\/media?parent=488"}],"curies":[{"name":"wp","href":"https:\/\/api.w.org\/{rel}","templated":true}]}}