{"id":595,"date":"2024-12-08T19:51:34","date_gmt":"2024-12-08T22:51:34","guid":{"rendered":"https:\/\/www2.uepg.br\/transparencia\/?page_id=595"},"modified":"2024-12-08T20:02:13","modified_gmt":"2024-12-08T23:02:13","slug":"brigada","status":"publish","type":"page","link":"https:\/\/www2.uepg.br\/transparencia\/brigada\/","title":{"rendered":"Brigada de Inc\u00eandio"},"content":{"rendered":"<p><strong>Portarias<\/strong><\/p>\n<ul>\n<li><a href=\"http:\/\/www2.uepg.br\/transparencia\/wp-content\/uploads\/sites\/123\/2024\/12\/PORTARIA-BRIGADA.pdf\">Estabelece a implanta\u00e7\u00e3o, composi\u00e7\u00e3o e treinamento da Brigada de Inc\u00eandio na UEPG<\/a><\/li>\n<li><a href=\"http:\/\/www2.uepg.br\/transparencia\/wp-content\/uploads\/sites\/123\/2024\/12\/Mapa_brigada.png\">Coordena\u00e7\u00e3o da Brigada de Inc\u00eandio<\/a><\/li>\n<\/ul>\n<p>&nbsp;<\/p>\n<p><strong>Plano de Emerg\u00eancia Contra Inc\u00eandio<\/strong><\/p>\n<ul>\n<li><a href=\"http:\/\/www2.uepg.br\/transparencia\/wp-content\/uploads\/sites\/123\/2024\/12\/PLANO-DE-EMERGENCIA-CONTRA-INCENDIO_HURCG-convertido.pdf\">Hospital Regional dos Campos Gerais &#8211; HURCG<\/a><\/li>\n<li><a href=\"http:\/\/www2.uepg.br\/transparencia\/wp-content\/uploads\/sites\/123\/2024\/12\/PLANO-DE-EMERGENCIA-CONTRA-INCENDIO-HUMAI-1.pdf\">Hospital Universit\u00e1rio Materno Infantil &#8211; HUMAI<\/a><\/li>\n<\/ul>\n<p><strong><a href=\"http:\/\/www2.uepg.br\/transparencia\/wp-content\/uploads\/sites\/123\/2024\/12\/Mapa_brigada.png\">Mapa das Brigadas de Inc\u00eandio<\/a><\/strong><\/p>\n<p>&nbsp;<\/p>\n","protected":false},"excerpt":{"rendered":"<p>Portarias Estabelece a implanta\u00e7\u00e3o, composi\u00e7\u00e3o e treinamento da Brigada de Inc\u00eandio na UEPG Coordena\u00e7\u00e3o da Brigada de Inc\u00eandio &nbsp; Plano de Emerg\u00eancia Contra Inc\u00eandio Hospital Regional dos Campos Gerais &#8211; HURCG Hospital Universit\u00e1rio Materno Infantil &#8211; HUMAI Mapa das Brigadas de Inc\u00eandio &nbsp;<\/p>\n","protected":false},"author":247,"featured_media":0,"parent":0,"menu_order":0,"comment_status":"closed","ping_status":"closed","template":"","meta":[],"_links":{"self":[{"href":"https:\/\/www2.uepg.br\/transparencia\/wp-json\/wp\/v2\/pages\/595"}],"collection":[{"href":"https:\/\/www2.uepg.br\/transparencia\/wp-json\/wp\/v2\/pages"}],"about":[{"href":"https:\/\/www2.uepg.br\/transparencia\/wp-json\/wp\/v2\/types\/page"}],"author":[{"embeddable":true,"href":"https:\/\/www2.uepg.br\/transparencia\/wp-json\/wp\/v2\/users\/247"}],"replies":[{"embeddable":true,"href":"https:\/\/www2.uepg.br\/transparencia\/wp-json\/wp\/v2\/comments?post=595"}],"version-history":[{"count":3,"href":"https:\/\/www2.uepg.br\/transparencia\/wp-json\/wp\/v2\/pages\/595\/revisions"}],"predecessor-version":[{"id":603,"href":"https:\/\/www2.uepg.br\/transparencia\/wp-json\/wp\/v2\/pages\/595\/revisions\/603"}],"wp:attachment":[{"href":"https:\/\/www2.uepg.br\/transparencia\/wp-json\/wp\/v2\/media?parent=595"}],"curies":[{"name":"wp","href":"https:\/\/api.w.org\/{rel}","templated":true}]}}