{"id":87,"date":"2019-06-19T14:25:41","date_gmt":"2019-06-19T17:25:41","guid":{"rendered":"http:\/\/www2.uepg.br\/turismo\/?page_id=87"},"modified":"2026-02-28T09:50:10","modified_gmt":"2026-02-28T12:50:10","slug":"docentes","status":"publish","type":"page","link":"https:\/\/www2.uepg.br\/turismo\/docentes\/","title":{"rendered":"DOCENTES"},"content":{"rendered":"<p><strong><b>Prof\u00aa Dra. Graziela Scalise Horodyski<\/b><\/strong>\u00a0\u2013\u00a0<a href=\"http:\/\/lattes.cnpq.br\/0957340941389307\"><u>http:\/\/lattes.cnpq.br\/0957340941389307<\/u><\/a><br \/>\nGraduada em Bacharelado em Turismo (UEPG); Mestrado em Turismo e Hotelaria (UNIVALI); Doutorado em Geografia (UFPR).<\/p>\n<p><strong><b>Prof\u00aa. Dra. Jasmine Cardozo Moreira<\/b><\/strong>\u00a0\u2013\u00a0<a href=\"http:\/\/lattes.cnpq.br\/4244565636923524\"><u>http:\/\/lattes.cnpq.br\/4244565636923524<\/u><\/a><br \/>\nGraduada em Bacharelado em Turismo (UFPR); Especializa\u00e7\u00e3o em Ecoturismo (IBPEX); Mestrado em Turismo e Hotelaria (UNIVALI); Doutorado em Geografia (UFSC).<\/p>\n<p><strong><b>Prof\u00aa Dra. Larissa Mongruel Martins de Lara<\/b><\/strong>\u00a0\u2013\u00a0<a href=\"http:\/\/lattes.cnpq.br\/5697243270374081\"><u>http:\/\/lattes.cnpq.br\/5697243270374081<\/u><\/a><br \/>\nGraduada em Bacharelado em Turismo (UEPG); Mestrado em Engenharia de Produ\u00e7\u00e3o (UTFPR); Doutorado em Administra\u00e7\u00e3o (Universidade Positivo).<\/p>\n<p><strong><b>Prof. Dr. Leandro Baptista<\/b><\/strong>\u00a0\u2013\u00a0<a href=\"http:\/\/lattes.cnpq.br\/4353198473576287\"><u>http:\/\/lattes.cnpq.br\/4353198473576287<\/u><\/a><br \/>\nGraduado em Bacharelado em Turismo (UEPG); Mestrado em Gest\u00e3o do Territ\u00f3rio (UEPG); Doutorado em Geografia (UEPG).<\/p>\n<p><strong><b>Prof. Dr. Luiz Fernando de Souza<\/b><\/strong>\u00a0\u2013\u00a0<a href=\"http:\/\/lattes.cnpq.br\/8680324888001369\"><u>http:\/\/lattes.cnpq.br\/8680324888001369<\/u><\/a><br \/>\nGraduado em Bacharelado em Turismo (UEPG); Mestrado em Turismo e Hotelaria (UNIVALI); Doutorado em Engenharia de Produ\u00e7\u00e3o (UFSC).<\/p>\n<p><strong><b>Prof\u00aa. Dra. Mirna de Lima Medeiros<\/b><\/strong>\u00a0\u2013\u00a0<a href=\"http:\/\/lattes.cnpq.br\/884256018278636\"><u>http:\/\/lattes.cnpq.br\/884256018278636<\/u><\/a><br \/>\nGraduada em Turismo pela (UFMG); Especialista em Gest\u00e3o P\u00fablica (Escola T\u00e9cnica e de Gest\u00e3o da Universidade de S\u00e3o Paulo); Mestre em Administra\u00e7\u00e3o de Organiza\u00e7\u00f5es (FEA-RP\/USP); Doutorado em Administra\u00e7\u00e3o de Organiza\u00e7\u00f5es (FEA-RP\/USP).<\/p>\n<p><strong><b>Prof. Me. Paulo Roberto Baptista Stachowiak<\/b><\/strong>\u00a0\u2013\u00a0<a href=\"http:\/\/lattes.cnpq.br\/3704718982057171\"><u>http:\/\/lattes.cnpq.br\/3704718982057171<\/u><\/a><br \/>\nGraduado em Educa\u00e7\u00e3o F\u00edsica (UEPG); Mestrado em Turismo e Hotelaria (UNIVALI).<\/p>\n<p><strong><b>Prof\u00aa. Dra. Renata Cristina Sim\u00f5es de Oliveira<\/b><\/strong> \u2013 <a href=\"http:\/\/lattes.cnpq.br\/7846214996759320\">http:\/\/lattes.cnpq.br\/7846214996759320<\/a><br \/>\nGraduada em Turismo (UFVJM); Especialista em Gest\u00e3o Gastron\u00f4mica e Hoteleira (SENAC\/MG); Mestrado em Estudos do Lazer (UFMG); Doutorado em Estudos do Lazer (UFMG).<\/p>\n<p><strong><b>Prof\u00aa. Dra. Rubia Gisele Tramontim Mascarenhas<\/b><\/strong>\u00a0\u2013\u00a0<a href=\"http:\/\/lattes.cnpq.br\/6976086545282916\"><u>http:\/\/lattes.cnpq.br\/6976086545282916<\/u><\/a><br \/>\nGraduada em Turismo e Hotelaria (UNIVALI); Mestrado em Ci\u00eancias Sociais Aplicadas (UEPG); Doutorado em Geografia (UFPR).<\/p>\n<p><strong><b>Prof\u00aa. Dra. Val\u00e9ria de Meira Albach <\/b><\/strong>\u2013\u00a0<a href=\"http:\/\/lattes.cnpq.br\/8968434401302264\"><u>http:\/\/lattes.cnpq.br\/8968434401302264<\/u><\/a><br \/>\nGraduada em Turismo (UTP); Especializa\u00e7\u00e3o em Geografia Ambiental (UTP); Mestrado em Geografia (UFPR); Doutorado em Geografia (UFPR).<\/p>\n<p>&nbsp;<\/p>\n<p><strong><b>Professores de outros Departamentos da UEPG<\/b><\/strong><\/p>\n<p><strong><b>Departamento de Ci\u00eancias Cont\u00e1beis<\/b><\/strong><\/p>\n<p style=\"text-align: justify\"><strong><b>Prof. Me. Edson Miguel Zedebski\u00a0\u2013<\/b><\/strong>\u00a0<a href=\"http:\/\/lattes.cnpq.br\/8572659839999511\"><u>http:\/\/lattes.cnpq.br\/8572659839999511<\/u><\/a><br \/>\nGraduado em Administra\u00e7\u00e3o de Empresas (UEPG), gradua\u00e7\u00e3o em Ci\u00eancias Cont\u00e1beis (UEPG), Especializa\u00e7\u00e3o em Ger\u00eancia Cont\u00e1bil Financeira e Auditoria (INBRAPE\/UEPG ) e Mestrado em Contabilidade e Controladoria (UNOPAR\/USP).<\/p>\n<p style=\"text-align: justify\"><strong><b>Departamento de Direito das Rela\u00e7\u00f5es Sociais<\/b><\/strong><\/p>\n<p style=\"text-align: justify\"><strong><b>Prof\u00aa. Ma. Camila Christiane Rocha Nicolau<\/b><\/strong> \u2013 <a href=\"https:\/\/lattes.cnpq.br\/8707459993122800\">https:\/\/lattes.cnpq.br\/8707459993122800<\/a><\/p>\n<p style=\"text-align: justify\">Bacharel em Direito (Centro Universit\u00e1rio Curitiba); Especialista em Direito P\u00fablico (ESMAFE\/PR); Especialista em Direitos Humanos (Faculdade CERS); Mestre em Ci\u00eancias Jur\u00eddicas (Universidade Estadual do Norte do Paran\u00e1)<\/p>\n<p style=\"text-align: justify\"><strong><b>Departamento de Economia<\/b><\/strong><\/p>\n<p style=\"text-align: justify\"><strong><b>Prof\u00aa Dr\u00aa. Marina Luiza Gaspar Wisniewski<\/b><\/strong>\u00a0\u2013\u00a0<a href=\"http:\/\/lattes.cnpq.br\/3360162278078942\"><u>http:\/\/lattes.cnpq.br\/3360162278078942<\/u><\/a><br \/>\nGraduada em Pedagogia pela (UEPG); graduada em Ci\u00eancias Econ\u00f4micas pela (UEPG); mestrado em Ci\u00eancias Sociais Aplicadas pela (UEPG); doutorado em Gest\u00e3o Urbana pela (PUC\/PR).<\/p>\n<p style=\"text-align: justify\"><strong><b>Departamento de Estudos da Linguagem \u2013 DEEL<\/b><\/strong><\/p>\n<p style=\"text-align: justify\"><strong><b>Prof. Dr. Diogo Sim\u00e3o<\/b><\/strong> \u2013 <a href=\"https:\/\/lattes.cnpq.br\/5361697876477758\">https:\/\/lattes.cnpq.br\/5361697876477758<\/a><br \/>\nGraduado em Letras (UFPR), mestrado e doutorado em Letras (UFPR).<\/p>\n<p style=\"text-align: justify\"><strong><b>Prof. Ma. Patricia Barreto Mainardi Maeso<\/b><\/strong> \u2013 <a href=\"https:\/\/lattes.cnpq.br\/5759433450089778\">https:\/\/lattes.cnpq.br\/5759433450089778<\/a><br \/>\nGraduada em Licenciatura em Letras &#8211; Ingl\u00eas (Universidade Federal de S\u00e3o Carlos). Mestre em Estudos Liter\u00e1rios (UFPR)<\/p>\n","protected":false},"excerpt":{"rendered":"<p>Prof\u00aa Dra. Graziela Scalise Horodyski\u00a0\u2013\u00a0http:\/\/lattes.cnpq.br\/0957340941389307 Graduada em Bacharelado em Turismo (UEPG); Mestrado em Turismo e Hotelaria (UNIVALI); Doutorado em Geografia (UFPR). Prof\u00aa. Dra. Jasmine Cardozo Moreira\u00a0\u2013\u00a0http:\/\/lattes.cnpq.br\/4244565636923524 Graduada em Bacharelado em Turismo (UFPR); Especializa\u00e7\u00e3o em Ecoturismo (IBPEX); Mestrado em Turismo e Hotelaria (UNIVALI); Doutorado em Geografia (UFSC). Prof\u00aa Dra. Larissa Mongruel Martins de Lara\u00a0\u2013\u00a0http:\/\/lattes.cnpq.br\/5697243270374081 Graduada em&nbsp;&hellip;<\/p>\n","protected":false},"author":24,"featured_media":0,"parent":0,"menu_order":0,"comment_status":"closed","ping_status":"closed","template":"","meta":[],"_links":{"self":[{"href":"https:\/\/www2.uepg.br\/turismo\/wp-json\/wp\/v2\/pages\/87"}],"collection":[{"href":"https:\/\/www2.uepg.br\/turismo\/wp-json\/wp\/v2\/pages"}],"about":[{"href":"https:\/\/www2.uepg.br\/turismo\/wp-json\/wp\/v2\/types\/page"}],"author":[{"embeddable":true,"href":"https:\/\/www2.uepg.br\/turismo\/wp-json\/wp\/v2\/users\/24"}],"replies":[{"embeddable":true,"href":"https:\/\/www2.uepg.br\/turismo\/wp-json\/wp\/v2\/comments?post=87"}],"version-history":[{"count":26,"href":"https:\/\/www2.uepg.br\/turismo\/wp-json\/wp\/v2\/pages\/87\/revisions"}],"predecessor-version":[{"id":1769,"href":"https:\/\/www2.uepg.br\/turismo\/wp-json\/wp\/v2\/pages\/87\/revisions\/1769"}],"wp:attachment":[{"href":"https:\/\/www2.uepg.br\/turismo\/wp-json\/wp\/v2\/media?parent=87"}],"curies":[{"name":"wp","href":"https:\/\/api.w.org\/{rel}","templated":true}]}}