{"id":94,"date":"2019-06-19T14:34:04","date_gmt":"2019-06-19T17:34:04","guid":{"rendered":"http:\/\/www2.uepg.br\/turismo\/?page_id=94"},"modified":"2024-10-16T15:57:06","modified_gmt":"2024-10-16T18:57:06","slug":"extensao","status":"publish","type":"page","link":"https:\/\/www2.uepg.br\/turismo\/extensao\/","title":{"rendered":"EXTENS\u00c3O"},"content":{"rendered":"<h4 class=\"western\"><strong>Projeto de extens\u00e3o: Patrim\u00f4nio Geol\u00f3gico de Sapopema: Mapeamento e Hierarquiza\u00e7\u00e3o<\/strong><\/h4>\n<p><strong>Coordenador<\/strong>: Prof. Dr. Leandro Baptista<\/p>\n<p style=\"text-align: justify\"><strong>Descri\u00e7\u00e3o<\/strong>: Este projeto tem como objeto de interven\u00e7\u00e3o a geodiversidade e o geopatrim\u00f4nio do munic\u00edpio de Sapopema &#8211; PR, e busca incentivar, por meio do geoturismo contribuir com o desenvolvimento sustent\u00e1vel do territ\u00f3rio. Sapopema \u00e9 um munic\u00edpio localizado no norte pioneiro do estado do Paran\u00e1, sul do territ\u00f3rio brasileiro. A jun\u00e7\u00e3o dos elementos da geodiversidade com os elementos da biodiversidade presentes no munic\u00edpio tem despertado o interesse de turistas, fazendo do turismo uma importante atividade econ\u00f4mica para o munic\u00edpio, atividade essa, que vem se ampliando nos \u00faltimos anos. Suas diversas cachoeiras comp\u00f5em uma rica diversidade geol\u00f3gica e geomorfol\u00f3gica lhe conferem uma geodiversidade singular, o que oferece grande potencial para o geoturismo, segmento das geoci\u00eancias e do turismo que vem sendo amplamente utilizado como instrumento de gera\u00e7\u00e3o de renda e de educa\u00e7\u00e3o n\u00e3o formal.<\/p>\n<p><strong>Demais participantes<\/strong><\/p>\n<ul>\n<li style=\"list-style-type: none\">\n<ul>\n<li style=\"list-style-type: none\">\n<ul>\n<li>Luiz Fernando de Souza<\/li>\n<\/ul>\n<\/li>\n<\/ul>\n<\/li>\n<\/ul>\n<h4 class=\"western\" align=\"justify\"><strong>A\u00e7\u00f5es Realizadas<\/strong><\/h4>\n<p><img loading=\"lazy\" class=\"alignleft wp-image-1717\" src=\"http:\/\/www2.uepg.br\/turismo\/wp-content\/uploads\/sites\/21\/2024\/09\/fotor-20240928205520.jpg\" alt=\"\" width=\"361\" height=\"361\" \/><\/p>\n<p style=\"text-align: justify\">Nesta proposta parte-se do problema que a geodiversidade do munic\u00edpio de Sapopema n\u00e3o constitui um levantamento estruturado e conciso que apresente o seu geopatrim\u00f4nio. Al\u00e9m de que, a falta de conhecimento sobre a geodiversidade e o geopatrim\u00f4nio se tornam um obst\u00e1culo \u00e0 sua prote\u00e7\u00e3o. Acrescenta-se ainda, que a atividade tur\u00edstica local, que tem sua base principalmente no meio f\u00edsico, n\u00e3o apresenta estrutura\u00e7\u00e3o suficiente a respeito da geodiversidade, podendo prejudicar sua sustentabilidade a m\u00e9dio e longo prazo.<\/p>\n<p style=\"text-align: justify\">Dentro do contexto apresentado, o objetivo geral \u00e9 <strong>enriquecer a oferta tur\u00edstica e a experi\u00eancia de visitantes e turistas da regi\u00e3o do Norte do Paran\u00e1 (PR), possibilitando criar ferramentas e material digital interativo para uso do p\u00fablico geral em diferentes contextos<\/strong>, construindo bases que sustentar\u00e3o a cria\u00e7\u00e3o de um ecossistema digital que auxiliar\u00e1 na qualifica\u00e7\u00e3o de Sapopema no mapa do turismo brasileiro.<\/p>\n<p style=\"text-align: justify\">Atrav\u00e9s da constru\u00e7\u00e3o desta base, prev\u00ea-se a melhora qualitativa da percep\u00e7\u00e3o do patrim\u00f4nio hist\u00f3rico, cultural e natural da regi\u00e3o, agregando a percep\u00e7\u00e3o dos moradores e visitantes, gerando senso de pertencimento, fortalecendo seus la\u00e7os entre a comunidade, al\u00e9m de aumentar a capacidade de gest\u00e3o do patrim\u00f4nio p\u00fablico pelos gestores municipais.<\/p>\n<p>&nbsp;<\/p>\n<p><strong>Especificamente<\/strong>, busca-se:<\/p>\n<ol>\n<li>Criar uma base de dados que contribuir\u00e1 para a constru\u00e7\u00e3o de um ecossistema digital em Sapopema;<\/li>\n<li>Gerar informa\u00e7\u00f5es precisas para Sapopema adequar-se ao Programa Paran\u00e1 Tur\u00edstico 2026;<\/li>\n<li>Disponibilizar gratuitamente os dados em plataforma online pr\u00f3pria da UEPG;<\/li>\n<li>Promover subs\u00eddios para atualiza\u00e7\u00e3o do Plano Municipal de Turismo.<\/li>\n<\/ol>\n<hr \/>\n<h4 class=\"western\"><strong>Projeto de extens\u00e3o: Mapeamento e Hierarquiza\u00e7\u00e3o de Atrativos Tur\u00edsticos dos Campos Gerais &#8211; PR<\/strong><\/h4>\n<p><strong>Coordenador<\/strong>: Prof. Dr. Leandro Baptista<\/p>\n<p style=\"text-align: justify\"><strong>Descri\u00e7\u00e3o<\/strong>:\u00a0 Este projeto visa construir um banco de dados georreferenciados dos atrativos tur\u00edsticos presentes nas nove cidades presentes na Regi\u00e3o Tur\u00edstica dos Campos Gerais, sendo estes: Ponta Grossa, Ortigueira, Palmeira, Porto Amazonas, Tibagi, Pira\u00ed do Sul, Seng\u00e9s, Arapoti e Jaguaria\u00edva. Estas cidades est\u00e3o classificadas entre os n\u00edveis de \u201cA\u201d (mais alto) e \u201cE\u201d (mais baixo) de desenvolvimento tur\u00edstico pelo mapa do turismo brasileiro. Atrav\u00e9s da aplica\u00e7\u00e3o de metodologia validada em \u00e2mbito internacional, procura-se identificar o atual n\u00edvel de atratividade de cada atrativo tur\u00edstico ap\u00f3s visitas <em>in loco<\/em>. Assim, o projeto Pesquisa permite que acad\u00eamicos e rec\u00e9m formados apliquem seus conhecimentos em ambiente real e estabele\u00e7am <em>networking<\/em> com a comunidade local, gestores e investidores do turismo.<\/p>\n<p><strong>Demais participantes<\/strong>:<\/p>\n<ul>\n<li style=\"list-style-type: none\">\n<ul>\n<li style=\"list-style-type: none\">\n<ul>\n<li>Luiz Fernando de Souza<\/li>\n<li>Maycon Luiz Tchmolo<\/li>\n<li>Diego Geovan dos Reis<\/li>\n<li>Carla Eloisa Camargo<\/li>\n<li>Emanuelle Rocha Modrow<\/li>\n<li>Julia Gabriela Petroski Lazarim<\/li>\n<li>Kauanny Souza de Oliveira<\/li>\n<li>Renata Marcondes Bastos Pereira Flemming<\/li>\n<\/ul>\n<\/li>\n<\/ul>\n<\/li>\n<\/ul>\n<h4 class=\"western\" align=\"justify\"><strong>A\u00e7\u00f5es Realizadas<\/strong><\/h4>\n<p><img loading=\"lazy\" class=\" wp-image-1610 alignleft\" src=\"http:\/\/www2.uepg.br\/turismo\/wp-content\/uploads\/sites\/21\/2024\/07\/52.jpg\" alt=\"\" width=\"461\" height=\"463\" \/><\/p>\n<p style=\"text-align: justify\">O presente projeto, por estar inserido num ecossistema digital e multidisciplinar entre institutos de pesquisas, universidades e prefeitura municipal ter\u00e1 um grande potencial de desenvolvimentos relacionados ao suporte para a implementa\u00e7\u00e3o de pol\u00edticas p\u00fablicas, aumento de pesquisa de excel\u00eancia em Cidades Inteligentes, Destinos Tur\u00edsticos Inteligentes e <em>Smart Destinations<\/em>; Aumento da qualidade da oferta tur\u00edstica; Forma\u00e7\u00e3o de recursos humanos qualificados na \u00e1rea de processamento de imagens e utiliza\u00e7\u00e3o de Tecnologias Digitais de Comunica\u00e7\u00e3o e Informa\u00e7\u00e3o; Desenvolvimento de ciberespa\u00e7os de cidadania e diversidade cultural nas cidades; Divulgar o papel da universidade frente \u00e0s demandas atuais de desenvolvimento sustent\u00e1vel;\u00a0Desenvolvimento de conte\u00fado digital para as m\u00eddias sociais do projeto voltadas a tem\u00e1tica.<\/p>\n<p style=\"text-align: justify\">Dentro do contexto apresentado, o objetivo geral \u00e9 <strong>enriquecer a oferta tur\u00edstica e a experi\u00eancia de visitantes e turistas da regi\u00e3o dos Campos Gerais (PR), possibilitando criar ferramentas e material digital interativo para uso do p\u00fablico geral em diferentes contextos<\/strong>, construindo bases que sustentar\u00e3o a cria\u00e7\u00e3o de um ecossistema digital que auxiliar\u00e1 na qualifica\u00e7\u00e3o da Regi\u00e3o Tur\u00edstica dos Campos Gerais.<\/p>\n<p style=\"text-align: justify\">Atrav\u00e9s da constru\u00e7\u00e3o desta base, prev\u00ea-se a melhora qualitativa da percep\u00e7\u00e3o do patrim\u00f4nio hist\u00f3rico, cultural e natural da regi\u00e3o, agregando a percep\u00e7\u00e3o dos moradores e visitantes, gerando senso de pertencimento, fortalecendo seus la\u00e7os entre a comunidade, al\u00e9m de aumentar a capacidade de gest\u00e3o do patrim\u00f4nio p\u00fablico pelos gestores municipais.<\/p>\n<p><strong>Especificamente<\/strong>, busca-se:<\/p>\n<ol>\n<li>Criar uma base de dados que contribuir\u00e1 para a constru\u00e7\u00e3o de um ecossistema digital;<\/li>\n<li>Gerar informa\u00e7\u00f5es precisas para Ponta Grossa adequar-se ao Programa Paran\u00e1 Tur\u00edstico 2026;<\/li>\n<li>Disponibilizar gratuitamente os dados em plataforma online pr\u00f3pria da UEPG.<\/li>\n<\/ol>\n<p>Arquivos para download:<\/p>\n<p><a href=\"http:\/\/www2.uepg.br\/turismo\/wp-content\/uploads\/sites\/21\/2024\/08\/Relatorio-Geral-USF.pdf\">Relat\u00f3rio Final do Projeto<\/a><\/p>\n<p>Mapas em pdf:<\/p>\n<p><a href=\"http:\/\/www2.uepg.br\/turismo\/wp-content\/uploads\/sites\/21\/2024\/08\/ARAPOTI.pdf\">Arapoti<\/a><\/p>\n<p><a href=\"http:\/\/www2.uepg.br\/turismo\/wp-content\/uploads\/sites\/21\/2024\/08\/JAGUARIAIVA_.pdf\">Jaguaria\u00edva<\/a><\/p>\n<p><a href=\"http:\/\/www2.uepg.br\/turismo\/wp-content\/uploads\/sites\/21\/2024\/08\/ORTIGUEIRA.pdf\">Ortigueira<\/a><\/p>\n<p><a href=\"http:\/\/www2.uepg.br\/turismo\/wp-content\/uploads\/sites\/21\/2024\/08\/PALMEIRA.pdf\">Palmeira<\/a><\/p>\n<p><a href=\"http:\/\/www2.uepg.br\/turismo\/wp-content\/uploads\/sites\/21\/2024\/08\/PIRAI_DO_SUL.pdf\">Pira\u00ed do Sul<\/a><\/p>\n<p><a href=\"http:\/\/www2.uepg.br\/turismo\/wp-content\/uploads\/sites\/21\/2024\/08\/PONTA_GROSSA.pdf\">Ponta Grossa<\/a><\/p>\n<p><a href=\"http:\/\/www2.uepg.br\/turismo\/wp-content\/uploads\/sites\/21\/2024\/08\/PORTO_AMAZONAS.pdf\">Porto Amazonas<\/a><\/p>\n<p><a href=\"http:\/\/www2.uepg.br\/turismo\/wp-content\/uploads\/sites\/21\/2024\/08\/SENGES-Copia.pdf\">Seng\u00e9s<\/a><\/p>\n<p><a href=\"http:\/\/www2.uepg.br\/turismo\/wp-content\/uploads\/sites\/21\/2024\/08\/TIBAGI.pdf\">Tibagi<\/a><\/p>\n<hr \/>\n<h4 class=\"western\"><strong>Projeto de extens\u00e3o: Pesquisa e Competitividade Para Orienta\u00e7\u00e3o Territorial do Turismo<\/strong><\/h4>\n<p><strong>Coordenador<\/strong>: Prof. Dr. Luiz Fernando de Souza<\/p>\n<p style=\"text-align: justify\"><strong>Descri\u00e7\u00e3o<\/strong>:\u00a0 Este projeto visa estabelecer uma rela\u00e7\u00e3o direta da atividade tur\u00edstica com o territ\u00f3rio ocupado pelo turista durante sua visita ao mesmo.\u00a0Por meio de pesquisas de demanda, procura-se evidenciar como o turista consome o territ\u00f3rio estranho ou desconhecido, e como o mesmo identifica-se com o espa\u00e7o tang\u00edvel e intang\u00edvel.\u00a0Desta maneira o projeto Pesquisa e Competitividade para a Ordena\u00e7\u00e3o Territorial do Turismo\u201d, proporciona aos acad\u00eamicos a vivencia real com a comunidade local, bem como com a aproxima\u00e7\u00e3o do mesmo ao mercado de trabalho, e conhecimento da import\u00e2ncia de valoriza\u00e7\u00e3o do territ\u00f3rio e identifica\u00e7\u00e3o do consumo deste pelo turista.<\/p>\n<p><strong>Docentes participantes<\/strong>:<\/p>\n<ul>\n<li style=\"list-style-type: none\">\n<ul>\n<li style=\"list-style-type: none\">\n<ul>\n<li>Jasmine Cardozo Moreira<\/li>\n<li>Leandro Baptista<\/li>\n<li>Mirna de Lima Medeiros<\/li>\n<li>Paulo Roberto Baptista Stachowiak<\/li>\n<li>R\u00fabia Gisele Tramontin Mascarenhas<\/li>\n<\/ul>\n<\/li>\n<\/ul>\n<\/li>\n<\/ul>\n<h4 class=\"western\" align=\"justify\"><strong>A\u00e7\u00f5es Realizadas<\/strong><\/h4>\n<p class=\"western\" align=\"justify\"><strong><img loading=\"lazy\" class=\"size-medium wp-image-96 alignleft\" src=\"http:\/\/www2.uepg.br\/turismo\/wp-content\/uploads\/sites\/21\/2019\/06\/conhecendo-pg-logo-300x211-300x211.jpg\" alt=\"\" width=\"300\" height=\"211\" \/> Projeto Conhecendo PG<\/strong>: O conhecimento e valoriza\u00e7\u00e3o comunidade local do Patrim\u00f4nio Hist\u00f3rico Cultural e Natural, \u00e9 realizado por meio da proposta deste projeto que \u00e9 o evento (projeto) que mais tem repercuss\u00e3o na comunidade local, visto que por meio de visitas gratuitas \u00e0 institui\u00e7\u00f5es organizadas, leva-se os aut\u00f3ctones \u00e0 conhecimento dos atrativos tur\u00edsticos locais, podendo possibilitar uma valoriza\u00e7\u00e3o do seu pr\u00f3prio espa\u00e7o constitu\u00eddo por meio do processo de coloniza\u00e7\u00e3o e urbaniza\u00e7\u00e3o da cidade onde o mesmo vive.<img loading=\"lazy\" class=\"size-medium wp-image-95 aligncenter\" src=\"http:\/\/www2.uepg.br\/turismo\/wp-content\/uploads\/sites\/21\/2019\/06\/conhecendo-pg-300x169-300x169.jpg\" alt=\"\" width=\"300\" height=\"169\" \/><\/p>\n<hr \/>\n<h4><strong>Projeto NETUR \u2013 A qualifica\u00e7\u00e3o do Turismo para o Desenvolvimento Tur\u00edstico dos Campos Gerais do Paran\u00e1<\/strong><\/h4>\n<p><strong>Coordenadora:<\/strong> Prof\u00aa. Dr\u00aa. Rubia Gisele Tramontin Mascarenhas<\/p>\n<p style=\"text-align: justify\"><strong>Descri\u00e7\u00e3o:\u00a0<\/strong>O\u00a0NETUR \u00e9 um laborat\u00f3rio que est\u00e1 inserido no projeto pedag\u00f3gico do curso que tem como proposta incentivar o senso de responsabilidade individual e coletiva dos acad\u00eamicos por meio da aquisi\u00e7\u00e3o de conhecimentos pr\u00e1ticos, bem como o desenvolvimento da criatividade e do esp\u00edrito de participa\u00e7\u00e3o na organiza\u00e7\u00e3o de eventos da UEPG, de outras institui\u00e7\u00f5es e de particulares, na organiza\u00e7\u00e3o de roteiros e venda de pacotes tur\u00edsticos para a comunidade acad\u00eamica e externa, na presta\u00e7\u00e3o de servi\u00e7os de recep\u00e7\u00e3o, na elabora\u00e7\u00e3o de Planos Diretores de Turismo, bem como na efetiva participa\u00e7\u00e3o acad\u00eamica em Projetos de Ensino, Pesquisa e Extens\u00e3o, al\u00e9m, do incentivo \u00e0 participa\u00e7\u00e3o na Inicia\u00e7\u00e3o Cient\u00edfica.<\/p>\n<p style=\"text-align: justify\">Por meio do projeto NETUR busca-se o atendimento das necessidades da comunidade, mercado (trade) e setor p\u00fablico, referentes a qualifica\u00e7\u00e3o da hospitalidade como forma de contribuir com desenvolvimento tur\u00edstico regional, sem perder de vista a import\u00e2ncia do processo de desenvolvimento tur\u00edstico regional de forma sustent\u00e1vel, onde as atividades do ser\u00e3o desenvolvidas a partir das necessidades pr\u00e1ticas da atividade na regi\u00e3o, por\u00e9m aliadas aos conhecimentos te\u00f3ricos compartilhadas entre acad\u00eamicos e professores participantes do projeto.<\/p>\n<p style=\"text-align: justify\"><strong>Objetivos:<\/strong>\u00a0 \u00a0Qualificar a m\u00e3o de obra no setor de hospitalidade, atrav\u00e9s da contribui\u00e7\u00e3o do Departamento de Turismo da UEPG com o desenvolvimento tur\u00edstico regional de forma sustent\u00e1vel, por meio da qualifica\u00e7\u00e3o profissional e da sensibiliza\u00e7\u00e3o da comunidade local na forma de a\u00e7\u00f5es que ser\u00e3o concretizadas por docentes e discentes do referido departamento, atrav\u00e9s de palestras de Sensibiliza\u00e7\u00e3o Tur\u00edstica: de acordo com as suas necessidades e o interesse do NETUR, empres\u00e1rios, agentes municipais ligados ao turismo, dentre outros, que poder\u00e3o ser ministrados por acad\u00eamicos do curso e\/ou docentes em Ponta Grossa e outros munic\u00edpios; de Eventos\/Cursos\/Oficinas tem\u00e1ticas: conforme a solicita\u00e7\u00e3o por parte dos interessados; cursos de curta ou longa dura\u00e7\u00e3o, relacionados com servi\u00e7os tur\u00edsticos, tais como hotelaria, hotelaria hospitalar, gastronomia, eventos, projetos tur\u00edsticos, etc, bem como cursos complementares para a forma\u00e7\u00e3o dos prestadores de servi\u00e7os tur\u00edsticos, como idiomas, atendimento ao p\u00fablico, dentre outros, incluindo capacitar m\u00e3o de obra para o setor da hotelaria hospitalar.<\/p>\n<p><strong>Docentes participantes<\/strong>:<\/p>\n<ul>\n<li>Graziela Scalise Horodyski<\/li>\n<li>Jasmine Cardozo Moreira<\/li>\n<li>Larissa Mongruel Martins de Lara<\/li>\n<li>Luiz Fernando de Souza<\/li>\n<li>Mirna de Lima Medeiros<\/li>\n<li>Valeria de Meira Albach<\/li>\n<\/ul>\n<p><strong>A\u00e7\u00f5es Realizadas<\/strong><\/p>\n<p style=\"text-align: justify\"><strong>Oficina de Qualifica\u00e7\u00e3o dos Taxistas:<\/strong>\u00a0O p\u00fablico alvo da a\u00e7\u00e3o foram os taxistas da cidade de Ponta Grossa, uma vez que se constatou uma urgente necessidade de melhoria do setor no que se refere \u00e0 seguran\u00e7a, conforto e presta\u00e7\u00e3o de informa\u00e7\u00f5es corretas a respeito do munic\u00edpio e da sua oferta tur\u00edstica. Tamb\u00e9m se justificou o curso, em fun\u00e7\u00e3o da aprova\u00e7\u00e3o da Lei 909\/07, que, no inciso VI do artigo 12, obriga a participa\u00e7\u00e3o e comprova\u00e7\u00e3o por certificado do curso de Rela\u00e7\u00f5es Humanas e Informa\u00e7\u00f5es Tur\u00edsticas. O curso teve dura\u00e7\u00e3o de 20 (vinte) horas aula, ministrado para duas turmas, totalizando uma m\u00e9dia de 220 (duzentos e vinte) alunos. O curso realizado abrangeu as seguintes tem\u00e1ticas: Aspectos b\u00e1sicos do turismo; rela\u00e7\u00f5es humanas, atrativos naturais e culturais de Ponta Grossa, manifesta\u00e7\u00f5es culturais, equipamentos tur\u00edsticos e infraestrutura de apoio, eventos, aspectos legais do turismo e primeiros socorros;<\/p>\n<p style=\"text-align: justify\"><strong>Pesquisa de Demanda em Eventos:<\/strong>\u00a0Durante 12 anos o Curso de Turismo realizou a Pesquisa de Demanda da Munchen Fest, sendo que no ano 2008, a a\u00e7\u00e3o passou a ser organizada pelo Projeto Netur. Durante os 10 dias de evento os acad\u00eamicos, sob a supervis\u00e3o de um professor, aplicavam question\u00e1rios junto ao p\u00fablico frequentador com o objetivo de conhecer as caracter\u00edsticas da demanda e apontar problemas para os planejadores da festa;<\/p>\n<p style=\"text-align: justify\"><strong>Qualifica\u00e7\u00e3o Tur\u00edstica em Carambei \u2013 PR \u2013 \u201cConhecendo a cidade \u2013 Informando o Turista\u201d<\/strong>, cujos objetivos eram desenvolver a atividade tur\u00edstica no Munic\u00edpio; envolver a comunidade no processo de conhecimento e valoriza\u00e7\u00e3o da cultura local e regional e proporcionar aos professores da Rede P\u00fablica e Particular subs\u00eddios sobre a articula\u00e7\u00e3o da cultura e o turismo como pr\u00e1tica pedag\u00f3gica. As tem\u00e1ticas trabalhadas foram: Introdu\u00e7\u00e3o ao turismo; Segmenta\u00e7\u00e3o do mercado tur\u00edstico; Eventos e Alimentos &amp; Bebidas, Patrim\u00f4nio cultural; Turismo em \u00c1reas Naturais; Hospitalidade e Turismo em Carambe\u00ed.<\/p>\n<p style=\"text-align: justify\"><strong>Qualifica\u00e7\u00e3o em Hotelaria Hospitalar no Hospital Universit\u00e1rio Regional dos Campos Gerais<\/strong>: partir desse projeto, observou-se procura crescente por alguns produtos e servi\u00e7os ligados a hotelaria hospitalar, por parte de organiza\u00e7\u00f5es p\u00fablicas e privadas do munic\u00edpio de Ponta Grossa. A abertura de vaga de est\u00e1gio curricular obrigat\u00f3rio em institui\u00e7\u00e3o hospitalar foi um grande m\u00e9rito das a\u00e7\u00f5es desenvolvidas no projeto de extens\u00e3o nos \u00faltimos 3 anos. As atividades desta a\u00e7\u00e3o abrangeram a organiza\u00e7\u00e3o de eventos, recep\u00e7\u00e3o, cerimonial e protocolo, planejamento e organiza\u00e7\u00e3o de cursos e palestras tem\u00e1ticas voltadas ao tema \u2018hotelaria hospitalar\u2019;<\/p>\n<p style=\"text-align: justify\"><strong>Palestras com profissionais e pesquisadores do Turismo:<\/strong>\u00a0o projeto NETUR tem como a\u00e7\u00e3o cont\u00ednua a promo\u00e7\u00e3o de palestras tem\u00e1ticas com profissionais e pesquisadores do setor tur\u00edstico, com docentes da pr\u00f3pria UEPG e de outras IES. Estas palestras s\u00e3o abertas \u00e0 comunidade e envolvem os alunos do curso de Turismo, com o objetivo de integrar academia e mercado, al\u00e9m de possibilitar a discuss\u00e3o de temas emergentes na \u00e1rea. Destaca-se, neste sentido, a atua\u00e7\u00e3o dos empres\u00e1rios do turismo da regi\u00e3o que, de forma volunt\u00e1ria, participam desta a\u00e7\u00e3o, sendo estes do setor de gastronomia, agenciamento e opera\u00e7\u00e3o de viagem, hotelaria, cruzeiros mar\u00edtimos, unidades de conserva\u00e7\u00e3o, tecnologia e desenvolvimento de softwares. Do meio acad\u00eamico, destaca-se o curso de Bacharelado em Turismo da Unicentro e docentes e pesquisadores do Programa de P\u00f3s-Gradua\u00e7\u00e3o em Turismo \u2013 Mestrado \u2013 da Universidade Federal do Paran\u00e1. Salienta-se tamb\u00e9m palestras com pessoas da comunidade que possuem experi\u00eancias relevantes em viagens e intercambistas. Por fim, a a\u00e7\u00e3o tamb\u00e9m abrange a atua\u00e7\u00e3o dos docentes supervisores do projeto NETUR em palestras e cursos na regi\u00e3o, que ocorrem conforme a demanda;<\/p>\n<p style=\"text-align: justify\"><strong>Atendimento \u00e0 comunidade no N\u00facleo de Estudos Tur\u00edsticos:<\/strong>\u00a0por meio desta a\u00e7\u00e3o, os alunos do curso de Turismo atuam, como extensionistas, como monitores do laborat\u00f3rio NETUR, atendendo a comunidade geral e universit\u00e1ria. Os alunos tem como atribui\u00e7\u00f5es organizar o acervo do NETUR, composto de materiais t\u00e9cnicos e de promo\u00e7\u00e3o do turismo, que se atualiza continuamente por meio de doa\u00e7\u00f5es do setor p\u00fablico e privado; manter e zelar computadores dispon\u00edveis para pesquisas e atividades t\u00e9cnicas\u00a0e atender o p\u00fablico em geral.<\/p>\n<p style=\"text-align: justify\"><strong>Qualifica\u00e7\u00e3o em hotelaria e hospitalidade:\u00a0<\/strong>A a\u00e7\u00e3o extensionista ocorreu atrav\u00e9s de curso aos militares do Hotel de tr\u00e2nsito realizado em 2017 em parceria com o 13\u00ba. Batalh\u00e3o de Infantaria Blindada \u2013 13 BIB, o curso foi organizado em m\u00f3dulos, abordando conceitos de hospitalidade, introdu\u00e7\u00e3o \u00e0 hotelaria, t\u00e9cnicas de governan\u00e7a e recep\u00e7\u00e3o e servi\u00e7o em alimentos e bebidas.<\/p>\n<p><img loading=\"lazy\" class=\"size-medium wp-image-97 aligncenter\" src=\"http:\/\/www2.uepg.br\/turismo\/wp-content\/uploads\/sites\/21\/2019\/06\/WhatsApp-Image-2018-04-27-at-17.02.55-300x169-300x169.jpeg\" alt=\"\" width=\"300\" height=\"169\" \/><\/p>\n","protected":false},"excerpt":{"rendered":"<p>Projeto de extens\u00e3o: Patrim\u00f4nio Geol\u00f3gico de Sapopema: Mapeamento e Hierarquiza\u00e7\u00e3o Coordenador: Prof. Dr. Leandro Baptista Descri\u00e7\u00e3o: Este projeto tem como objeto de interven\u00e7\u00e3o a geodiversidade e o geopatrim\u00f4nio do munic\u00edpio de Sapopema &#8211; PR, e busca incentivar, por meio do geoturismo contribuir com o desenvolvimento sustent\u00e1vel do territ\u00f3rio. Sapopema \u00e9 um munic\u00edpio localizado no norte&nbsp;&hellip;<\/p>\n","protected":false},"author":24,"featured_media":0,"parent":0,"menu_order":0,"comment_status":"closed","ping_status":"closed","template":"","meta":[],"_links":{"self":[{"href":"https:\/\/www2.uepg.br\/turismo\/wp-json\/wp\/v2\/pages\/94"}],"collection":[{"href":"https:\/\/www2.uepg.br\/turismo\/wp-json\/wp\/v2\/pages"}],"about":[{"href":"https:\/\/www2.uepg.br\/turismo\/wp-json\/wp\/v2\/types\/page"}],"author":[{"embeddable":true,"href":"https:\/\/www2.uepg.br\/turismo\/wp-json\/wp\/v2\/users\/24"}],"replies":[{"embeddable":true,"href":"https:\/\/www2.uepg.br\/turismo\/wp-json\/wp\/v2\/comments?post=94"}],"version-history":[{"count":54,"href":"https:\/\/www2.uepg.br\/turismo\/wp-json\/wp\/v2\/pages\/94\/revisions"}],"predecessor-version":[{"id":1737,"href":"https:\/\/www2.uepg.br\/turismo\/wp-json\/wp\/v2\/pages\/94\/revisions\/1737"}],"wp:attachment":[{"href":"https:\/\/www2.uepg.br\/turismo\/wp-json\/wp\/v2\/media?parent=94"}],"curies":[{"name":"wp","href":"https:\/\/api.w.org\/{rel}","templated":true}]}}