{"id":307,"date":"2020-03-06T08:21:39","date_gmt":"2020-03-06T11:21:39","guid":{"rendered":"http:\/\/www2.uepg.br\/testes\/?page_id=307"},"modified":"2021-05-05T13:20:49","modified_gmt":"2021-05-05T16:20:49","slug":"acoes-e-atividades","status":"publish","type":"page","link":"https:\/\/www2.uepg.br\/zootecnia\/acoes-e-atividades\/","title":{"rendered":"A\u00e7\u00f5es e Atividades"},"content":{"rendered":"<div id=\"pl-307\"  class=\"panel-layout\" ><div id=\"pg-307-0\"  class=\"panel-grid panel-no-style\" ><div id=\"pgc-307-0-0\"  class=\"panel-grid-cell\" ><div id=\"panel-307-0-0-0\" class=\"so-panel widget widget_sow-accordion panel-first-child panel-last-child\" data-index=\"0\" ><div\n\t\t\t\n\t\t\tclass=\"so-widget-sow-accordion so-widget-sow-accordion-default-cb315fb9f873-307\"\n\t\t\t\n\t\t><div>\n\t<div class=\"sow-accordion\">\n\t\t\t<div class=\"sow-accordion-panel\"\n\t\t\t data-anchor=\"pesquisa\">\n\t\t\t\t<div class=\"sow-accordion-panel-header-container\" role=\"heading\" aria-level=\"2\">\n\t\t\t\t\t<div class=\"sow-accordion-panel-header\" tabindex=\"0\" role=\"button\" id=\"accordion-label-pesquisa\" aria-controls=\"accordion-content-pesquisa\" aria-expanded=\"false\">\n\t\t\t\t\t\t<div class=\"sow-accordion-title sow-accordion-title-icon-left\">\n\t\t\t\t\t\t\t\t\t\t\t\t\t\tPesquisa\t\t\t\t\t\t\t\t\t\t\t\t\t<\/div>\n\t\t\t\t\t\t<div class=\"sow-accordion-open-close-button\">\n\t\t\t\t\t\t\t<div class=\"sow-accordion-open-button\">\n\t\t\t\t\t\t\t\t<span class=\"sow-icon-ionicons\" data-sow-icon=\"&#xf218;\"\n\t\t \n\t\taria-hidden=\"true\"><\/span>\t\t\t\t\t\t\t<\/div>\n\t\t\t\t\t\t\t<div class=\"sow-accordion-close-button\">\n\t\t\t\t\t\t\t\t<span class=\"sow-icon-ionicons\" data-sow-icon=\"&#xf209;\"\n\t\t \n\t\taria-hidden=\"true\"><\/span>\t\t\t\t\t\t\t<\/div>\n\t\t\t\t\t\t<\/div>\n\t\t\t\t\t<\/div>\n\t\t\t\t<\/div>\n\n\t\t\t<div\n\t\t\t\tclass=\"sow-accordion-panel-content\"\n\t\t\t\trole=\"region\"\n\t\t\t\taria-labelledby=\"accordion-label-pesquisa\"\n\t\t\t\tid=\"accordion-content-pesquisa\"\n\t\t\t\tstyle=\"display: none;\"\t\t\t>\n\t\t\t\t<div class=\"sow-accordion-panel-border\" tabindex=\"0\">\n\t\t\t\t\t<p><span style=\"color: #800000\"><strong>Melhoramento animal<\/strong><\/span><\/p>\n<p><a href=\"http:\/\/www2.uepg.br\/bacharelado-zootecnia\/wp-content\/uploads\/sites\/98\/2021\/05\/leMA.pdf\"><span style=\"color: #000080\"><strong>Sele\u00e7\u00e3o gen\u00f4mica e associa\u00e7\u00e3o gen\u00f4mica ampla aplicada a caracter\u00edsticas de interesse econ\u00f4mico de esp\u00e9cies de produ\u00e7\u00e3o animal<\/strong><\/span><\/a><\/p>\n<p><span style=\"color: #800000\"><strong>Suinocultura<\/strong><\/span><\/p>\n<p><span style=\"color: #003366\"><strong><a style=\"color: #003366\" href=\"http:\/\/www2.uepg.br\/bacharelado-zootecnia\/wp-content\/uploads\/sites\/98\/2021\/05\/Aditivos-NNR.pdf\">Alternativas aos antibi\u00f3ticos promotores de crescimento em aves e su\u00ednos<\/a><\/strong><\/span><\/p>\n<p><a href=\"http:\/\/www2.uepg.br\/bacharelado-zootecnia\/wp-content\/uploads\/sites\/98\/2021\/05\/Sustentabilidade-4.0.pdf\"><span style=\"color: #000080\"><strong>Sustentabilidade na Suinocultura 4.0: modelagem emp\u00edrica de fatores moduladores da efici\u00eancia em granjas de su\u00ednos e processamento de ra\u00e7\u00f5es<\/strong><\/span><\/a><\/p>\n<p style=\"font-weight: 400\"><strong><span style=\"color: #800000\">Reprodu\u00e7\u00e3o e Produ\u00e7\u00e3o Animal<\/span><\/strong><\/p>\n<p><a href=\"http:\/\/www2.uepg.br\/bacharelado-zootecnia\/wp-content\/uploads\/sites\/98\/2021\/05\/VITA.pdf\"><strong><span style=\"color: #000080\">VITA: Estudos em reprodu\u00e7\u00e3o animal<\/span><\/strong><\/a><\/p>\n<p><strong><span style=\"color: #800000\">Bovinocultura de leite<\/span><\/strong><\/p>\n<p><a href=\"http:\/\/www2.uepg.br\/bacharelado-zootecnia\/wp-content\/uploads\/sites\/98\/2021\/05\/celSomatica.pdf\"><span style=\"color: #000080\"><strong>Impacto da contagem de c\u00e9lulas som\u00e1ticas e da produ\u00e7\u00e3o de leite sobre a reprodu\u00e7\u00e3o de vacas leiteiras na regi\u00e3o dos Campos gerais d<\/strong><\/span><span style=\"color: #000080\"><strong>o Paran\u00e1<\/strong><\/span><\/a><\/p>\n<p><a href=\"http:\/\/www2.uepg.br\/bacharelado-zootecnia\/wp-content\/uploads\/sites\/98\/2021\/05\/fatores_estabilidade.pdf\"><span style=\"color: #000080\"><strong>An\u00e1lise dos fatores relacionados com <\/strong><\/span><span style=\"color: #000080\"><strong>a estabilidade do leite<\/strong><\/span><\/a><\/p>\n<p><a href=\"http:\/\/www2.uepg.br\/bacharelado-zootecnia\/wp-content\/uploads\/sites\/98\/2021\/05\/parametros-estabilidade.pdf\"><span style=\"color: #000080\"><strong>Caracteriza\u00e7\u00e3o de par\u00e2metros relacionados com a estabilidade do leite na regi\u00e3o dos Campos Gerais do Paran\u00e1<\/strong><\/span><\/a><\/p>\n<p><span style=\"color: #800000\"><strong>Parasitologia\u00a0<\/strong><\/span><\/p>\n<p><a href=\"http:\/\/www2.uepg.br\/bacharelado-zootecnia\/wp-content\/uploads\/sites\/98\/2021\/05\/LaPAr_2.pdf\"><span style=\"color: #000080\"><strong>Controle biol\u00f3gico de nemat\u00f3deos gastrintestinais atrav\u00e9s do produto comercial Bioverm<sup>\u00ae<\/sup> em ovinos<\/strong><\/span><\/a><\/p>\n<p><span style=\"color: #800000\"><strong>Nutri\u00e7\u00e3o de peixes<\/strong><\/span><\/p>\n<p><span style=\"color: #000080\"><strong><a style=\"color: #000080\" href=\"http:\/\/www2.uepg.br\/bacharelado-zootecnia\/wp-content\/uploads\/sites\/98\/2021\/05\/Fish.pdf\">Enzimas ex\u00f3genas em dieta extrusada para til\u00e1pias<\/a><\/strong><\/span><\/p>\n<p><span style=\"color: #003366\"><strong><a style=\"color: #003366\" href=\"http:\/\/www2.uepg.br\/bacharelado-zootecnia\/wp-content\/uploads\/sites\/98\/2021\/05\/min_quetado.pdf\">Minerais quelatados na piscicultura\u00a0<\/a><\/strong><\/span><\/p>\n\t\t\t\t<\/div>\n\t\t\t<\/div>\n\t\t<\/div>\n\t\t\t<div class=\"sow-accordion-panel\"\n\t\t\t data-anchor=\"produ%c3%a7%c3%b5es\">\n\t\t\t\t<div class=\"sow-accordion-panel-header-container\" role=\"heading\" aria-level=\"2\">\n\t\t\t\t\t<div class=\"sow-accordion-panel-header\" tabindex=\"0\" role=\"button\" id=\"accordion-label-produ%c3%a7%c3%b5es\" aria-controls=\"accordion-content-produ%c3%a7%c3%b5es\" aria-expanded=\"false\">\n\t\t\t\t\t\t<div class=\"sow-accordion-title sow-accordion-title-icon-left\">\n\t\t\t\t\t\t\t\t\t\t\t\t\t\tProdu\u00e7\u00f5es\t\t\t\t\t\t\t\t\t\t\t\t\t<\/div>\n\t\t\t\t\t\t<div class=\"sow-accordion-open-close-button\">\n\t\t\t\t\t\t\t<div class=\"sow-accordion-open-button\">\n\t\t\t\t\t\t\t\t<span class=\"sow-icon-ionicons\" data-sow-icon=\"&#xf218;\"\n\t\t \n\t\taria-hidden=\"true\"><\/span>\t\t\t\t\t\t\t<\/div>\n\t\t\t\t\t\t\t<div class=\"sow-accordion-close-button\">\n\t\t\t\t\t\t\t\t<span class=\"sow-icon-ionicons\" data-sow-icon=\"&#xf209;\"\n\t\t \n\t\taria-hidden=\"true\"><\/span>\t\t\t\t\t\t\t<\/div>\n\t\t\t\t\t\t<\/div>\n\t\t\t\t\t<\/div>\n\t\t\t\t<\/div>\n\n\t\t\t<div\n\t\t\t\tclass=\"sow-accordion-panel-content\"\n\t\t\t\trole=\"region\"\n\t\t\t\taria-labelledby=\"accordion-label-produ%c3%a7%c3%b5es\"\n\t\t\t\tid=\"accordion-content-produ%c3%a7%c3%b5es\"\n\t\t\t\tstyle=\"display: none;\"\t\t\t>\n\t\t\t\t<div class=\"sow-accordion-panel-border\" tabindex=\"0\">\n\t\t\t\t\t<p style=\"text-align: left\"><strong>Os professores do Curso de Bacharelado de Zootecnia apresentam a seguir algumas publica\u00e7\u00f5es em suas respectivas \u00e1reas de atua\u00e7\u00e3o e que envolvem a participa\u00e7\u00e3o dos acad\u00eamicos do nosso curso.\u00a0<\/strong><\/p>\n<p style=\"text-align: center\"><em><strong><span style=\"color: #000080\">Bovinocultura de Leite<\/span><\/strong><\/em><\/p>\n<p><strong><a href=\"http:\/\/www2.uepg.br\/bacharelado-zootecnia\/wp-content\/uploads\/sites\/98\/2021\/04\/LIVRO_DESAFIOS-E-AVANCOS-DA-CADEIA-PRODUTIVA-DO-LEITE_2019.pdf\">Livro Desafio e Avan\u00e7os da Cadeia Produtiva do Leite, Editora UEPG<\/a><\/strong><\/p>\n<p><strong><a href=\"http:\/\/www2.uepg.br\/bacharelado-zootecnia\/wp-content\/uploads\/sites\/98\/2021\/04\/Anais_Resumos-VIII-SUL-LEITE.pdf\">Anais do VIII Sul Leite: Desafios e avan\u00e7os da cadeia produtiva do leite<\/a><\/strong><\/p>\n<p><strong><a href=\"https:\/\/ead.uepg.br\/site\/moocs\/220\">Curso b\u00e1sico sobre ordenha mec\u00e2nica e qualidade do leite<\/a><\/strong><\/p>\n<p style=\"text-align: center\"><em><span style=\"color: #000080\"><strong>Nutri\u00e7\u00e3o animal e Conserva\u00e7\u00e3o de forragens<\/strong><\/span><\/em><\/p>\n<p><strong><a href=\"https:\/\/canaldoleite.com\/colunas\/joao-ricardo-alves-pereira\">https:\/\/canaldoleite.com\/colunas\/joao-ricardo-alves-pereira<\/a><\/strong><\/p>\n<p><strong>Projeto <a href=\"https:\/\/www.nogueira.com.br\/uninog.php\">UNINOG<\/a> e <a href=\"https:\/\/www.nogueira.com.br\/noginforme.php\">NOG informe<\/a><\/strong><\/p>\n<p style=\"text-align: center\"><em><span style=\"color: #000080\"><strong>Melhoramento animal de bovinos leiteiros<\/strong><\/span><\/em><\/p>\n<p class=\"ixu-heading sel-doc-info-title ixu-heading--small\"><strong>Sum\u00e1rio gen\u00f4mico em parceira entre UEPG\/LeMA e Jersey Brasil\u00a0 <a href=\"https:\/\/issuu.com\/vbpedrosa\/docs\/sum_rio_top_gen_mico_da_ra_a_jersey_-_oficial_2020\">SUM\u00c1RIO GEN\u00d4MICO JERSEY BRASIL 2020<\/a><\/strong><\/p>\n<div class=\"container\">\n<div class=\"text-center g-mb-50\">\n<p style=\"text-align: center\"><em><strong><span style=\"color: #000080\">Suinocultura e nutri\u00e7\u00e3o de n\u00e3o ruminantes<\/span><\/strong><\/em><\/p>\n<p style=\"text-align: left\"><a href=\"https:\/\/downloads.editoracientifica.org\/articles\/210203305.pdf\">\u00a0<strong>Nutri\u00e7\u00e3o e metabolismo do cobre em frangos de corte e su\u00ednos<\/strong><\/a><\/p>\n<\/div>\n<\/div>\n<p style=\"text-align: left\"><strong><a href=\"https:\/\/downloads.editoracientifica.org\/articles\/200901502.pdf\">\u00d3leo essenciais e funcionais para leit\u00f5es lactantes e em creche: sa\u00fade intestinal e desempenho\u00a0<\/a><\/strong><\/p>\n<p style=\"text-align: center\"><em><span style=\"color: #000080\"><strong>Piscicultura e Nutri\u00e7\u00e3o de peixes<\/strong><\/span><\/em><\/p>\n<p><strong><a href=\"http:\/\/www2.uepg.br\/bacharelado-zootecnia\/wp-content\/uploads\/sites\/98\/2021\/04\/Tabelas_Brasileiras_Tilapias.pdf\">Tabelas Brasileira para a nutri\u00e7\u00e3o de til\u00e1pias<\/a><\/strong><\/p>\n<p><a href=\"https:\/\/www.aquaculturealliance.org\/advocate\/effect-of-exogenous-enzymes-in-plant-based-diets-on-growth-of-nile-tilapia-fingerlings\/\" rel=\"attachment wp-att-539\"><img class=\" wp-image-539 alignleft\" src=\"http:\/\/www2.uepg.br\/bacharelado-zootecnia\/wp-content\/uploads\/sites\/98\/2021\/04\/WhatsApp-Image-2021-04-26-at-10.45.11-300x250.jpeg\" alt=\"\" width=\"318\" height=\"265\" \/><\/a><\/p>\n\t\t\t\t<\/div>\n\t\t\t<\/div>\n\t\t<\/div>\n\t\t\t<div class=\"sow-accordion-panel\"\n\t\t\t data-anchor=\"eventos\">\n\t\t\t\t<div class=\"sow-accordion-panel-header-container\" role=\"heading\" aria-level=\"2\">\n\t\t\t\t\t<div class=\"sow-accordion-panel-header\" tabindex=\"0\" role=\"button\" id=\"accordion-label-eventos\" aria-controls=\"accordion-content-eventos\" aria-expanded=\"false\">\n\t\t\t\t\t\t<div class=\"sow-accordion-title sow-accordion-title-icon-left\">\n\t\t\t\t\t\t\t\t\t\t\t\t\t\tEventos\t\t\t\t\t\t\t\t\t\t\t\t\t<\/div>\n\t\t\t\t\t\t<div class=\"sow-accordion-open-close-button\">\n\t\t\t\t\t\t\t<div class=\"sow-accordion-open-button\">\n\t\t\t\t\t\t\t\t<span class=\"sow-icon-ionicons\" data-sow-icon=\"&#xf218;\"\n\t\t \n\t\taria-hidden=\"true\"><\/span>\t\t\t\t\t\t\t<\/div>\n\t\t\t\t\t\t\t<div class=\"sow-accordion-close-button\">\n\t\t\t\t\t\t\t\t<span class=\"sow-icon-ionicons\" data-sow-icon=\"&#xf209;\"\n\t\t \n\t\taria-hidden=\"true\"><\/span>\t\t\t\t\t\t\t<\/div>\n\t\t\t\t\t\t<\/div>\n\t\t\t\t\t<\/div>\n\t\t\t\t<\/div>\n\n\t\t\t<div\n\t\t\t\tclass=\"sow-accordion-panel-content\"\n\t\t\t\trole=\"region\"\n\t\t\t\taria-labelledby=\"accordion-label-eventos\"\n\t\t\t\tid=\"accordion-content-eventos\"\n\t\t\t\tstyle=\"display: none;\"\t\t\t>\n\t\t\t\t<div class=\"sow-accordion-panel-border\" tabindex=\"0\">\n\t\t\t\t\t<p><strong><a href=\"https:\/\/eventos.congresse.me\/zootec\">ZOOtec online, 10 a 14 de maio de 2021<\/a><\/strong><\/p>\n<p><strong><a href=\"https:\/\/www.sinsui.com.br\/\">XIII SINSUI \u2013 Simp\u00f3sio Internacional de Suinocultura,\u00a0\u00a06, 7 e 8 de julho de 2021.<\/a><\/strong><\/p>\n<p><strong><a href=\"https:\/\/poultryscience.org\/PSA-Annual-Meeting\">PSA - Poultry Science Association - Annual Meeting Online - July 19-22, 2021<\/a><\/strong><\/p>\n<p><strong><a href=\"http:\/\/sbz.org.br\/reuniao2020\/\">56\u00aa Reuni\u00e3o da Sociedade Brasileira de Zootecnia (SBZ)\u00a0 16 a 20 de Agosto de 2021<\/a><\/strong><\/p>\n<p><strong><a href=\"http:\/\/www.cbna.com.br\/Eventos\/Detalhes\/xx-congresso-cbna-pet\">XX Congresso CBNA Pet 21 a 24 de setembro de 2021<\/a><\/strong><\/p>\n<p><strong><a href=\"http:\/\/www.cbna.com.br\/Eventos\/Detalhes\/33-reuniao-cbna---aves-suinos-e-bovinos\">33\u00aa Reuni\u00e3o CBNA - Aves, Su\u00ednos E Bovinos, 21-23 de setembro de 2021<\/a><\/strong><\/p>\n<p><strong><a href=\"http:\/\/www.cbna.com.br\/Eventos\/Detalhes\/iv-workshop-sobre-nutricao-em-aquacultura\">\u00a0IV Workshop sobre Nutri\u00e7\u00e3o em Aquacultura, 21 de Setembro de 2021<\/a><\/strong><\/p>\n<p><strong><a href=\"http:\/\/sbmaonline.org.br\/eventos\/visualiza.php?id_evento=31\">XIV SBMA - 18 a 19 de Outubro de 2021<\/a><\/strong><\/p>\n<p><strong><a href=\"https:\/\/www.isva-virtual2021.com\/\">ISVA International Sheep Veterinary Association, 23-25 de novembro de 2021<\/a><\/strong><\/p>\n<p><a href=\"https:\/\/porkexpo.com.br\/\"><strong>PORKEXPO &amp;\u00a0IX Congresso Internacional de Suinocultura, 26-27 Outubro 2022<\/strong><\/a><\/p>\n\t\t\t\t<\/div>\n\t\t\t<\/div>\n\t\t<\/div>\n\t\t\t<div class=\"sow-accordion-panel\"\n\t\t\t data-anchor=\"projetos\">\n\t\t\t\t<div class=\"sow-accordion-panel-header-container\" role=\"heading\" aria-level=\"2\">\n\t\t\t\t\t<div class=\"sow-accordion-panel-header\" tabindex=\"0\" role=\"button\" id=\"accordion-label-projetos\" aria-controls=\"accordion-content-projetos\" aria-expanded=\"false\">\n\t\t\t\t\t\t<div class=\"sow-accordion-title sow-accordion-title-icon-left\">\n\t\t\t\t\t\t\t\t\t\t\t\t\t\tProjetos\t\t\t\t\t\t\t\t\t\t\t\t\t<\/div>\n\t\t\t\t\t\t<div class=\"sow-accordion-open-close-button\">\n\t\t\t\t\t\t\t<div class=\"sow-accordion-open-button\">\n\t\t\t\t\t\t\t\t<span class=\"sow-icon-ionicons\" data-sow-icon=\"&#xf218;\"\n\t\t \n\t\taria-hidden=\"true\"><\/span>\t\t\t\t\t\t\t<\/div>\n\t\t\t\t\t\t\t<div class=\"sow-accordion-close-button\">\n\t\t\t\t\t\t\t\t<span class=\"sow-icon-ionicons\" data-sow-icon=\"&#xf209;\"\n\t\t \n\t\taria-hidden=\"true\"><\/span>\t\t\t\t\t\t\t<\/div>\n\t\t\t\t\t\t<\/div>\n\t\t\t\t\t<\/div>\n\t\t\t\t<\/div>\n\n\t\t\t<div\n\t\t\t\tclass=\"sow-accordion-panel-content\"\n\t\t\t\trole=\"region\"\n\t\t\t\taria-labelledby=\"accordion-label-projetos\"\n\t\t\t\tid=\"accordion-content-projetos\"\n\t\t\t\tstyle=\"display: none;\"\t\t\t>\n\t\t\t\t<div class=\"sow-accordion-panel-border\" tabindex=\"0\">\n\t\t\t\t\t<p>Estes s\u00e3o alguns projetos de extens\u00e3o realizados com o apoio dos acad\u00eamicos do Curso de Zootecnia:<\/p>\n<div>\n<div><span style=\"color: #339966\"><strong>\u00a0Implanta\u00e7\u00e3o de Programas visando melhorias na produtividade, qualidade e processamento do\u00a0leite em propriedades familiares no munic\u00edpio de Reserva, PR\u00a0<\/strong><\/span><\/div>\n<\/div>\n<div dir=\"ltr\"><span style=\"color: #333333\">Trata-se de um projeto em parceria com\u00a0 o Instituto de Desenvolvimento Rural do Paran\u00e1 no sentido de atender produtores familiares de leite, orientando-os em pr\u00e1ticas de manejo de ordenha, nutri\u00e7\u00e3o, planejamento forrageiro, manejo de bezerras e novilhas e qualidade do leite.\u00a0 O projeto tem a participa\u00e7\u00e3o de acad\u00eamicos de gradua\u00e7\u00e3o em Zootecnia da UEPG e do Programa de P\u00f3s-gradua\u00e7\u00e3o em zootecnia.<\/span><\/div>\n<div dir=\"ltr\">\n<p><span style=\"color: #339966\"><strong>Sistemas de produ\u00e7\u00e3o de su\u00ednos e o perfil do consumidor nos Campos Gerais<\/strong><\/span><\/p>\n<p><span style=\"color: #333333\">A produ\u00e7\u00e3o de su\u00ednos nos Campos Gerais \u00e9 caracterizada pela diversidade\u00a0no sistema produtivo. Existem sistemas altamente tecnificados com produ\u00e7\u00e3o verticalizada e de altos \u00edndices produtivos assim como produtores que criam o su\u00edno para subsist\u00eancia em pequenas propriedades. Da mesma forma, a quantidade de carne consumida na regi\u00e3o \u00e9 muito vari\u00e1vel e pode estar associada a quest\u00f5es ligadas ao sistema de produ\u00e7\u00e3o, coloniza\u00e7\u00e3o europeia, religi\u00e3o, condi\u00e7\u00f5es econ\u00f4micas, n\u00edvel de escolaridade e informa\u00e7\u00e3o dos consumidores. Objetivos: Apresentar o sistema de produ\u00e7\u00e3o nas propriedades aos acad\u00eamicos e propor estrat\u00e9gias para melhorar a produ\u00e7\u00e3o e\u00a0o consumo de carne su\u00edna na regi\u00e3o; identificar, atrav\u00e9s do question\u00e1rio aplicado as principais caracter\u00edsticas do comprador de carne su\u00edna no balc\u00e3o do a\u00e7ougue e supermercado; permitir um elo entre ind\u00fastrias de processamento e industrializa\u00e7\u00e3o da carne su\u00edna e os consumidores regionais. Permitir ao aluno um conv\u00edvio mais pr\u00f3ximo do sistema produtivo, de processamento e varejista de carne su\u00edna. Educa\u00e7\u00e3o continuada nas escolas municipais e particulares de n\u00edvel fundamental e m\u00e9dio. Ampliar os conhecimentos t\u00e9cnicos em suinocultura dentro das diversidades no sistema de produ\u00e7\u00e3o<\/span><\/p>\n<\/div>\n\t\t\t\t<\/div>\n\t\t\t<\/div>\n\t\t<\/div>\n\t\t\t<div class=\"sow-accordion-panel\"\n\t\t\t data-anchor=\"publica%c3%a7%c3%b5es-na-%c3%a1rea\">\n\t\t\t\t<div class=\"sow-accordion-panel-header-container\" role=\"heading\" aria-level=\"2\">\n\t\t\t\t\t<div class=\"sow-accordion-panel-header\" tabindex=\"0\" role=\"button\" id=\"accordion-label-publica%c3%a7%c3%b5es-na-%c3%a1rea\" aria-controls=\"accordion-content-publica%c3%a7%c3%b5es-na-%c3%a1rea\" aria-expanded=\"false\">\n\t\t\t\t\t\t<div class=\"sow-accordion-title sow-accordion-title-icon-left\">\n\t\t\t\t\t\t\t\t\t\t\t\t\t\tPublica\u00e7\u00f5es na \u00e1rea\t\t\t\t\t\t\t\t\t\t\t\t\t<\/div>\n\t\t\t\t\t\t<div class=\"sow-accordion-open-close-button\">\n\t\t\t\t\t\t\t<div class=\"sow-accordion-open-button\">\n\t\t\t\t\t\t\t\t<span class=\"sow-icon-ionicons\" data-sow-icon=\"&#xf218;\"\n\t\t \n\t\taria-hidden=\"true\"><\/span>\t\t\t\t\t\t\t<\/div>\n\t\t\t\t\t\t\t<div class=\"sow-accordion-close-button\">\n\t\t\t\t\t\t\t\t<span class=\"sow-icon-ionicons\" data-sow-icon=\"&#xf209;\"\n\t\t \n\t\taria-hidden=\"true\"><\/span>\t\t\t\t\t\t\t<\/div>\n\t\t\t\t\t\t<\/div>\n\t\t\t\t\t<\/div>\n\t\t\t\t<\/div>\n\n\t\t\t<div\n\t\t\t\tclass=\"sow-accordion-panel-content\"\n\t\t\t\trole=\"region\"\n\t\t\t\taria-labelledby=\"accordion-label-publica%c3%a7%c3%b5es-na-%c3%a1rea\"\n\t\t\t\tid=\"accordion-content-publica%c3%a7%c3%b5es-na-%c3%a1rea\"\n\t\t\t\tstyle=\"display: none;\"\t\t\t>\n\t\t\t\t<div class=\"sow-accordion-panel-border\" tabindex=\"0\">\n\t\t\t\t\t<h4><span style=\"color: #800080\"><strong>Conte\u00fado cient\u00edfico<\/strong><\/span><\/h4>\n<p><a href=\"https:\/\/www-periodicos-capes-gov-br.ezl.periodicos.capes.gov.br\/index.php?option=com_plogin&amp;ym=3&amp;pds_handle=&amp;calling_system=primo&amp;institute=CAPES&amp;targetUrl=http:\/\/www-periodicos-capes-gov-br.ez1.periodicos.capes.gov.br&amp;Itemid=155&amp;pagina=CAFe&amp;\">Peri\u00f3dicos Capes CAFe<\/a><\/p>\n<p><a href=\"https:\/\/www.scielo.br\/scielo.php?lng=pt\">Scielo\u00a0<\/a><\/p>\n<p><a href=\"https:\/\/www.scielo.br\/scielo.php?script=sci_serial&amp;pid=0102-0935&amp;lng=pt&amp;nrm=iso\">Arquivo Brasileiro de Medicina Veterin\u00e1ria e Zootecnia<\/a><\/p>\n<p><a href=\"https:\/\/www.scielo.br\/scielo.php?script=sci_serial&amp;pid=1516-635X&amp;lng=en&amp;nrm=iso\">Revista Brasileira de de Ci\u00eancia Av\u00edcola<\/a><\/p>\n<p><a href=\"https:\/\/www.rbz.org.br\/pt-br\/\">Revista Brasileira de Zootecnia<\/a><\/p>\n<p><a href=\"http:\/\/rbpv.org.br\/home\">Revista Brasileira de Parasitologia<\/a><\/p>\n<p><a href=\"https:\/\/periodicos.ufba.br\/index.php\/rbspa\">Revista Brasileira de Sa\u00fade e Produ\u00e7\u00e3o Animal<\/a><\/p>\n<p><a href=\"https:\/\/proceedings.science\/zootec\/inicio\">Anais do Zootec<\/a><\/p>\n<p><a href=\"https:\/\/www.journals.elsevier.com\/animal-feed-science-and-technology\">Animal Feed Science and Technology<\/a><\/p>\n<p><a href=\"https:\/\/academic.oup.com\/jas\">Journal of Animal Science<\/a><\/p>\n<p><a href=\"https:\/\/www.journals.elsevier.com\/veterinary-parasitology\">Veterinary Parasitology<\/a><\/p>\n<p><a href=\"https:\/\/www.sciencedirect.com\/journal\/applied-animal-behaviour-science\/issues\">Applied Animal Behaviour Science<\/a><\/p>\n<p><a href=\"http:\/\/www.journals.ufrpe.br\/index.php\/medicinaveterinaria\">Brazilian Journal of Veterinary Research and Animal Science<\/a><\/p>\n<p><a href=\"https:\/\/www.sciencedirect.com\/journal\/poultry-science\">Poultry Science<\/a><\/p>\n<h4><span style=\"color: #800080\"><strong>Conte\u00fado t\u00e9cnico<\/strong><\/span><\/h4>\n<p><a href=\"https:\/\/www.aviculturaindustrial.com.br\/\">Avicultura industrial\u00a0<\/a><\/p>\n<p><a href=\"https:\/\/www.beefpoint.com.br\/\">Beefpoint<\/a><\/p>\n<p><a href=\"https:\/\/www.suinoculturaindustrial.com.br\/\">Suinocultura Industrial<\/a><\/p>\n<p><a href=\"https:\/\/feedfood.com.br\/\">Feed&amp;Food<\/a><\/p>\n<p><a href=\"https:\/\/www.caprilvirtual.com.br\/\">Capril Virtual - Especializado em Ovinos e Caprinos<\/a><\/p>\n<p><a href=\"http:\/\/www.revistaberro.com.br\/\">O Berro - Caprinos e Ovinos<\/a><\/p>\n\t\t\t\t<\/div>\n\t\t\t<\/div>\n\t\t<\/div>\n\t\t\t<div class=\"sow-accordion-panel\"\n\t\t\t data-anchor=\"orienta%c3%a7%c3%b5es\">\n\t\t\t\t<div class=\"sow-accordion-panel-header-container\" role=\"heading\" aria-level=\"2\">\n\t\t\t\t\t<div class=\"sow-accordion-panel-header\" tabindex=\"0\" role=\"button\" id=\"accordion-label-orienta%c3%a7%c3%b5es\" aria-controls=\"accordion-content-orienta%c3%a7%c3%b5es\" aria-expanded=\"false\">\n\t\t\t\t\t\t<div class=\"sow-accordion-title sow-accordion-title-icon-left\">\n\t\t\t\t\t\t\t\t\t\t\t\t\t\tOrienta\u00e7\u00f5es\t\t\t\t\t\t\t\t\t\t\t\t\t<\/div>\n\t\t\t\t\t\t<div class=\"sow-accordion-open-close-button\">\n\t\t\t\t\t\t\t<div class=\"sow-accordion-open-button\">\n\t\t\t\t\t\t\t\t<span class=\"sow-icon-ionicons\" data-sow-icon=\"&#xf218;\"\n\t\t \n\t\taria-hidden=\"true\"><\/span>\t\t\t\t\t\t\t<\/div>\n\t\t\t\t\t\t\t<div class=\"sow-accordion-close-button\">\n\t\t\t\t\t\t\t\t<span class=\"sow-icon-ionicons\" data-sow-icon=\"&#xf209;\"\n\t\t \n\t\taria-hidden=\"true\"><\/span>\t\t\t\t\t\t\t<\/div>\n\t\t\t\t\t\t<\/div>\n\t\t\t\t\t<\/div>\n\t\t\t\t<\/div>\n\n\t\t\t<div\n\t\t\t\tclass=\"sow-accordion-panel-content\"\n\t\t\t\trole=\"region\"\n\t\t\t\taria-labelledby=\"accordion-label-orienta%c3%a7%c3%b5es\"\n\t\t\t\tid=\"accordion-content-orienta%c3%a7%c3%b5es\"\n\t\t\t\tstyle=\"display: none;\"\t\t\t>\n\t\t\t\t<div class=\"sow-accordion-panel-border\" tabindex=\"0\">\n\t\t\t\t\t<p>informe as principais orienta\u00e7\u00f5es aos interessados.<\/p>\n\t\t\t\t<\/div>\n\t\t\t<\/div>\n\t\t<\/div>\n\t\t<\/div>\n<\/div>\n<\/div><\/div><\/div><\/div><\/div>","protected":false},"excerpt":{"rendered":"<p>Pesquisa Melhoramento animal Sele\u00e7\u00e3o gen\u00f4mica e associa\u00e7\u00e3o gen\u00f4mica ampla aplicada a caracter\u00edsticas de interesse econ\u00f4mico de esp\u00e9cies de produ\u00e7\u00e3o animal Suinocultura Alternativas aos antibi\u00f3ticos promotores de crescimento em aves e su\u00ednos Sustentabilidade na Suinocultura 4.0: modelagem emp\u00edrica de fatores moduladores da efici\u00eancia em granjas de su\u00ednos e processamento de ra\u00e7\u00f5es Reprodu\u00e7\u00e3o e Produ\u00e7\u00e3o Animal VITA:&nbsp;&hellip;<\/p>\n","protected":false},"author":24,"featured_media":0,"parent":0,"menu_order":0,"comment_status":"closed","ping_status":"closed","template":"","meta":[],"_links":{"self":[{"href":"https:\/\/www2.uepg.br\/zootecnia\/wp-json\/wp\/v2\/pages\/307"}],"collection":[{"href":"https:\/\/www2.uepg.br\/zootecnia\/wp-json\/wp\/v2\/pages"}],"about":[{"href":"https:\/\/www2.uepg.br\/zootecnia\/wp-json\/wp\/v2\/types\/page"}],"author":[{"embeddable":true,"href":"https:\/\/www2.uepg.br\/zootecnia\/wp-json\/wp\/v2\/users\/24"}],"replies":[{"embeddable":true,"href":"https:\/\/www2.uepg.br\/zootecnia\/wp-json\/wp\/v2\/comments?post=307"}],"version-history":[{"count":26,"href":"https:\/\/www2.uepg.br\/zootecnia\/wp-json\/wp\/v2\/pages\/307\/revisions"}],"predecessor-version":[{"id":646,"href":"https:\/\/www2.uepg.br\/zootecnia\/wp-json\/wp\/v2\/pages\/307\/revisions\/646"}],"wp:attachment":[{"href":"https:\/\/www2.uepg.br\/zootecnia\/wp-json\/wp\/v2\/media?parent=307"}],"curies":[{"name":"wp","href":"https:\/\/api.w.org\/{rel}","templated":true}]}}